{"id":5720,"date":"2026-08-02T16:28:45","date_gmt":"2026-08-02T16:28:45","guid":{"rendered":"https:\/\/xn--porlascallesdecrdoba-p8b.com\/?page_id=5720"},"modified":"2026-08-20T20:13:37","modified_gmt":"2026-08-20T20:13:37","slug":"plaza-santa-catalina","status":"publish","type":"page","link":"https:\/\/xn--porlascallesdecrdoba-p8b.com\/?page_id=5720","title":{"rendered":"Plaza Santa Catalina"},"content":{"rendered":"<div class=\"wp-block-image\">\n<figure class=\"alignright size-full is-resized\"><img loading=\"lazy\" decoding=\"async\" width=\"635\" height=\"423\" src=\"https:\/\/xn--porlascallesdecrdoba-p8b.com\/wp-content\/uploads\/2026\/08\/image-2.png\" alt=\"\" class=\"wp-image-5748\" style=\"aspect-ratio:1.5012374866092868;width:469px;height:auto\" srcset=\"https:\/\/xn--porlascallesdecrdoba-p8b.com\/wp-content\/uploads\/2026\/08\/image-2.png 635w, https:\/\/xn--porlascallesdecrdoba-p8b.com\/wp-content\/uploads\/2026\/08\/image-2-300x200.png 300w, https:\/\/xn--porlascallesdecrdoba-p8b.com\/wp-content\/uploads\/2026\/08\/image-2-400x267.png 400w\" sizes=\"auto, (max-width: 635px) 100vw, 635px\" \/><\/figure>\n<\/div>\n\n\n<p class=\"wp-block-paragraph\" style=\"font-size:20px\">Llegamos a la <strong>plaza de Santa Catalina<\/strong>, que toma el nombre de la puerta, con el mismo nombre, de la Mezquita-Catedral. Con este nombre aparece ya en el plano de 1811. En el edificio n\u00famero uno se abre el \u201chotel Mezquita\u201d, instalado en parte de la que, en el siglo XIX, fuera casa de los marqueses de Escalonia. El inmueble, cuya antig\u00fcedad es del siglo XVI, pudo pertenecer al cabildo eclesi\u00e1stico, ocupaba una superficie m\u00e1s amplia de la manzana que en la actualidad. Un amplio zagu\u00e1n da acceso al primero de los dos patios, es un patio porticado, dos de sus columnas proceden del desmantelamiento de columnas de la Mezquita al construirse el crucero de la catedral, en el segundo patio se encuentran capiteles de Madinat al-Zahara. El hotel posee una curiosa habitaci\u00f3n, pues se instala en el espacio que era la capilla, estando la cama bajo la b\u00f3veda.<\/p>\n\n\n<div class=\"wp-block-image\">\n<figure class=\"alignleft size-large is-resized\"><img loading=\"lazy\" decoding=\"async\" width=\"1024\" height=\"683\" src=\"https:\/\/xn--porlascallesdecrdoba-p8b.com\/wp-content\/uploads\/2026\/08\/181126-cn-196-1024x683.jpg\" alt=\"\" class=\"wp-image-5752\" style=\"aspect-ratio:1.4993127353134525;width:413px;height:auto\" srcset=\"https:\/\/xn--porlascallesdecrdoba-p8b.com\/wp-content\/uploads\/2026\/08\/181126-cn-196-1024x683.jpg 1024w, https:\/\/xn--porlascallesdecrdoba-p8b.com\/wp-content\/uploads\/2026\/08\/181126-cn-196-300x200.jpg 300w, https:\/\/xn--porlascallesdecrdoba-p8b.com\/wp-content\/uploads\/2026\/08\/181126-cn-196-768x512.jpg 768w, https:\/\/xn--porlascallesdecrdoba-p8b.com\/wp-content\/uploads\/2026\/08\/181126-cn-196-1536x1024.jpg 1536w, https:\/\/xn--porlascallesdecrdoba-p8b.com\/wp-content\/uploads\/2026\/08\/181126-cn-196-2048x1365.jpg 2048w, https:\/\/xn--porlascallesdecrdoba-p8b.com\/wp-content\/uploads\/2026\/08\/181126-cn-196-400x267.jpg 400w\" sizes=\"auto, (max-width: 1024px) 100vw, 1024px\" \/><\/figure>\n<\/div>\n\n\n<p class=\"wp-block-paragraph\" style=\"font-size:20px\">La plaza en el siglo XIV recibi\u00f3 el nombre de \u00abSanta Mar\u00eda\u00bb, ya que a ella est\u00e1 dedicada la Catedral; en esta \u00e9poca era una zona muy comercial al encontrarse entre la catedral y la Alcaicer\u00eda y las distintas calles gremiales que hemos tratado anteriormente. La calle que corre a lo largo de esta fachada de la mezquita-catedral, que corresponde en su totalidad a la ampliaci\u00f3n de Almanzor, es<strong> \u00abMagistral Gonz\u00e1lez Franc\u00e9s<\/strong>\u00ab.<\/p>\n\n\n<div class=\"wp-block-image\">\n<figure class=\"aligncenter size-full\"><img loading=\"lazy\" decoding=\"async\" width=\"550\" height=\"495\" src=\"https:\/\/xn--porlascallesdecrdoba-p8b.com\/wp-content\/uploads\/2026\/08\/image-3.png\" alt=\"\" class=\"wp-image-5755\" srcset=\"https:\/\/xn--porlascallesdecrdoba-p8b.com\/wp-content\/uploads\/2026\/08\/image-3.png 550w, https:\/\/xn--porlascallesdecrdoba-p8b.com\/wp-content\/uploads\/2026\/08\/image-3-300x270.png 300w\" sizes=\"auto, (max-width: 550px) 100vw, 550px\" \/><\/figure>\n<\/div>\n\n\n<figure class=\"wp-block-gallery has-nested-images columns-default is-cropped wp-block-gallery-1 is-layout-flex wp-block-gallery-is-layout-flex\">\n<figure class=\"wp-block-image size-large\"><a href=\"https:\/\/xn--porlascallesdecrdoba-p8b.com\/?page_id=5630\"><img loading=\"lazy\" decoding=\"async\" width=\"182\" height=\"89\" data-id=\"5724\" src=\"https:\/\/xn--porlascallesdecrdoba-p8b.com\/wp-content\/uploads\/2026\/08\/01-Volver.png\" alt=\"\" class=\"wp-image-5724\"\/><\/a><\/figure>\n\n\n\n<figure class=\"wp-block-image size-large\"><a href=\"https:\/\/xn--porlascallesdecrdoba-p8b.com\/?page_id=5735\"><img loading=\"lazy\" decoding=\"async\" width=\"188\" height=\"89\" data-id=\"5725\" src=\"https:\/\/xn--porlascallesdecrdoba-p8b.com\/wp-content\/uploads\/2026\/08\/03-avanzar.png\" alt=\"\" class=\"wp-image-5725\"\/><\/a><\/figure>\n<\/figure>\n\n\n<div class=\"wp-block-image\">\n<figure class=\"aligncenter size-large\"><a href=\"https:\/\/xn--porlascallesdecrdoba-p8b.com\/?page_id=5727\"><img loading=\"lazy\" decoding=\"async\" width=\"370\" height=\"67\" src=\"https:\/\/xn--porlascallesdecrdoba-p8b.com\/wp-content\/uploads\/2026\/08\/Captura-de-pantalla-2026-08-02-182713-1.png\" alt=\"\" class=\"wp-image-5726\" srcset=\"https:\/\/xn--porlascallesdecrdoba-p8b.com\/wp-content\/uploads\/2026\/08\/Captura-de-pantalla-2026-08-02-182713-1.png 370w, https:\/\/xn--porlascallesdecrdoba-p8b.com\/wp-content\/uploads\/2026\/08\/Captura-de-pantalla-2026-08-02-182713-1-300x54.png 300w\" sizes=\"auto, (max-width: 370px) 100vw, 370px\" \/><\/a><\/figure>\n<\/div>\n\n\n<p class=\"wp-block-paragraph\"><\/p>\n","protected":false},"excerpt":{"rendered":"<p>Llegamos a la plaza de Santa Catalina, que toma el nombre de la puerta, con el mismo nombre, de la Mezquita-Catedral. Con este nombre aparece ya en el plano de <a class=\"more-link\" href=\"https:\/\/xn--porlascallesdecrdoba-p8b.com\/?page_id=5720\">Seguir leyendo &rarr;<\/a><\/p>\n","protected":false},"author":1,"featured_media":0,"parent":0,"menu_order":0,"comment_status":"closed","ping_status":"closed","template":"","meta":{"footnotes":""},"class_list":["post-5720","page","type-page","status-publish","hentry"],"_links":{"self":[{"href":"https:\/\/xn--porlascallesdecrdoba-p8b.com\/index.php?rest_route=\/wp\/v2\/pages\/5720","targetHints":{"allow":["GET"]}}],"collection":[{"href":"https:\/\/xn--porlascallesdecrdoba-p8b.com\/index.php?rest_route=\/wp\/v2\/pages"}],"about":[{"href":"https:\/\/xn--porlascallesdecrdoba-p8b.com\/index.php?rest_route=\/wp\/v2\/types\/page"}],"author":[{"embeddable":true,"href":"https:\/\/xn--porlascallesdecrdoba-p8b.com\/index.php?rest_route=\/wp\/v2\/users\/1"}],"replies":[{"embeddable":true,"href":"https:\/\/xn--porlascallesdecrdoba-p8b.com\/index.php?rest_route=%2Fwp%2Fv2%2Fcomments&post=5720"}],"version-history":[{"count":7,"href":"https:\/\/xn--porlascallesdecrdoba-p8b.com\/index.php?rest_route=\/wp\/v2\/pages\/5720\/revisions"}],"predecessor-version":[{"id":6929,"href":"https:\/\/xn--porlascallesdecrdoba-p8b.com\/index.php?rest_route=\/wp\/v2\/pages\/5720\/revisions\/6929"}],"wp:attachment":[{"href":"https:\/\/xn--porlascallesdecrdoba-p8b.com\/index.php?rest_route=%2Fwp%2Fv2%2Fmedia&parent=5720"}],"curies":[{"name":"wp","href":"https:\/\/api.w.org\/{rel}","templated":true}]}}

<div class="wp-block-image">
<figure class="alignright size-full is-resized"><img loading="lazy" decoding="async" width="635" height="423" src="https://xn--porlascallesdecrdoba-p8b.com/wp-content/uploads/2026/08/image-2.png" alt="" class="wp-image-5748" style="aspect-ratio:1.5012374866092868;width:469px;height:auto" srcset="https://xn--porlascallesdecrdoba-p8b.com/wp-content/uploads/2026/08/image-2.png 635w, https://xn--porlascallesdecrdoba-p8b.com/wp-content/uploads/2026/08/image-2-300x200.png 300w, https://xn--porlascallesdecrdoba-p8b.com/wp-content/uploads/2026/08/image-2-400x267.png 400w" sizes="auto, (max-width: 635px) 100vw, 635px" /></figure>
</div>


<p class="wp-block-paragraph" style="font-size:20px">Llegamos a la <strong>plaza de Santa Catalina</strong>, que toma el nombre de la puerta, con el mismo nombre, de la Mezquita-Catedral. Con este nombre aparece ya en el plano de 1811. En el edificio número uno se abre el “hotel Mezquita”, instalado en parte de la que, en el siglo XIX, fuera casa de los marqueses de Escalonia. El inmueble, cuya antigüedad es del siglo XVI, pudo pertenecer al cabildo eclesiástico, ocupaba una superficie más amplia de la manzana que en la actualidad. Un amplio zaguán da acceso al primero de los dos patios, es un patio porticado, dos de sus columnas proceden del desmantelamiento de columnas de la Mezquita al construirse el crucero de la catedral, en el segundo patio se encuentran capiteles de Madinat al-Zahara. El hotel posee una curiosa habitación, pues se instala en el espacio que era la capilla, estando la cama bajo la bóveda.</p>


<div class="wp-block-image">
<figure class="alignleft size-large is-resized"><img loading="lazy" decoding="async" width="1024" height="683" src="https://xn--porlascallesdecrdoba-p8b.com/wp-content/uploads/2026/08/181126-cn-196-1024x683.jpg" alt="" class="wp-image-5752" style="aspect-ratio:1.4993127353134525;width:413px;height:auto" srcset="https://xn--porlascallesdecrdoba-p8b.com/wp-content/uploads/2026/08/181126-cn-196-1024x683.jpg 1024w, https://xn--porlascallesdecrdoba-p8b.com/wp-content/uploads/2026/08/181126-cn-196-300x200.jpg 300w, https://xn--porlascallesdecrdoba-p8b.com/wp-content/uploads/2026/08/181126-cn-196-768x512.jpg 768w, https://xn--porlascallesdecrdoba-p8b.com/wp-content/uploads/2026/08/181126-cn-196-1536x1024.jpg 1536w, https://xn--porlascallesdecrdoba-p8b.com/wp-content/uploads/2026/08/181126-cn-196-2048x1365.jpg 2048w, https://xn--porlascallesdecrdoba-p8b.com/wp-content/uploads/2026/08/181126-cn-196-400x267.jpg 400w" sizes="auto, (max-width: 1024px) 100vw, 1024px" /></figure>
</div>


<p class="wp-block-paragraph" style="font-size:20px">La plaza en el siglo XIV recibió el nombre de «Santa María», ya que a ella está dedicada la Catedral; en esta época era una zona muy comercial al encontrarse entre la catedral y la Alcaicería y las distintas calles gremiales que hemos tratado anteriormente. La calle que corre a lo largo de esta fachada de la mezquita-catedral, que corresponde en su totalidad a la ampliación de Almanzor, es<strong> «Magistral González Francés</strong>«.</p>


<div class="wp-block-image">
<figure class="aligncenter size-full"><img loading="lazy" decoding="async" width="550" height="495" src="https://xn--porlascallesdecrdoba-p8b.com/wp-content/uploads/2026/08/image-3.png" alt="" class="wp-image-5755" srcset="https://xn--porlascallesdecrdoba-p8b.com/wp-content/uploads/2026/08/image-3.png 550w, https://xn--porlascallesdecrdoba-p8b.com/wp-content/uploads/2026/08/image-3-300x270.png 300w" sizes="auto, (max-width: 550px) 100vw, 550px" /></figure>
</div>


<figure class="wp-block-gallery has-nested-images columns-default is-cropped wp-block-gallery-1 is-layout-flex wp-block-gallery-is-layout-flex">
<figure class="wp-block-image size-large"><a href="https://xn--porlascallesdecrdoba-p8b.com/?page_id=5630"><img loading="lazy" decoding="async" width="182" height="89" data-id="5724" src="https://xn--porlascallesdecrdoba-p8b.com/wp-content/uploads/2026/08/01-Volver.png" alt="" class="wp-image-5724"/></a></figure>



<figure class="wp-block-image size-large"><a href="https://xn--porlascallesdecrdoba-p8b.com/?page_id=5735"><img loading="lazy" decoding="async" width="188" height="89" data-id="5725" src="https://xn--porlascallesdecrdoba-p8b.com/wp-content/uploads/2026/08/03-avanzar.png" alt="" class="wp-image-5725"/></a></figure>
</figure>


<div class="wp-block-image">
<figure class="aligncenter size-large"><a href="https://xn--porlascallesdecrdoba-p8b.com/?page_id=5727"><img loading="lazy" decoding="async" width="370" height="67" src="https://xn--porlascallesdecrdoba-p8b.com/wp-content/uploads/2026/08/Captura-de-pantalla-2026-08-02-182713-1.png" alt="" class="wp-image-5726" srcset="https://xn--porlascallesdecrdoba-p8b.com/wp-content/uploads/2026/08/Captura-de-pantalla-2026-08-02-182713-1.png 370w, https://xn--porlascallesdecrdoba-p8b.com/wp-content/uploads/2026/08/Captura-de-pantalla-2026-08-02-182713-1-300x54.png 300w" sizes="auto, (max-width: 370px) 100vw, 370px" /></a></figure>
</div>


<p class="wp-block-paragraph"></p>
