{"id":5744,"date":"2026-08-02T17:34:27","date_gmt":"2026-08-02T17:34:27","guid":{"rendered":"https:\/\/xn--porlascallesdecrdoba-p8b.com\/?page_id=5744"},"modified":"2026-08-04T15:53:48","modified_gmt":"2026-08-04T15:53:48","slug":"calleja-de-las-flores","status":"publish","type":"page","link":"https:\/\/xn--porlascallesdecrdoba-p8b.com\/?page_id=5744","title":{"rendered":"Calleja de las Flores"},"content":{"rendered":"<div class=\"wp-block-image\">\n<figure class=\"alignright size-large is-resized\"><img loading=\"lazy\" decoding=\"async\" width=\"1024\" height=\"683\" src=\"https:\/\/xn--porlascallesdecrdoba-p8b.com\/wp-content\/uploads\/2026\/08\/181126-cn-225-1024x683.jpg\" alt=\"\" class=\"wp-image-5875\" style=\"aspect-ratio:1.5000146485805526;width:247px;height:auto\" srcset=\"https:\/\/xn--porlascallesdecrdoba-p8b.com\/wp-content\/uploads\/2026\/08\/181126-cn-225-1024x683.jpg 1024w, https:\/\/xn--porlascallesdecrdoba-p8b.com\/wp-content\/uploads\/2026\/08\/181126-cn-225-300x200.jpg 300w, https:\/\/xn--porlascallesdecrdoba-p8b.com\/wp-content\/uploads\/2026\/08\/181126-cn-225-768x512.jpg 768w, https:\/\/xn--porlascallesdecrdoba-p8b.com\/wp-content\/uploads\/2026\/08\/181126-cn-225-1536x1024.jpg 1536w, https:\/\/xn--porlascallesdecrdoba-p8b.com\/wp-content\/uploads\/2026\/08\/181126-cn-225-2048x1365.jpg 2048w, https:\/\/xn--porlascallesdecrdoba-p8b.com\/wp-content\/uploads\/2026\/08\/181126-cn-225-400x267.jpg 400w\" sizes=\"auto, (max-width: 1024px) 100vw, 1024px\" \/><\/figure>\n<\/div>\n\n\n<p class=\"wp-block-paragraph\" style=\"font-size:20px\">Bocacalle de \u201cVel\u00e1zquez Bosco\u201d es la que posiblemente sea la calleja m\u00e1s popular y fotografiada de C\u00f3rdoba, la \u201c<strong>Calleja de las Flores<\/strong>\u201d, es una calle estrecha que desemboca en una plaza sin salida. En el a\u00f1o 2018 los usuarios de la web de&nbsp;moda y estilo \u201c<em>Trendencias<\/em>\u201d la votaron como la calleja m\u00e1s bonita de Espa\u00f1a y la cuarta del mundo.<\/p>\n\n\n\n<p class=\"wp-block-paragraph\" style=\"font-size:20px\">La plaza era en realidad un antiguo patio de vecinos, que con el tiempo se transformar\u00eda en calle. Su aspecto actual se debe al alcalde Alfonso Cruz Conde, interesado por embellecer determinados lugares de C\u00f3rdoba, aunque ser\u00eda en la alcald\u00eda de su hermano Antonio, cuando se realizar\u00eda. El proyecto de remodelaci\u00f3n fue dise\u00f1ado a mediados de los a\u00f1os 1950, se construyeron los arquillos, se sustituy\u00f3 el pavimento de losas de cemento por los cantos rodados, se puso un capitel califal en la esquina al comienzo de la calleja y se decoran las paredes con macetas de flores. La fuente es obra de Rafael Bernier Soldevilla, vecino de la misma calle y profesor de la Escuela de Artes, se instal\u00f3 en 1960, y se le a\u00f1adi\u00f3 una columna romana.<\/p>\n\n\n<div class=\"wp-block-image\">\n<figure class=\"aligncenter size-full\"><img loading=\"lazy\" decoding=\"async\" width=\"510\" height=\"413\" src=\"https:\/\/xn--porlascallesdecrdoba-p8b.com\/wp-content\/uploads\/2026\/08\/image-19.png\" alt=\"\" class=\"wp-image-5879\"\/><\/figure>\n<\/div>\n\n\n<p class=\"wp-block-paragraph\" style=\"font-size:20px\">En esta calleja se encuentra el taller con m\u00e1s tradici\u00f3n en C\u00f3rdoba en la realizaci\u00f3n de cordobanes y guadamec\u00edes, \u201cMeryan\u201d (Mercedes y \u00c1ngel), este establecimiento se inaugurar\u00eda el a\u00f1o 1957, si bien la empresa se hab\u00eda creado tres a\u00f1os antes en el Zoco de Artesanos de la calle Jud\u00edos, a iniciativa del pintor \u00c1ngel L\u00f3pez-Obrero y de su mujer Mercedes Miarons Feliu, quienes deciden recuperar una t\u00e9cnica artesana \u00e1rabe de repujado del cuero, muy afincada en la ciudad durante la \u00e9poca isl\u00e1mica, es el Cordob\u00e1n, y cuando se adorna con color, dorado o plata, pasa a denominarse Guadamec\u00ed. Esta casa se ha ampliado con otra, teniendo tambi\u00e9n entrada por la calle \u201cEncarnaci\u00f3n\u201d, actualmente es la tercera generaci\u00f3n de la familia quien la regenta. Hoy \u201cMeryan\u201d tambi\u00e9n fabrica art\u00edculos para decoraci\u00f3n y complementos de moda.<\/p>\n\n\n<div class=\"wp-block-image\">\n<figure class=\"aligncenter size-full\"><img loading=\"lazy\" decoding=\"async\" width=\"979\" height=\"383\" src=\"https:\/\/xn--porlascallesdecrdoba-p8b.com\/wp-content\/uploads\/2026\/08\/image-20.png\" alt=\"\" class=\"wp-image-5882\" srcset=\"https:\/\/xn--porlascallesdecrdoba-p8b.com\/wp-content\/uploads\/2026\/08\/image-20.png 979w, https:\/\/xn--porlascallesdecrdoba-p8b.com\/wp-content\/uploads\/2026\/08\/image-20-300x117.png 300w, https:\/\/xn--porlascallesdecrdoba-p8b.com\/wp-content\/uploads\/2026\/08\/image-20-768x300.png 768w\" sizes=\"auto, (max-width: 979px) 100vw, 979px\" \/><figcaption class=\"wp-element-caption\">Artesonado de la tienda de Meryan y guadamec\u00ed<\/figcaption><\/figure>\n<\/div>\n\n\n<p class=\"wp-block-paragraph\" style=\"font-size:20px\">\u00c1ngel L\u00f3pez Obrero fue uno de los principales pintores cordobeses de la segunda mitad del siglo XX naci\u00f3 el a\u00f1o 1910, a los once a\u00f1os ingresa en la Escuela de Artes y Oficios, de la que pasar\u00e1 a la de San Fernando (Madrid); estudiar\u00e1 en Madrid y Barcelona, tras la Guerra Civil se traslada a Francia, regresando a C\u00f3rdoba en 1952, en donde quedar\u00e1 hasta su muerte (1992) como uno de los motores de las artes en la ciudad.<\/p>\n\n\n\n<figure class=\"wp-block-image size-large\"><img loading=\"lazy\" decoding=\"async\" width=\"1024\" height=\"768\" src=\"https:\/\/xn--porlascallesdecrdoba-p8b.com\/wp-content\/uploads\/2026\/08\/17-03-10-043-1024x768.jpg\" alt=\"\" class=\"wp-image-5881\" srcset=\"https:\/\/xn--porlascallesdecrdoba-p8b.com\/wp-content\/uploads\/2026\/08\/17-03-10-043-1024x768.jpg 1024w, https:\/\/xn--porlascallesdecrdoba-p8b.com\/wp-content\/uploads\/2026\/08\/17-03-10-043-300x225.jpg 300w, https:\/\/xn--porlascallesdecrdoba-p8b.com\/wp-content\/uploads\/2026\/08\/17-03-10-043-768x576.jpg 768w, https:\/\/xn--porlascallesdecrdoba-p8b.com\/wp-content\/uploads\/2026\/08\/17-03-10-043-1536x1152.jpg 1536w, https:\/\/xn--porlascallesdecrdoba-p8b.com\/wp-content\/uploads\/2026\/08\/17-03-10-043-2048x1536.jpg 2048w\" sizes=\"auto, (max-width: 1024px) 100vw, 1024px\" \/><\/figure>\n\n\n\n<p class=\"wp-block-paragraph\"><a href=\"https:\/\/xn--porlascallesdecrdoba-p8b.com\/?page_id=5744\" target=\"_blank\" rel=\"noreferrer noopener\"><\/a><\/p>\n\n\n\n<figure class=\"wp-block-gallery has-nested-images columns-default is-cropped wp-block-gallery-1 is-layout-flex wp-block-gallery-is-layout-flex\">\n<figure class=\"wp-block-image size-large\"><a href=\"https:\/\/xn--porlascallesdecrdoba-p8b.com\/?page_id=5741\"><img loading=\"lazy\" decoding=\"async\" width=\"182\" height=\"89\" data-id=\"5724\" src=\"https:\/\/xn--porlascallesdecrdoba-p8b.com\/wp-content\/uploads\/2026\/08\/01-Volver.png\" alt=\"\" class=\"wp-image-5724\"\/><\/a><\/figure>\n\n\n\n<figure class=\"wp-block-image size-large\"><a href=\"https:\/\/xn--porlascallesdecrdoba-p8b.com\/?page_id=5872\"><img loading=\"lazy\" decoding=\"async\" width=\"188\" height=\"89\" data-id=\"5725\" src=\"https:\/\/xn--porlascallesdecrdoba-p8b.com\/wp-content\/uploads\/2026\/08\/03-avanzar.png\" alt=\"\" class=\"wp-image-5725\"\/><\/a><\/figure>\n<\/figure>\n\n\n<div class=\"wp-block-image\">\n<figure class=\"aligncenter size-large\"><a href=\"https:\/\/xn--porlascallesdecrdoba-p8b.com\/?page_id=5727\"><img loading=\"lazy\" decoding=\"async\" width=\"370\" height=\"67\" src=\"https:\/\/xn--porlascallesdecrdoba-p8b.com\/wp-content\/uploads\/2026\/08\/Captura-de-pantalla-2026-08-02-182713-1.png\" alt=\"\" class=\"wp-image-5726\" srcset=\"https:\/\/xn--porlascallesdecrdoba-p8b.com\/wp-content\/uploads\/2026\/08\/Captura-de-pantalla-2026-08-02-182713-1.png 370w, https:\/\/xn--porlascallesdecrdoba-p8b.com\/wp-content\/uploads\/2026\/08\/Captura-de-pantalla-2026-08-02-182713-1-300x54.png 300w\" sizes=\"auto, (max-width: 370px) 100vw, 370px\" \/><\/a><\/figure>\n<\/div>\n\n\n<p class=\"wp-block-paragraph\" style=\"font-size:20px\"><\/p>\n\n\n\n<p class=\"wp-block-paragraph\"><\/p>\n","protected":false},"excerpt":{"rendered":"<p>Bocacalle de \u201cVel\u00e1zquez Bosco\u201d es la que posiblemente sea la calleja m\u00e1s popular y fotografiada de C\u00f3rdoba, la \u201cCalleja de las Flores\u201d, es una calle estrecha que desemboca en una <a class=\"more-link\" href=\"https:\/\/xn--porlascallesdecrdoba-p8b.com\/?page_id=5744\">Seguir leyendo &rarr;<\/a><\/p>\n","protected":false},"author":1,"featured_media":0,"parent":0,"menu_order":0,"comment_status":"closed","ping_status":"closed","template":"","meta":{"footnotes":""},"class_list":["post-5744","page","type-page","status-publish","hentry"],"_links":{"self":[{"href":"https:\/\/xn--porlascallesdecrdoba-p8b.com\/index.php?rest_route=\/wp\/v2\/pages\/5744","targetHints":{"allow":["GET"]}}],"collection":[{"href":"https:\/\/xn--porlascallesdecrdoba-p8b.com\/index.php?rest_route=\/wp\/v2\/pages"}],"about":[{"href":"https:\/\/xn--porlascallesdecrdoba-p8b.com\/index.php?rest_route=\/wp\/v2\/types\/page"}],"author":[{"embeddable":true,"href":"https:\/\/xn--porlascallesdecrdoba-p8b.com\/index.php?rest_route=\/wp\/v2\/users\/1"}],"replies":[{"embeddable":true,"href":"https:\/\/xn--porlascallesdecrdoba-p8b.com\/index.php?rest_route=%2Fwp%2Fv2%2Fcomments&post=5744"}],"version-history":[{"count":7,"href":"https:\/\/xn--porlascallesdecrdoba-p8b.com\/index.php?rest_route=\/wp\/v2\/pages\/5744\/revisions"}],"predecessor-version":[{"id":5889,"href":"https:\/\/xn--porlascallesdecrdoba-p8b.com\/index.php?rest_route=\/wp\/v2\/pages\/5744\/revisions\/5889"}],"wp:attachment":[{"href":"https:\/\/xn--porlascallesdecrdoba-p8b.com\/index.php?rest_route=%2Fwp%2Fv2%2Fmedia&parent=5744"}],"curies":[{"name":"wp","href":"https:\/\/api.w.org\/{rel}","templated":true}]}}

<div class="wp-block-image">
<figure class="alignright size-large is-resized"><img loading="lazy" decoding="async" width="1024" height="683" src="https://xn--porlascallesdecrdoba-p8b.com/wp-content/uploads/2026/08/181126-cn-225-1024x683.jpg" alt="" class="wp-image-5875" style="aspect-ratio:1.5000146485805526;width:247px;height:auto" srcset="https://xn--porlascallesdecrdoba-p8b.com/wp-content/uploads/2026/08/181126-cn-225-1024x683.jpg 1024w, https://xn--porlascallesdecrdoba-p8b.com/wp-content/uploads/2026/08/181126-cn-225-300x200.jpg 300w, https://xn--porlascallesdecrdoba-p8b.com/wp-content/uploads/2026/08/181126-cn-225-768x512.jpg 768w, https://xn--porlascallesdecrdoba-p8b.com/wp-content/uploads/2026/08/181126-cn-225-1536x1024.jpg 1536w, https://xn--porlascallesdecrdoba-p8b.com/wp-content/uploads/2026/08/181126-cn-225-2048x1365.jpg 2048w, https://xn--porlascallesdecrdoba-p8b.com/wp-content/uploads/2026/08/181126-cn-225-400x267.jpg 400w" sizes="auto, (max-width: 1024px) 100vw, 1024px" /></figure>
</div>


<p class="wp-block-paragraph" style="font-size:20px">Bocacalle de “Velázquez Bosco” es la que posiblemente sea la calleja más popular y fotografiada de Córdoba, la “<strong>Calleja de las Flores</strong>”, es una calle estrecha que desemboca en una plaza sin salida. En el año 2018 los usuarios de la web de&nbsp;moda y estilo “<em>Trendencias</em>” la votaron como la calleja más bonita de España y la cuarta del mundo.</p>



<p class="wp-block-paragraph" style="font-size:20px">La plaza era en realidad un antiguo patio de vecinos, que con el tiempo se transformaría en calle. Su aspecto actual se debe al alcalde Alfonso Cruz Conde, interesado por embellecer determinados lugares de Córdoba, aunque sería en la alcaldía de su hermano Antonio, cuando se realizaría. El proyecto de remodelación fue diseñado a mediados de los años 1950, se construyeron los arquillos, se sustituyó el pavimento de losas de cemento por los cantos rodados, se puso un capitel califal en la esquina al comienzo de la calleja y se decoran las paredes con macetas de flores. La fuente es obra de Rafael Bernier Soldevilla, vecino de la misma calle y profesor de la Escuela de Artes, se instaló en 1960, y se le añadió una columna romana.</p>


<div class="wp-block-image">
<figure class="aligncenter size-full"><img loading="lazy" decoding="async" width="510" height="413" src="https://xn--porlascallesdecrdoba-p8b.com/wp-content/uploads/2026/08/image-19.png" alt="" class="wp-image-5879"/></figure>
</div>


<p class="wp-block-paragraph" style="font-size:20px">En esta calleja se encuentra el taller con más tradición en Córdoba en la realización de cordobanes y guadamecíes, “Meryan” (Mercedes y Ángel), este establecimiento se inauguraría el año 1957, si bien la empresa se había creado tres años antes en el Zoco de Artesanos de la calle Judíos, a iniciativa del pintor Ángel López-Obrero y de su mujer Mercedes Miarons Feliu, quienes deciden recuperar una técnica artesana árabe de repujado del cuero, muy afincada en la ciudad durante la época islámica, es el Cordobán, y cuando se adorna con color, dorado o plata, pasa a denominarse Guadamecí. Esta casa se ha ampliado con otra, teniendo también entrada por la calle “Encarnación”, actualmente es la tercera generación de la familia quien la regenta. Hoy “Meryan” también fabrica artículos para decoración y complementos de moda.</p>


<div class="wp-block-image">
<figure class="aligncenter size-full"><img loading="lazy" decoding="async" width="979" height="383" src="https://xn--porlascallesdecrdoba-p8b.com/wp-content/uploads/2026/08/image-20.png" alt="" class="wp-image-5882" srcset="https://xn--porlascallesdecrdoba-p8b.com/wp-content/uploads/2026/08/image-20.png 979w, https://xn--porlascallesdecrdoba-p8b.com/wp-content/uploads/2026/08/image-20-300x117.png 300w, https://xn--porlascallesdecrdoba-p8b.com/wp-content/uploads/2026/08/image-20-768x300.png 768w" sizes="auto, (max-width: 979px) 100vw, 979px" /><figcaption class="wp-element-caption">Artesonado de la tienda de Meryan y guadamecí</figcaption></figure>
</div>


<p class="wp-block-paragraph" style="font-size:20px">Ángel López Obrero fue uno de los principales pintores cordobeses de la segunda mitad del siglo XX nació el año 1910, a los once años ingresa en la Escuela de Artes y Oficios, de la que pasará a la de San Fernando (Madrid); estudiará en Madrid y Barcelona, tras la Guerra Civil se traslada a Francia, regresando a Córdoba en 1952, en donde quedará hasta su muerte (1992) como uno de los motores de las artes en la ciudad.</p>



<figure class="wp-block-image size-large"><img loading="lazy" decoding="async" width="1024" height="768" src="https://xn--porlascallesdecrdoba-p8b.com/wp-content/uploads/2026/08/17-03-10-043-1024x768.jpg" alt="" class="wp-image-5881" srcset="https://xn--porlascallesdecrdoba-p8b.com/wp-content/uploads/2026/08/17-03-10-043-1024x768.jpg 1024w, https://xn--porlascallesdecrdoba-p8b.com/wp-content/uploads/2026/08/17-03-10-043-300x225.jpg 300w, https://xn--porlascallesdecrdoba-p8b.com/wp-content/uploads/2026/08/17-03-10-043-768x576.jpg 768w, https://xn--porlascallesdecrdoba-p8b.com/wp-content/uploads/2026/08/17-03-10-043-1536x1152.jpg 1536w, https://xn--porlascallesdecrdoba-p8b.com/wp-content/uploads/2026/08/17-03-10-043-2048x1536.jpg 2048w" sizes="auto, (max-width: 1024px) 100vw, 1024px" /></figure>



<p class="wp-block-paragraph"><a href="https://xn--porlascallesdecrdoba-p8b.com/?page_id=5744" target="_blank" rel="noreferrer noopener"></a></p>



<figure class="wp-block-gallery has-nested-images columns-default is-cropped wp-block-gallery-1 is-layout-flex wp-block-gallery-is-layout-flex">
<figure class="wp-block-image size-large"><a href="https://xn--porlascallesdecrdoba-p8b.com/?page_id=5741"><img loading="lazy" decoding="async" width="182" height="89" data-id="5724" src="https://xn--porlascallesdecrdoba-p8b.com/wp-content/uploads/2026/08/01-Volver.png" alt="" class="wp-image-5724"/></a></figure>



<figure class="wp-block-image size-large"><a href="https://xn--porlascallesdecrdoba-p8b.com/?page_id=5872"><img loading="lazy" decoding="async" width="188" height="89" data-id="5725" src="https://xn--porlascallesdecrdoba-p8b.com/wp-content/uploads/2026/08/03-avanzar.png" alt="" class="wp-image-5725"/></a></figure>
</figure>


<div class="wp-block-image">
<figure class="aligncenter size-large"><a href="https://xn--porlascallesdecrdoba-p8b.com/?page_id=5727"><img loading="lazy" decoding="async" width="370" height="67" src="https://xn--porlascallesdecrdoba-p8b.com/wp-content/uploads/2026/08/Captura-de-pantalla-2026-08-02-182713-1.png" alt="" class="wp-image-5726" srcset="https://xn--porlascallesdecrdoba-p8b.com/wp-content/uploads/2026/08/Captura-de-pantalla-2026-08-02-182713-1.png 370w, https://xn--porlascallesdecrdoba-p8b.com/wp-content/uploads/2026/08/Captura-de-pantalla-2026-08-02-182713-1-300x54.png 300w" sizes="auto, (max-width: 370px) 100vw, 370px" /></a></figure>
</div>


<p class="wp-block-paragraph" style="font-size:20px"></p>



<p class="wp-block-paragraph"></p>

<p>Bocacalle de “Velázquez Bosco” es la que posiblemente sea la calleja más popular y fotografiada de Córdoba, la “Calleja de las Flores”, es una calle estrecha que desemboca en una <a class="more-link" href="https://xn--porlascallesdecrdoba-p8b.com/?page_id=5744">Seguir leyendo &rarr;</a></p>
