{"id":5870,"date":"2026-08-04T15:23:35","date_gmt":"2026-08-04T15:23:35","guid":{"rendered":"https:\/\/xn--porlascallesdecrdoba-p8b.com\/?page_id=5870"},"modified":"2026-08-05T17:51:55","modified_gmt":"2026-08-05T17:51:55","slug":"casa-mudejar-ii","status":"publish","type":"page","link":"https:\/\/xn--porlascallesdecrdoba-p8b.com\/?page_id=5870","title":{"rendered":"Plaza Agrupaci\u00f3n de Cofrad\u00edas"},"content":{"rendered":"\n<p class=\"wp-block-paragraph\" style=\"font-size:20px\">La plaza \u201c<strong>Agrupaci\u00f3n de Cofrad\u00edas<\/strong>\u201d, nos comunica la Juder\u00eda con el centro de la ciudad, en ella confluyen las calles \u00abVel\u00e1zquez Bosco\u00bb, \u00abCespedes\u00bb, \u00abConde Luque\u00bb, para subir hacia \u00abLas Tendillas\u00bb, por \u00abBlanco Belmonte\u00bb.<\/p>\n\n\n\n<figure class=\"wp-block-image size-large\"><img loading=\"lazy\" decoding=\"async\" width=\"1024\" height=\"768\" src=\"https:\/\/xn--porlascallesdecrdoba-p8b.com\/wp-content\/uploads\/2026\/08\/IMG_2237-1024x768.jpg\" alt=\"\" class=\"wp-image-5991\" srcset=\"https:\/\/xn--porlascallesdecrdoba-p8b.com\/wp-content\/uploads\/2026\/08\/IMG_2237-1024x768.jpg 1024w, https:\/\/xn--porlascallesdecrdoba-p8b.com\/wp-content\/uploads\/2026\/08\/IMG_2237-300x225.jpg 300w, https:\/\/xn--porlascallesdecrdoba-p8b.com\/wp-content\/uploads\/2026\/08\/IMG_2237-768x576.jpg 768w, https:\/\/xn--porlascallesdecrdoba-p8b.com\/wp-content\/uploads\/2026\/08\/IMG_2237-1536x1152.jpg 1536w, https:\/\/xn--porlascallesdecrdoba-p8b.com\/wp-content\/uploads\/2026\/08\/IMG_2237-2048x1536.jpg 2048w\" sizes=\"auto, (max-width: 1024px) 100vw, 1024px\" \/><\/figure>\n\n\n\n<p class=\"wp-block-paragraph\" style=\"font-size:20px\">En el siglo XV recibir\u00eda los nombres de \u201cMaldonado\u201d, posteriormente el \u201cde los Cortesanos\u201d, en el plano de 1884 figura con el top\u00f3nimo de \u00abPlaza de Benavente\u00bb, por haber vivido aqu\u00ed una familia de este apellido, seg\u00fan Ram\u00edrez de Arellano, tambi\u00e9n era conocida como \u00abplaza de los Corteses\u00bb.<\/p>\n\n\n<div class=\"wp-block-image\">\n<figure class=\"alignright size-full is-resized\"><img loading=\"lazy\" decoding=\"async\" width=\"596\" height=\"410\" src=\"https:\/\/xn--porlascallesdecrdoba-p8b.com\/wp-content\/uploads\/2026\/08\/image-38.png\" alt=\"\" class=\"wp-image-6002\" style=\"aspect-ratio:1.4537312295144447;width:481px;height:auto\"\/><\/figure>\n<\/div>\n\n\n<p class=\"wp-block-paragraph\" style=\"font-size:20px\">En un pleno municipal de 1995 se decidi\u00f3 cambiar por el nombre actual. La \u201cAgrupaci\u00f3n de Hermandades y Cofrad\u00edas de Semana Santa\u201d, fue creada can\u00f3nicamente en enero de 1944, por el obispo P\u00e9rez Mu\u00f1oz. El primer dirigente del organismo cofrade iba a ser Fernando Fern\u00e1ndez de C\u00f3rdoba y Martel,\u00a0conde de Torres Cabrera. La Agrupaci\u00f3n es la encargada de la organizaci\u00f3n del recorrido oficial de la Semana Santa.<\/p>\n\n\n\n<p class=\"wp-block-paragraph\" style=\"font-size:20px\">Su primera sede se encontraba en la calle \u00abSan \u00c1lvaro\u00bb, en la actualidad se encuentra en el n\u00famero seis de la calle Isaac Peral.<\/p>\n\n\n<div class=\"wp-block-image\">\n<figure class=\"alignleft size-full is-resized\"><img loading=\"lazy\" decoding=\"async\" width=\"586\" height=\"404\" src=\"https:\/\/xn--porlascallesdecrdoba-p8b.com\/wp-content\/uploads\/2026\/08\/Captura-de-pantalla-2018-12-05-08.40.18.png\" alt=\"\" class=\"wp-image-5993\" style=\"aspect-ratio:1.4505685773961476;width:494px;height:auto\" srcset=\"https:\/\/xn--porlascallesdecrdoba-p8b.com\/wp-content\/uploads\/2026\/08\/Captura-de-pantalla-2018-12-05-08.40.18.png 586w, https:\/\/xn--porlascallesdecrdoba-p8b.com\/wp-content\/uploads\/2026\/08\/Captura-de-pantalla-2018-12-05-08.40.18-300x207.png 300w\" sizes=\"auto, (max-width: 586px) 100vw, 586px\" \/><\/figure>\n<\/div>\n\n\n<p class=\"wp-block-paragraph\" style=\"font-size:20px\">Desde el a\u00f1o 1995, en el n\u00famero dos de la plaza se encuentra la \u201cCasa-Museo del Guadamec\u00ed Omeya\u201d, el edificio lo adquiere Ram\u00f3n Garc\u00eda Romero y lo restaura para instalar en ella un museo del cordob\u00e1n y del guadamec\u00ed. Actualmente la dirige su sobrino Jos\u00e9 Carlos Villarejo, quien contin\u00faa la labor investigadora de su t\u00edo, quien hab\u00eda sido disc\u00edpulo de Rafael Bernier Soldevilla, que recuper\u00f3 las viejas t\u00e9cnicas del brocado en cuero. El Califato usa el guadamec\u00ed como s\u00edmbolo de poder y posici\u00f3n social y esa t\u00e9cnica utilizada en la C\u00f3rdoba califal es la que este museo privado lleva a\u00f1os investigando para utilizarlas en sus obras.<\/p>\n\n\n\n<figure class=\"wp-block-image size-full\"><img loading=\"lazy\" decoding=\"async\" width=\"1016\" height=\"430\" src=\"https:\/\/xn--porlascallesdecrdoba-p8b.com\/wp-content\/uploads\/2026\/08\/Captura-de-pantalla-2026-08-05-193831.png\" alt=\"\" class=\"wp-image-5995\" srcset=\"https:\/\/xn--porlascallesdecrdoba-p8b.com\/wp-content\/uploads\/2026\/08\/Captura-de-pantalla-2026-08-05-193831.png 1016w, https:\/\/xn--porlascallesdecrdoba-p8b.com\/wp-content\/uploads\/2026\/08\/Captura-de-pantalla-2026-08-05-193831-300x127.png 300w, https:\/\/xn--porlascallesdecrdoba-p8b.com\/wp-content\/uploads\/2026\/08\/Captura-de-pantalla-2026-08-05-193831-768x325.png 768w\" sizes=\"auto, (max-width: 1016px) 100vw, 1016px\" \/><\/figure>\n\n\n\n<p class=\"wp-block-paragraph\" style=\"font-size:20px\">En esta plaza se encuentra la Escuela Superior de Arte Dram\u00e1tico, de la que trataremos en una p\u00e1gina espec\u00edfica, <a href=\"https:\/\/xn--porlascallesdecrdoba-p8b.com\/?page_id=5957\">https:\/\/xn--porlascallesdecrdoba-p8b.com\/?page_id=5957<\/a>.<\/p>\n\n\n\n<figure class=\"wp-block-gallery has-nested-images columns-default is-cropped wp-block-gallery-1 is-layout-flex wp-block-gallery-is-layout-flex\">\n<figure class=\"wp-block-image size-large\"><a href=\"https:\/\/xn--porlascallesdecrdoba-p8b.com\/?page_id=5867\"><img loading=\"lazy\" decoding=\"async\" width=\"182\" height=\"89\" data-id=\"5724\" src=\"https:\/\/xn--porlascallesdecrdoba-p8b.com\/wp-content\/uploads\/2026\/08\/01-Volver.png\" alt=\"\" class=\"wp-image-5724\"\/><\/a><\/figure>\n\n\n\n<figure class=\"wp-block-image size-large\"><a href=\"https:\/\/xn--porlascallesdecrdoba-p8b.com\/?page_id=5949\"><img loading=\"lazy\" decoding=\"async\" width=\"188\" height=\"89\" data-id=\"5725\" src=\"https:\/\/xn--porlascallesdecrdoba-p8b.com\/wp-content\/uploads\/2026\/08\/03-avanzar.png\" alt=\"\" class=\"wp-image-5725\"\/><\/a><\/figure>\n<\/figure>\n\n\n<div class=\"wp-block-image\">\n<figure class=\"aligncenter size-large\"><a href=\"https:\/\/xn--porlascallesdecrdoba-p8b.com\/?page_id=5727\"><img loading=\"lazy\" decoding=\"async\" width=\"370\" height=\"67\" src=\"https:\/\/xn--porlascallesdecrdoba-p8b.com\/wp-content\/uploads\/2026\/08\/Captura-de-pantalla-2026-08-02-182713-1.png\" alt=\"\" class=\"wp-image-5726\" srcset=\"https:\/\/xn--porlascallesdecrdoba-p8b.com\/wp-content\/uploads\/2026\/08\/Captura-de-pantalla-2026-08-02-182713-1.png 370w, https:\/\/xn--porlascallesdecrdoba-p8b.com\/wp-content\/uploads\/2026\/08\/Captura-de-pantalla-2026-08-02-182713-1-300x54.png 300w\" sizes=\"auto, (max-width: 370px) 100vw, 370px\" \/><\/a><\/figure>\n<\/div>\n\n\n<p class=\"wp-block-paragraph\" style=\"font-size:20px\"><\/p>\n","protected":false},"excerpt":{"rendered":"<p>La plaza \u201cAgrupaci\u00f3n de Cofrad\u00edas\u201d, nos comunica la Juder\u00eda con el centro de la ciudad, en ella confluyen las calles \u00abVel\u00e1zquez Bosco\u00bb, \u00abCespedes\u00bb, \u00abConde Luque\u00bb, para subir hacia \u00abLas Tendillas\u00bb, <a class=\"more-link\" href=\"https:\/\/xn--porlascallesdecrdoba-p8b.com\/?page_id=5870\">Seguir leyendo &rarr;<\/a><\/p>\n","protected":false},"author":1,"featured_media":0,"parent":0,"menu_order":0,"comment_status":"closed","ping_status":"closed","template":"","meta":{"footnotes":""},"class_list":["post-5870","page","type-page","status-publish","hentry"],"_links":{"self":[{"href":"https:\/\/xn--porlascallesdecrdoba-p8b.com\/index.php?rest_route=\/wp\/v2\/pages\/5870","targetHints":{"allow":["GET"]}}],"collection":[{"href":"https:\/\/xn--porlascallesdecrdoba-p8b.com\/index.php?rest_route=\/wp\/v2\/pages"}],"about":[{"href":"https:\/\/xn--porlascallesdecrdoba-p8b.com\/index.php?rest_route=\/wp\/v2\/types\/page"}],"author":[{"embeddable":true,"href":"https:\/\/xn--porlascallesdecrdoba-p8b.com\/index.php?rest_route=\/wp\/v2\/users\/1"}],"replies":[{"embeddable":true,"href":"https:\/\/xn--porlascallesdecrdoba-p8b.com\/index.php?rest_route=%2Fwp%2Fv2%2Fcomments&post=5870"}],"version-history":[{"count":11,"href":"https:\/\/xn--porlascallesdecrdoba-p8b.com\/index.php?rest_route=\/wp\/v2\/pages\/5870\/revisions"}],"predecessor-version":[{"id":6005,"href":"https:\/\/xn--porlascallesdecrdoba-p8b.com\/index.php?rest_route=\/wp\/v2\/pages\/5870\/revisions\/6005"}],"wp:attachment":[{"href":"https:\/\/xn--porlascallesdecrdoba-p8b.com\/index.php?rest_route=%2Fwp%2Fv2%2Fmedia&parent=5870"}],"curies":[{"name":"wp","href":"https:\/\/api.w.org\/{rel}","templated":true}]}}

Plaza Agrupación de Cofradías

<p class="wp-block-paragraph" style="font-size:20px">La plaza “<strong>Agrupación de Cofradías</strong>”, nos comunica la Judería con el centro de la ciudad, en ella confluyen las calles «Velázquez Bosco», «Cespedes», «Conde Luque», para subir hacia «Las Tendillas», por «Blanco Belmonte».</p>



<figure class="wp-block-image size-large"><img loading="lazy" decoding="async" width="1024" height="768" src="https://xn--porlascallesdecrdoba-p8b.com/wp-content/uploads/2026/08/IMG_2237-1024x768.jpg" alt="" class="wp-image-5991" srcset="https://xn--porlascallesdecrdoba-p8b.com/wp-content/uploads/2026/08/IMG_2237-1024x768.jpg 1024w, https://xn--porlascallesdecrdoba-p8b.com/wp-content/uploads/2026/08/IMG_2237-300x225.jpg 300w, https://xn--porlascallesdecrdoba-p8b.com/wp-content/uploads/2026/08/IMG_2237-768x576.jpg 768w, https://xn--porlascallesdecrdoba-p8b.com/wp-content/uploads/2026/08/IMG_2237-1536x1152.jpg 1536w, https://xn--porlascallesdecrdoba-p8b.com/wp-content/uploads/2026/08/IMG_2237-2048x1536.jpg 2048w" sizes="auto, (max-width: 1024px) 100vw, 1024px" /></figure>



<p class="wp-block-paragraph" style="font-size:20px">En el siglo XV recibiría los nombres de “Maldonado”, posteriormente el “de los Cortesanos”, en el plano de 1884 figura con el topónimo de «Plaza de Benavente», por haber vivido aquí una familia de este apellido, según Ramírez de Arellano, también era conocida como «plaza de los Corteses».</p>


<div class="wp-block-image">
<figure class="alignright size-full is-resized"><img loading="lazy" decoding="async" width="596" height="410" src="https://xn--porlascallesdecrdoba-p8b.com/wp-content/uploads/2026/08/image-38.png" alt="" class="wp-image-6002" style="aspect-ratio:1.4537312295144447;width:481px;height:auto"/></figure>
</div>


<p class="wp-block-paragraph" style="font-size:20px">En un pleno municipal de 1995 se decidió cambiar por el nombre actual. La “Agrupación de Hermandades y Cofradías de Semana Santa”, fue creada canónicamente en enero de 1944, por el obispo Pérez Muñoz. El primer dirigente del organismo cofrade iba a ser Fernando Fernández de Córdoba y Martel, conde de Torres Cabrera. La Agrupación es la encargada de la organización del recorrido oficial de la Semana Santa.</p>



<p class="wp-block-paragraph" style="font-size:20px">Su primera sede se encontraba en la calle «San Álvaro», en la actualidad se encuentra en el número seis de la calle Isaac Peral.</p>


<div class="wp-block-image">
<figure class="alignleft size-full is-resized"><img loading="lazy" decoding="async" width="586" height="404" src="https://xn--porlascallesdecrdoba-p8b.com/wp-content/uploads/2026/08/Captura-de-pantalla-2018-12-05-08.40.18.png" alt="" class="wp-image-5993" style="aspect-ratio:1.4505685773961476;width:494px;height:auto" srcset="https://xn--porlascallesdecrdoba-p8b.com/wp-content/uploads/2026/08/Captura-de-pantalla-2018-12-05-08.40.18.png 586w, https://xn--porlascallesdecrdoba-p8b.com/wp-content/uploads/2026/08/Captura-de-pantalla-2018-12-05-08.40.18-300x207.png 300w" sizes="auto, (max-width: 586px) 100vw, 586px" /></figure>
</div>


<p class="wp-block-paragraph" style="font-size:20px">Desde el año 1995, en el número dos de la plaza se encuentra la “Casa-Museo del Guadamecí Omeya”, el edificio lo adquiere Ramón García Romero y lo restaura para instalar en ella un museo del cordobán y del guadamecí. Actualmente la dirige su sobrino José Carlos Villarejo, quien continúa la labor investigadora de su tío, quien había sido discípulo de Rafael Bernier Soldevilla, que recuperó las viejas técnicas del brocado en cuero. El Califato usa el guadamecí como símbolo de poder y posición social y esa técnica utilizada en la Córdoba califal es la que este museo privado lleva años investigando para utilizarlas en sus obras.</p>



<figure class="wp-block-image size-full"><img loading="lazy" decoding="async" width="1016" height="430" src="https://xn--porlascallesdecrdoba-p8b.com/wp-content/uploads/2026/08/Captura-de-pantalla-2026-08-05-193831.png" alt="" class="wp-image-5995" srcset="https://xn--porlascallesdecrdoba-p8b.com/wp-content/uploads/2026/08/Captura-de-pantalla-2026-08-05-193831.png 1016w, https://xn--porlascallesdecrdoba-p8b.com/wp-content/uploads/2026/08/Captura-de-pantalla-2026-08-05-193831-300x127.png 300w, https://xn--porlascallesdecrdoba-p8b.com/wp-content/uploads/2026/08/Captura-de-pantalla-2026-08-05-193831-768x325.png 768w" sizes="auto, (max-width: 1016px) 100vw, 1016px" /></figure>



<p class="wp-block-paragraph" style="font-size:20px">En esta plaza se encuentra la Escuela Superior de Arte Dramático, de la que trataremos en una página específica, <a href="https://xn--porlascallesdecrdoba-p8b.com/?page_id=5957">https://xn--porlascallesdecrdoba-p8b.com/?page_id=5957</a>.</p>



<figure class="wp-block-gallery has-nested-images columns-default is-cropped wp-block-gallery-1 is-layout-flex wp-block-gallery-is-layout-flex">
<figure class="wp-block-image size-large"><a href="https://xn--porlascallesdecrdoba-p8b.com/?page_id=5867"><img loading="lazy" decoding="async" width="182" height="89" data-id="5724" src="https://xn--porlascallesdecrdoba-p8b.com/wp-content/uploads/2026/08/01-Volver.png" alt="" class="wp-image-5724"/></a></figure>



<figure class="wp-block-image size-large"><a href="https://xn--porlascallesdecrdoba-p8b.com/?page_id=5949"><img loading="lazy" decoding="async" width="188" height="89" data-id="5725" src="https://xn--porlascallesdecrdoba-p8b.com/wp-content/uploads/2026/08/03-avanzar.png" alt="" class="wp-image-5725"/></a></figure>
</figure>


<div class="wp-block-image">
<figure class="aligncenter size-large"><a href="https://xn--porlascallesdecrdoba-p8b.com/?page_id=5727"><img loading="lazy" decoding="async" width="370" height="67" src="https://xn--porlascallesdecrdoba-p8b.com/wp-content/uploads/2026/08/Captura-de-pantalla-2026-08-02-182713-1.png" alt="" class="wp-image-5726" srcset="https://xn--porlascallesdecrdoba-p8b.com/wp-content/uploads/2026/08/Captura-de-pantalla-2026-08-02-182713-1.png 370w, https://xn--porlascallesdecrdoba-p8b.com/wp-content/uploads/2026/08/Captura-de-pantalla-2026-08-02-182713-1-300x54.png 300w" sizes="auto, (max-width: 370px) 100vw, 370px" /></a></figure>
</div>


<p class="wp-block-paragraph" style="font-size:20px"></p>

<p>La plaza “Agrupación de Cofradías”, nos comunica la Judería con el centro de la ciudad, en ella confluyen las calles «Velázquez Bosco», «Cespedes», «Conde Luque», para subir hacia «Las Tendillas», <a class="more-link" href="https://xn--porlascallesdecrdoba-p8b.com/?page_id=5870">Seguir leyendo &rarr;</a></p>
