{"id":5872,"date":"2026-08-04T15:24:30","date_gmt":"2026-08-04T15:24:30","guid":{"rendered":"https:\/\/xn--porlascallesdecrdoba-p8b.com\/?page_id=5872"},"modified":"2026-08-04T16:47:23","modified_gmt":"2026-08-04T16:47:23","slug":"samuel-de-los-santos-gener-2","status":"publish","type":"page","link":"https:\/\/xn--porlascallesdecrdoba-p8b.com\/?page_id=5872","title":{"rendered":"Samuel de los Santos Gener"},"content":{"rendered":"<div class=\"wp-block-image\">\n<figure class=\"alignright size-full is-resized\"><img loading=\"lazy\" decoding=\"async\" width=\"2272\" height=\"1704\" src=\"https:\/\/xn--porlascallesdecrdoba-p8b.com\/wp-content\/uploads\/2026\/08\/16-08-10_-203.jpg\" alt=\"\" class=\"wp-image-5900\" style=\"width:464px;height:auto\"\/><\/figure>\n<\/div>\n\n\n<p class=\"wp-block-paragraph\" style=\"font-size:20px\">Al final de \u201cVel\u00e1zquez Bosco\u201d, a la derecha se encuentra otra calleja sin salida, a mediados del siglo XX tomar\u00eda el nombre de \u201c<strong>Samuel de los Santos Gener<\/strong>\u201d<strong> <\/strong>(Cartagena 1888 &#8211; Albacete 1965), fue director del Museo Arqueol\u00f3gico de C\u00f3rdoba, desde 1926 hasta 1958. En 1924 ingres\u00f3 por oposici\u00f3n en el Cuerpo Facultativo de Archiveros, Bibliotecarios y Arque\u00f3logos, tomando posesi\u00f3n del cargo de Jefe de la Biblioteca P\u00fablica de C\u00f3rdoba en 1924, donde permaneci\u00f3 hasta enero de 1926, fecha en que a petici\u00f3n propia fue trasladado al Museo Arqueol\u00f3gico de C\u00f3rdoba en el que prest\u00f3 sus servicios hasta su jubilaci\u00f3n en 1958. Los primeros a\u00f1os de su estancia en el museo coincidieron con la instalaci\u00f3n del mismo en la nueva sede, calle que hoy lleva su nombre. Finalizar\u00eda su labor con el inicio del traslado a la sede actual en la plaza \u201cJer\u00f3nimo P\u00e1ez\u201d. Desde 1930 estuvo vinculado a la docencia, ejerciendo primero de profesor ayudante de Historia del Arte en la Escuela de Artes y Oficios y m\u00e1s tarde de profesor de Lengua Alemana en el Instituto de Segunda Ense\u00f1anza.<\/p>\n\n\n\n<p class=\"wp-block-paragraph\" style=\"font-size:20px\">A consecuencia de un \u201cexpediente depurativo\u201d, frecuentes al inicio de la Guerra Civil, tuvo que dejar su puesto en el museo desde el 29 de octubre de 1936 hasta el 1 de febrero de 1938 en que fue readmitido al Cuerpo, destin\u00e1ndosele al Archivo de Hacienda de Badajoz. En 1939 regres\u00f3 a C\u00f3rdoba ocup\u00e1ndose de la direcci\u00f3n del Museo Arqueol\u00f3gico. Durante su direcci\u00f3n la colecci\u00f3n se ampli\u00f3 con 10.000 piezas registradas.<\/p>\n\n\n\n<p class=\"wp-block-paragraph\" style=\"font-size:20px\">Gracias a su labor en excavaciones como director del Museo, su tarea de compilaci\u00f3n de informaci\u00f3n, sus estudios pormenorizados y la recuperaci\u00f3n de piezas puso a mediados del siglo XX las bases del conocimiento de la arqueolog\u00eda cordobesa actual. En 1947 fue nombrado comisario provincial de excavaciones arqueol\u00f3gicas en C\u00f3rdoba.<\/p>\n\n\n\n<p class=\"wp-block-paragraph\" style=\"font-size:20px\">Junto con el arquitecto F\u00e9lix Hern\u00e1ndez planificar\u00edan el nuevo museo en la plaza de Jer\u00f3nimo P\u00e1ez, el cual fue inaugurado a\u00f1os despu\u00e9s de su jubilaci\u00f3n. Samuel de los Santos tras su jubilaci\u00f3n traslada su residencia a Albacete, donde viv\u00eda su hijo, director del Museo de esta localidad.<\/p>\n\n\n\n<p class=\"wp-block-paragraph\" style=\"font-size:20px\">Esta calle durante el siglo XIV recibir\u00eda el nombre de \u201ccalleja del Chantre\u201d (can\u00f3nigo episcopal que dirig\u00eda el coro de la catedral), y posteriormente \u201ccalleja del Tesorero\u201d, por vivir en ella el tesorero de la catedral. Varias de sus casas ser\u00edan de las denominadas \u201cCasas de Estatuto\u201d, propiedad del cabildo catedralicio que servir\u00e1n de residencia a los altos cargos de \u00e9ste, mediante el pago de un alquiler.<\/p>\n\n\n\n<p class=\"wp-block-paragraph\" style=\"font-size:20px\">Con referencia al cargo de tesorero de la catedral, existe el curioso caso de Pedro Fern\u00e1ndez de Alcaudete, que pudo vivir en esta calle durante el siglo XV. Fue&nbsp;acusado de hereje y de ser un falso converso al cristianismo, en un auto de fe realizado en 1484 fue condenado a la hoguera, junto a una mujer acusada de ser su \u201cmanceba\u201d. El acto se realiz\u00f3 en el comp\u00e1s del convento de San Pedro el Real (actual iglesia de San Francisco), ambos ser\u00edan ejecutados en la hoguera.<\/p>\n\n\n<div class=\"wp-block-image\">\n<figure class=\"alignleft size-large is-resized\"><img loading=\"lazy\" decoding=\"async\" width=\"768\" height=\"1024\" src=\"https:\/\/xn--porlascallesdecrdoba-p8b.com\/wp-content\/uploads\/2026\/08\/16-08-10_-211-768x1024.jpg\" alt=\"\" class=\"wp-image-5901\" style=\"aspect-ratio:0.750007629627369;width:271px;height:auto\" srcset=\"https:\/\/xn--porlascallesdecrdoba-p8b.com\/wp-content\/uploads\/2026\/08\/16-08-10_-211-768x1024.jpg 768w, https:\/\/xn--porlascallesdecrdoba-p8b.com\/wp-content\/uploads\/2026\/08\/16-08-10_-211-225x300.jpg 225w, https:\/\/xn--porlascallesdecrdoba-p8b.com\/wp-content\/uploads\/2026\/08\/16-08-10_-211-1152x1536.jpg 1152w, https:\/\/xn--porlascallesdecrdoba-p8b.com\/wp-content\/uploads\/2026\/08\/16-08-10_-211-1536x2048.jpg 1536w, https:\/\/xn--porlascallesdecrdoba-p8b.com\/wp-content\/uploads\/2026\/08\/16-08-10_-211.jpg 1704w\" sizes=\"auto, (max-width: 768px) 100vw, 768px\" \/><figcaption class=\"wp-element-caption\">Acceso al convento de la Encarnaci\u00f3n<\/figcaption><\/figure>\n<\/div>\n\n\n<p class=\"wp-block-paragraph\" style=\"font-size:20px\">Su sentencia se encuentra en un manuscrito del \u201carchivo del Real convento de San Pedro de la Orden Franciscana, Casa grande de esta Ciudad\u00bb, en donde se le condena por \u00ab<em>erege judaizado apostatado<\/em>\u00ab. En la sentencia habla de \u00ab<em>fallo, que le devo condenar y condeno por los dichos delitos \u00e9 errores \u00e1 pena de muerte natural, la cual mando que sea por fuego material, \u00e9 sea quemado vivo hasta tanto que sea convertido en ceniza, \u00e9 \u00e1 pena de confiscacion de todos sus bienes, los quales confisco \u00e9 aplico \u00e1 quien con derecho los debe haver<\/em>\u00ab. El condenado deb\u00eda llegar al cadalso cabalgando \u00ab<em>en un asno con una soga al pescuexo; \u00e9 las manos atadas, lo lieve \u00e1 quemar vivo \u00e1 la Puerta baja<\/em>\u00ab.<\/p>\n\n\n\n<p class=\"wp-block-paragraph\" style=\"font-size:20px\">Sobre la vida de este personaje se han narrado diversas leyendas y el escritor Luis S\u00e1nchez Garc\u00eda, ha escrito la novela \u201cEl Tesorero de la Catedral\u201d.<\/p>\n\n\n\n<p class=\"wp-block-paragraph\" style=\"font-size:20px\">En esta calleja tiene un acceso el convento de \u201cLa Encarnaci\u00f3n\u201d. Frente a \u00e9l, la casa n\u00famero 5 es la sede la C\u00e1ritas Parroquial del Sagrario, parroquia dentro de la Catedral, era una de las citadas \u201cCasas de Estatuto\u201d, conserva un bello patio porticado en tres de sus lados, cuyos arcos de ladrillo descansan sobre columnas, la planta alta posee galer\u00edas, una de ellas abierta mediante columnas y la otra con pilares. Este patio es uno de los que acuden cada mayo al certamen de \u201cLos Patios\u201d. a su lado, la casa n\u00famero siete se encuentra pr\u00e1cticamente destruida.<\/p>\n\n\n\n<figure class=\"wp-block-image size-large\"><img loading=\"lazy\" decoding=\"async\" width=\"1024\" height=\"576\" src=\"https:\/\/xn--porlascallesdecrdoba-p8b.com\/wp-content\/uploads\/2026\/08\/20210506_113319-1024x576.jpg\" alt=\"\" class=\"wp-image-5903\" srcset=\"https:\/\/xn--porlascallesdecrdoba-p8b.com\/wp-content\/uploads\/2026\/08\/20210506_113319-1024x576.jpg 1024w, https:\/\/xn--porlascallesdecrdoba-p8b.com\/wp-content\/uploads\/2026\/08\/20210506_113319-300x169.jpg 300w, https:\/\/xn--porlascallesdecrdoba-p8b.com\/wp-content\/uploads\/2026\/08\/20210506_113319-768x432.jpg 768w, https:\/\/xn--porlascallesdecrdoba-p8b.com\/wp-content\/uploads\/2026\/08\/20210506_113319-1536x864.jpg 1536w, https:\/\/xn--porlascallesdecrdoba-p8b.com\/wp-content\/uploads\/2026\/08\/20210506_113319-2048x1152.jpg 2048w\" sizes=\"auto, (max-width: 1024px) 100vw, 1024px\" \/><figcaption class=\"wp-element-caption\">Samuel de los Santos Gener, 5<\/figcaption><\/figure>\n\n\n\n<p class=\"wp-block-paragraph\" style=\"font-size:20px\">Cierra la calle la \u00abCasa Mud\u00e9jar\u00bb, un edificio que merece la pena visitarlo.<\/p>\n\n\n\n<figure class=\"wp-block-gallery has-nested-images columns-default is-cropped wp-block-gallery-1 is-layout-flex wp-block-gallery-is-layout-flex\">\n<figure class=\"wp-block-image size-large\"><a href=\"https:\/\/xn--porlascallesdecrdoba-p8b.com\/?page_id=5744\"><img loading=\"lazy\" decoding=\"async\" width=\"182\" height=\"89\" data-id=\"5724\" src=\"https:\/\/xn--porlascallesdecrdoba-p8b.com\/wp-content\/uploads\/2026\/08\/01-Volver.png\" alt=\"\" class=\"wp-image-5724\"\/><\/a><\/figure>\n\n\n\n<figure class=\"wp-block-image size-large\"><a href=\"https:\/\/xn--porlascallesdecrdoba-p8b.com\/?page_id=5867\"><img loading=\"lazy\" decoding=\"async\" width=\"188\" height=\"89\" data-id=\"5725\" src=\"https:\/\/xn--porlascallesdecrdoba-p8b.com\/wp-content\/uploads\/2026\/08\/03-avanzar.png\" alt=\"\" class=\"wp-image-5725\"\/><\/a><\/figure>\n<\/figure>\n\n\n<div class=\"wp-block-image\">\n<figure class=\"aligncenter size-large\"><a href=\"https:\/\/xn--porlascallesdecrdoba-p8b.com\/?page_id=5727\"><img loading=\"lazy\" decoding=\"async\" width=\"370\" height=\"67\" src=\"https:\/\/xn--porlascallesdecrdoba-p8b.com\/wp-content\/uploads\/2026\/08\/Captura-de-pantalla-2026-08-02-182713-1.png\" alt=\"\" class=\"wp-image-5726\" srcset=\"https:\/\/xn--porlascallesdecrdoba-p8b.com\/wp-content\/uploads\/2026\/08\/Captura-de-pantalla-2026-08-02-182713-1.png 370w, https:\/\/xn--porlascallesdecrdoba-p8b.com\/wp-content\/uploads\/2026\/08\/Captura-de-pantalla-2026-08-02-182713-1-300x54.png 300w\" sizes=\"auto, (max-width: 370px) 100vw, 370px\" \/><\/a><\/figure>\n<\/div>\n\n\n<p class=\"wp-block-paragraph\" style=\"font-size:20px\"><\/p>\n","protected":false},"excerpt":{"rendered":"<p>Al final de \u201cVel\u00e1zquez Bosco\u201d, a la derecha se encuentra otra calleja sin salida, a mediados del siglo XX tomar\u00eda el nombre de \u201cSamuel de los Santos Gener\u201d (Cartagena 1888 <a class=\"more-link\" href=\"https:\/\/xn--porlascallesdecrdoba-p8b.com\/?page_id=5872\">Seguir leyendo &rarr;<\/a><\/p>\n","protected":false},"author":1,"featured_media":0,"parent":0,"menu_order":0,"comment_status":"closed","ping_status":"closed","template":"","meta":{"footnotes":""},"class_list":["post-5872","page","type-page","status-publish","hentry"],"_links":{"self":[{"href":"https:\/\/xn--porlascallesdecrdoba-p8b.com\/index.php?rest_route=\/wp\/v2\/pages\/5872","targetHints":{"allow":["GET"]}}],"collection":[{"href":"https:\/\/xn--porlascallesdecrdoba-p8b.com\/index.php?rest_route=\/wp\/v2\/pages"}],"about":[{"href":"https:\/\/xn--porlascallesdecrdoba-p8b.com\/index.php?rest_route=\/wp\/v2\/types\/page"}],"author":[{"embeddable":true,"href":"https:\/\/xn--porlascallesdecrdoba-p8b.com\/index.php?rest_route=\/wp\/v2\/users\/1"}],"replies":[{"embeddable":true,"href":"https:\/\/xn--porlascallesdecrdoba-p8b.com\/index.php?rest_route=%2Fwp%2Fv2%2Fcomments&post=5872"}],"version-history":[{"count":2,"href":"https:\/\/xn--porlascallesdecrdoba-p8b.com\/index.php?rest_route=\/wp\/v2\/pages\/5872\/revisions"}],"predecessor-version":[{"id":5904,"href":"https:\/\/xn--porlascallesdecrdoba-p8b.com\/index.php?rest_route=\/wp\/v2\/pages\/5872\/revisions\/5904"}],"wp:attachment":[{"href":"https:\/\/xn--porlascallesdecrdoba-p8b.com\/index.php?rest_route=%2Fwp%2Fv2%2Fmedia&parent=5872"}],"curies":[{"name":"wp","href":"https:\/\/api.w.org\/{rel}","templated":true}]}}

<div class="wp-block-image">
<figure class="alignright size-full is-resized"><img loading="lazy" decoding="async" width="2272" height="1704" src="https://xn--porlascallesdecrdoba-p8b.com/wp-content/uploads/2026/08/16-08-10_-203.jpg" alt="" class="wp-image-5900" style="width:464px;height:auto"/></figure>
</div>


<p class="wp-block-paragraph" style="font-size:20px">Al final de “Velázquez Bosco”, a la derecha se encuentra otra calleja sin salida, a mediados del siglo XX tomaría el nombre de “<strong>Samuel de los Santos Gener</strong>”<strong> </strong>(Cartagena 1888 &#8211; Albacete 1965), fue director del Museo Arqueológico de Córdoba, desde 1926 hasta 1958. En 1924 ingresó por oposición en el Cuerpo Facultativo de Archiveros, Bibliotecarios y Arqueólogos, tomando posesión del cargo de Jefe de la Biblioteca Pública de Córdoba en 1924, donde permaneció hasta enero de 1926, fecha en que a petición propia fue trasladado al Museo Arqueológico de Córdoba en el que prestó sus servicios hasta su jubilación en 1958. Los primeros años de su estancia en el museo coincidieron con la instalación del mismo en la nueva sede, calle que hoy lleva su nombre. Finalizaría su labor con el inicio del traslado a la sede actual en la plaza “Jerónimo Páez”. Desde 1930 estuvo vinculado a la docencia, ejerciendo primero de profesor ayudante de Historia del Arte en la Escuela de Artes y Oficios y más tarde de profesor de Lengua Alemana en el Instituto de Segunda Enseñanza.</p>



<p class="wp-block-paragraph" style="font-size:20px">A consecuencia de un “expediente depurativo”, frecuentes al inicio de la Guerra Civil, tuvo que dejar su puesto en el museo desde el 29 de octubre de 1936 hasta el 1 de febrero de 1938 en que fue readmitido al Cuerpo, destinándosele al Archivo de Hacienda de Badajoz. En 1939 regresó a Córdoba ocupándose de la dirección del Museo Arqueológico. Durante su dirección la colección se amplió con 10.000 piezas registradas.</p>



<p class="wp-block-paragraph" style="font-size:20px">Gracias a su labor en excavaciones como director del Museo, su tarea de compilación de información, sus estudios pormenorizados y la recuperación de piezas puso a mediados del siglo XX las bases del conocimiento de la arqueología cordobesa actual. En 1947 fue nombrado comisario provincial de excavaciones arqueológicas en Córdoba.</p>



<p class="wp-block-paragraph" style="font-size:20px">Junto con el arquitecto Félix Hernández planificarían el nuevo museo en la plaza de Jerónimo Páez, el cual fue inaugurado años después de su jubilación. Samuel de los Santos tras su jubilación traslada su residencia a Albacete, donde vivía su hijo, director del Museo de esta localidad.</p>



<p class="wp-block-paragraph" style="font-size:20px">Esta calle durante el siglo XIV recibiría el nombre de “calleja del Chantre” (canónigo episcopal que dirigía el coro de la catedral), y posteriormente “calleja del Tesorero”, por vivir en ella el tesorero de la catedral. Varias de sus casas serían de las denominadas “Casas de Estatuto”, propiedad del cabildo catedralicio que servirán de residencia a los altos cargos de éste, mediante el pago de un alquiler.</p>



<p class="wp-block-paragraph" style="font-size:20px">Con referencia al cargo de tesorero de la catedral, existe el curioso caso de Pedro Fernández de Alcaudete, que pudo vivir en esta calle durante el siglo XV. Fue&nbsp;acusado de hereje y de ser un falso converso al cristianismo, en un auto de fe realizado en 1484 fue condenado a la hoguera, junto a una mujer acusada de ser su “manceba”. El acto se realizó en el compás del convento de San Pedro el Real (actual iglesia de San Francisco), ambos serían ejecutados en la hoguera.</p>


<div class="wp-block-image">
<figure class="alignleft size-large is-resized"><img loading="lazy" decoding="async" width="768" height="1024" src="https://xn--porlascallesdecrdoba-p8b.com/wp-content/uploads/2026/08/16-08-10_-211-768x1024.jpg" alt="" class="wp-image-5901" style="aspect-ratio:0.750007629627369;width:271px;height:auto" srcset="https://xn--porlascallesdecrdoba-p8b.com/wp-content/uploads/2026/08/16-08-10_-211-768x1024.jpg 768w, https://xn--porlascallesdecrdoba-p8b.com/wp-content/uploads/2026/08/16-08-10_-211-225x300.jpg 225w, https://xn--porlascallesdecrdoba-p8b.com/wp-content/uploads/2026/08/16-08-10_-211-1152x1536.jpg 1152w, https://xn--porlascallesdecrdoba-p8b.com/wp-content/uploads/2026/08/16-08-10_-211-1536x2048.jpg 1536w, https://xn--porlascallesdecrdoba-p8b.com/wp-content/uploads/2026/08/16-08-10_-211.jpg 1704w" sizes="auto, (max-width: 768px) 100vw, 768px" /><figcaption class="wp-element-caption">Acceso al convento de la Encarnación</figcaption></figure>
</div>


<p class="wp-block-paragraph" style="font-size:20px">Su sentencia se encuentra en un manuscrito del “archivo del Real convento de San Pedro de la Orden Franciscana, Casa grande de esta Ciudad», en donde se le condena por «<em>erege judaizado apostatado</em>«. En la sentencia habla de «<em>fallo, que le devo condenar y condeno por los dichos delitos é errores á pena de muerte natural, la cual mando que sea por fuego material, é sea quemado vivo hasta tanto que sea convertido en ceniza, é á pena de confiscacion de todos sus bienes, los quales confisco é aplico á quien con derecho los debe haver</em>«. El condenado debía llegar al cadalso cabalgando «<em>en un asno con una soga al pescuexo; é las manos atadas, lo lieve á quemar vivo á la Puerta baja</em>«.</p>



<p class="wp-block-paragraph" style="font-size:20px">Sobre la vida de este personaje se han narrado diversas leyendas y el escritor Luis Sánchez García, ha escrito la novela “El Tesorero de la Catedral”.</p>



<p class="wp-block-paragraph" style="font-size:20px">En esta calleja tiene un acceso el convento de “La Encarnación”. Frente a él, la casa número 5 es la sede la Cáritas Parroquial del Sagrario, parroquia dentro de la Catedral, era una de las citadas “Casas de Estatuto”, conserva un bello patio porticado en tres de sus lados, cuyos arcos de ladrillo descansan sobre columnas, la planta alta posee galerías, una de ellas abierta mediante columnas y la otra con pilares. Este patio es uno de los que acuden cada mayo al certamen de “Los Patios”. a su lado, la casa número siete se encuentra prácticamente destruida.</p>



<figure class="wp-block-image size-large"><img loading="lazy" decoding="async" width="1024" height="576" src="https://xn--porlascallesdecrdoba-p8b.com/wp-content/uploads/2026/08/20210506_113319-1024x576.jpg" alt="" class="wp-image-5903" srcset="https://xn--porlascallesdecrdoba-p8b.com/wp-content/uploads/2026/08/20210506_113319-1024x576.jpg 1024w, https://xn--porlascallesdecrdoba-p8b.com/wp-content/uploads/2026/08/20210506_113319-300x169.jpg 300w, https://xn--porlascallesdecrdoba-p8b.com/wp-content/uploads/2026/08/20210506_113319-768x432.jpg 768w, https://xn--porlascallesdecrdoba-p8b.com/wp-content/uploads/2026/08/20210506_113319-1536x864.jpg 1536w, https://xn--porlascallesdecrdoba-p8b.com/wp-content/uploads/2026/08/20210506_113319-2048x1152.jpg 2048w" sizes="auto, (max-width: 1024px) 100vw, 1024px" /><figcaption class="wp-element-caption">Samuel de los Santos Gener, 5</figcaption></figure>



<p class="wp-block-paragraph" style="font-size:20px">Cierra la calle la «Casa Mudéjar», un edificio que merece la pena visitarlo.</p>



<figure class="wp-block-gallery has-nested-images columns-default is-cropped wp-block-gallery-1 is-layout-flex wp-block-gallery-is-layout-flex">
<figure class="wp-block-image size-large"><a href="https://xn--porlascallesdecrdoba-p8b.com/?page_id=5744"><img loading="lazy" decoding="async" width="182" height="89" data-id="5724" src="https://xn--porlascallesdecrdoba-p8b.com/wp-content/uploads/2026/08/01-Volver.png" alt="" class="wp-image-5724"/></a></figure>



<figure class="wp-block-image size-large"><a href="https://xn--porlascallesdecrdoba-p8b.com/?page_id=5867"><img loading="lazy" decoding="async" width="188" height="89" data-id="5725" src="https://xn--porlascallesdecrdoba-p8b.com/wp-content/uploads/2026/08/03-avanzar.png" alt="" class="wp-image-5725"/></a></figure>
</figure>


<div class="wp-block-image">
<figure class="aligncenter size-large"><a href="https://xn--porlascallesdecrdoba-p8b.com/?page_id=5727"><img loading="lazy" decoding="async" width="370" height="67" src="https://xn--porlascallesdecrdoba-p8b.com/wp-content/uploads/2026/08/Captura-de-pantalla-2026-08-02-182713-1.png" alt="" class="wp-image-5726" srcset="https://xn--porlascallesdecrdoba-p8b.com/wp-content/uploads/2026/08/Captura-de-pantalla-2026-08-02-182713-1.png 370w, https://xn--porlascallesdecrdoba-p8b.com/wp-content/uploads/2026/08/Captura-de-pantalla-2026-08-02-182713-1-300x54.png 300w" sizes="auto, (max-width: 370px) 100vw, 370px" /></a></figure>
</div>


<p class="wp-block-paragraph" style="font-size:20px"></p>

<p>Al final de “Velázquez Bosco”, a la derecha se encuentra otra calleja sin salida, a mediados del siglo XX tomaría el nombre de “Samuel de los Santos Gener” (Cartagena 1888 <a class="more-link" href="https://xn--porlascallesdecrdoba-p8b.com/?page_id=5872">Seguir leyendo &rarr;</a></p>
