{"id":5952,"date":"2026-08-05T06:58:09","date_gmt":"2026-08-05T06:58:09","guid":{"rendered":"https:\/\/xn--porlascallesdecrdoba-p8b.com\/?page_id=5952"},"modified":"2026-08-07T15:52:05","modified_gmt":"2026-08-07T15:52:05","slug":"conservatorios-de-danza","status":"publish","type":"page","link":"https:\/\/xn--porlascallesdecrdoba-p8b.com\/?page_id=5952","title":{"rendered":"Conservatorio Profesional de Danza"},"content":{"rendered":"\n<p class=\"wp-block-paragraph\" style=\"font-size:20px\">Desde el a\u00f1o 1997, en el n\u00famero 20 de \u201cBlanco Belmonte\u201d se encuentra el <strong>Conservatorio Profesional de Danza \u201cLuis del R\u00edo\u201d<\/strong>, donde se imparten ense\u00f1anzas b\u00e1sicas y profesionales de danza, en este caso en las especialidades de danza: cl\u00e1sica, contempor\u00e1nea, espa\u00f1ola y baile flamenco.<\/p>\n\n\n\n<figure class=\"wp-block-image size-large\"><img loading=\"lazy\" decoding=\"async\" width=\"1024\" height=\"576\" src=\"https:\/\/xn--porlascallesdecrdoba-p8b.com\/wp-content\/uploads\/2026\/08\/20210717_095554-1024x576.jpg\" alt=\"\" class=\"wp-image-6051\" srcset=\"https:\/\/xn--porlascallesdecrdoba-p8b.com\/wp-content\/uploads\/2026\/08\/20210717_095554-1024x576.jpg 1024w, https:\/\/xn--porlascallesdecrdoba-p8b.com\/wp-content\/uploads\/2026\/08\/20210717_095554-300x169.jpg 300w, https:\/\/xn--porlascallesdecrdoba-p8b.com\/wp-content\/uploads\/2026\/08\/20210717_095554-768x432.jpg 768w, https:\/\/xn--porlascallesdecrdoba-p8b.com\/wp-content\/uploads\/2026\/08\/20210717_095554-1536x864.jpg 1536w, https:\/\/xn--porlascallesdecrdoba-p8b.com\/wp-content\/uploads\/2026\/08\/20210717_095554-2048x1152.jpg 2048w\" sizes=\"auto, (max-width: 1024px) 100vw, 1024px\" \/><\/figure>\n\n\n<div class=\"wp-block-image\">\n<figure class=\"alignright size-full is-resized\"><img loading=\"lazy\" decoding=\"async\" width=\"355\" height=\"345\" src=\"https:\/\/xn--porlascallesdecrdoba-p8b.com\/wp-content\/uploads\/2026\/08\/image-41.png\" alt=\"\" class=\"wp-image-6053\" style=\"width:247px;height:auto\" srcset=\"https:\/\/xn--porlascallesdecrdoba-p8b.com\/wp-content\/uploads\/2026\/08\/image-41.png 355w, https:\/\/xn--porlascallesdecrdoba-p8b.com\/wp-content\/uploads\/2026\/08\/image-41-300x292.png 300w\" sizes=\"auto, (max-width: 355px) 100vw, 355px\" \/><figcaption class=\"wp-element-caption\">Luis del R\u00edo<\/figcaption><\/figure>\n<\/div>\n\n\n<p class=\"wp-block-paragraph\" style=\"font-size:20px\">El Conservatorio fue creado en 1966 gracias a la labor de su primer profesor, Luis del R\u00edo, primer bailar\u00edn de varias compa\u00f1\u00edas, con las que viajar\u00eda por todo el mundo durante 17 a\u00f1os. Tras aprobar las oposiciones de profesor del Conservatorio de M\u00fasica, regresar\u00e1 a C\u00f3rdoba en 1996, desde entonces se dedicar\u00e1 a la ense\u00f1anza en este centro, desde donde se inici\u00f3 la creaci\u00f3n del <strong>Conservatorio de Danza<\/strong>, ya independiente del de M\u00fasica. En 1999, once a\u00f1os despu\u00e9s de su jubilaci\u00f3n, se decidi\u00f3 ponerle su nombre al Conservatorio.<\/p>\n\n\n\n<p class=\"wp-block-paragraph\" style=\"font-size:20px\">El Conservatorio de Danza se independiza de el de M\u00fasica, iniciando su historia junto a la Escuela Superior de Arte Dram\u00e1tico, siendo su sede el Palacio de las Quemadas, en el a\u00f1o 1982 ser\u00eda inaugurado este nuevo centro acad\u00e9mico, tras las obras de rehabilitaci\u00f3n.<\/p>\n\n\n<div class=\"wp-block-image\">\n<figure class=\"alignleft size-large is-resized\"><img loading=\"lazy\" decoding=\"async\" width=\"1024\" height=\"681\" src=\"https:\/\/xn--porlascallesdecrdoba-p8b.com\/wp-content\/uploads\/2026\/08\/01-71-Conserv-danza-web-02-1024x681.jpg\" alt=\"\" class=\"wp-image-6062\" style=\"width:446px;height:auto\" srcset=\"https:\/\/xn--porlascallesdecrdoba-p8b.com\/wp-content\/uploads\/2026\/08\/01-71-Conserv-danza-web-02-1024x681.jpg 1024w, https:\/\/xn--porlascallesdecrdoba-p8b.com\/wp-content\/uploads\/2026\/08\/01-71-Conserv-danza-web-02-300x200.jpg 300w, https:\/\/xn--porlascallesdecrdoba-p8b.com\/wp-content\/uploads\/2026\/08\/01-71-Conserv-danza-web-02-768x511.jpg 768w, https:\/\/xn--porlascallesdecrdoba-p8b.com\/wp-content\/uploads\/2026\/08\/01-71-Conserv-danza-web-02-1536x1022.jpg 1536w, https:\/\/xn--porlascallesdecrdoba-p8b.com\/wp-content\/uploads\/2026\/08\/01-71-Conserv-danza-web-02-2048x1363.jpg 2048w, https:\/\/xn--porlascallesdecrdoba-p8b.com\/wp-content\/uploads\/2026\/08\/01-71-Conserv-danza-web-02-400x267.jpg 400w\" sizes=\"auto, (max-width: 1024px) 100vw, 1024px\" \/><\/figure>\n<\/div>\n\n\n<p class=\"wp-block-paragraph\" style=\"font-size:20px\">En los a\u00f1os noventa se compra el edificio contiguo, la \u201ccasa de los Corteses\u201d, edificada en el siglo XVIII y reformada para la instalaci\u00f3n del Conservatorio en 1994. Posee un patio precioso patio claustral en sus dos plantas. La casa familiar, ya sin uso como tal, se hab\u00eda transformado en casa de vecinos a finales del siglo XIX, como sucedi\u00f3 en muchas casas solariegas cordobesas que, sus propietarios abandonan por no vivir ya en la ciudad. A finales del siglo XX el edificio es adquirido para transformarlo en el actual conservatorio, por lo que es sometido a una excavaci\u00f3n arqueol\u00f3gica previa a la reforma. En ella son varios los elementos destacables que aparecen, como un mosaico que se conserva incompleto expuesto en uno de los pasillos, est\u00e1 realizado con materiales pobres, guijarros y trozos de cer\u00e1mica. Por su decoraci\u00f3n se puede datar entre los siglos III y IV, perteneciendo al pavimento de una domus.<\/p>\n\n\n\n<p class=\"wp-block-paragraph\" style=\"font-size:20px\">Tambi\u00e9n se localizaron una calzada que podr\u00eda pertenecer al cardo m\u00e1ximo, el cual conectaba el foro, en calle Cruz Conde, hasta el r\u00edo. Tambi\u00e9n se localizaron unos pozos y la cloaca principal con alguna ramificaci\u00f3n secundaria que vert\u00eda en ella.<\/p>\n\n\n\n<figure class=\"wp-block-image size-full\"><img loading=\"lazy\" decoding=\"async\" width=\"996\" height=\"463\" src=\"https:\/\/xn--porlascallesdecrdoba-p8b.com\/wp-content\/uploads\/2026\/08\/image-42.png\" alt=\"\" class=\"wp-image-6057\" srcset=\"https:\/\/xn--porlascallesdecrdoba-p8b.com\/wp-content\/uploads\/2026\/08\/image-42.png 996w, https:\/\/xn--porlascallesdecrdoba-p8b.com\/wp-content\/uploads\/2026\/08\/image-42-300x139.png 300w, https:\/\/xn--porlascallesdecrdoba-p8b.com\/wp-content\/uploads\/2026\/08\/image-42-768x357.png 768w\" sizes=\"auto, (max-width: 996px) 100vw, 996px\" \/><\/figure>\n\n\n\n<figure class=\"wp-block-gallery has-nested-images columns-default is-cropped wp-block-gallery-1 is-layout-flex wp-block-gallery-is-layout-flex\">\n<figure class=\"wp-block-image size-large\"><a href=\"https:\/\/xn--porlascallesdecrdoba-p8b.com\/?page_id=5949\"><img loading=\"lazy\" decoding=\"async\" width=\"182\" height=\"89\" data-id=\"5724\" src=\"https:\/\/xn--porlascallesdecrdoba-p8b.com\/wp-content\/uploads\/2026\/08\/01-Volver.png\" alt=\"\" class=\"wp-image-5724\"\/><\/a><\/figure>\n\n\n\n<figure class=\"wp-block-image size-large\"><a href=\"https:\/\/xn--porlascallesdecrdoba-p8b.com\/?page_id=5957\"><img loading=\"lazy\" decoding=\"async\" width=\"188\" height=\"89\" data-id=\"5725\" src=\"https:\/\/xn--porlascallesdecrdoba-p8b.com\/wp-content\/uploads\/2026\/08\/03-avanzar.png\" alt=\"\" class=\"wp-image-5725\"\/><\/a><\/figure>\n<\/figure>\n\n\n<div class=\"wp-block-image\">\n<figure class=\"aligncenter size-large\"><a href=\"https:\/\/xn--porlascallesdecrdoba-p8b.com\/?page_id=5727\"><img loading=\"lazy\" decoding=\"async\" width=\"370\" height=\"67\" src=\"https:\/\/xn--porlascallesdecrdoba-p8b.com\/wp-content\/uploads\/2026\/08\/Captura-de-pantalla-2026-08-02-182713-1.png\" alt=\"\" class=\"wp-image-5726\" srcset=\"https:\/\/xn--porlascallesdecrdoba-p8b.com\/wp-content\/uploads\/2026\/08\/Captura-de-pantalla-2026-08-02-182713-1.png 370w, https:\/\/xn--porlascallesdecrdoba-p8b.com\/wp-content\/uploads\/2026\/08\/Captura-de-pantalla-2026-08-02-182713-1-300x54.png 300w\" sizes=\"auto, (max-width: 370px) 100vw, 370px\" \/><\/a><\/figure>\n<\/div>\n\n\n<p class=\"wp-block-paragraph\" style=\"font-size:20px\"><\/p>\n\n\n\n<p class=\"wp-block-paragraph\"><\/p>\n","protected":false},"excerpt":{"rendered":"<p>Desde el a\u00f1o 1997, en el n\u00famero 20 de \u201cBlanco Belmonte\u201d se encuentra el Conservatorio Profesional de Danza \u201cLuis del R\u00edo\u201d, donde se imparten ense\u00f1anzas b\u00e1sicas y profesionales de danza, <a class=\"more-link\" href=\"https:\/\/xn--porlascallesdecrdoba-p8b.com\/?page_id=5952\">Seguir leyendo &rarr;<\/a><\/p>\n","protected":false},"author":1,"featured_media":0,"parent":0,"menu_order":0,"comment_status":"closed","ping_status":"closed","template":"","meta":{"footnotes":""},"class_list":["post-5952","page","type-page","status-publish","hentry"],"_links":{"self":[{"href":"https:\/\/xn--porlascallesdecrdoba-p8b.com\/index.php?rest_route=\/wp\/v2\/pages\/5952","targetHints":{"allow":["GET"]}}],"collection":[{"href":"https:\/\/xn--porlascallesdecrdoba-p8b.com\/index.php?rest_route=\/wp\/v2\/pages"}],"about":[{"href":"https:\/\/xn--porlascallesdecrdoba-p8b.com\/index.php?rest_route=\/wp\/v2\/types\/page"}],"author":[{"embeddable":true,"href":"https:\/\/xn--porlascallesdecrdoba-p8b.com\/index.php?rest_route=\/wp\/v2\/users\/1"}],"replies":[{"embeddable":true,"href":"https:\/\/xn--porlascallesdecrdoba-p8b.com\/index.php?rest_route=%2Fwp%2Fv2%2Fcomments&post=5952"}],"version-history":[{"count":14,"href":"https:\/\/xn--porlascallesdecrdoba-p8b.com\/index.php?rest_route=\/wp\/v2\/pages\/5952\/revisions"}],"predecessor-version":[{"id":6107,"href":"https:\/\/xn--porlascallesdecrdoba-p8b.com\/index.php?rest_route=\/wp\/v2\/pages\/5952\/revisions\/6107"}],"wp:attachment":[{"href":"https:\/\/xn--porlascallesdecrdoba-p8b.com\/index.php?rest_route=%2Fwp%2Fv2%2Fmedia&parent=5952"}],"curies":[{"name":"wp","href":"https:\/\/api.w.org\/{rel}","templated":true}]}}

<p class="wp-block-paragraph" style="font-size:20px">Desde el año 1997, en el número 20 de “Blanco Belmonte” se encuentra el <strong>Conservatorio Profesional de Danza “Luis del Río”</strong>, donde se imparten enseñanzas básicas y profesionales de danza, en este caso en las especialidades de danza: clásica, contemporánea, española y baile flamenco.</p>



<figure class="wp-block-image size-large"><img loading="lazy" decoding="async" width="1024" height="576" src="https://xn--porlascallesdecrdoba-p8b.com/wp-content/uploads/2026/08/20210717_095554-1024x576.jpg" alt="" class="wp-image-6051" srcset="https://xn--porlascallesdecrdoba-p8b.com/wp-content/uploads/2026/08/20210717_095554-1024x576.jpg 1024w, https://xn--porlascallesdecrdoba-p8b.com/wp-content/uploads/2026/08/20210717_095554-300x169.jpg 300w, https://xn--porlascallesdecrdoba-p8b.com/wp-content/uploads/2026/08/20210717_095554-768x432.jpg 768w, https://xn--porlascallesdecrdoba-p8b.com/wp-content/uploads/2026/08/20210717_095554-1536x864.jpg 1536w, https://xn--porlascallesdecrdoba-p8b.com/wp-content/uploads/2026/08/20210717_095554-2048x1152.jpg 2048w" sizes="auto, (max-width: 1024px) 100vw, 1024px" /></figure>


<div class="wp-block-image">
<figure class="alignright size-full is-resized"><img loading="lazy" decoding="async" width="355" height="345" src="https://xn--porlascallesdecrdoba-p8b.com/wp-content/uploads/2026/08/image-41.png" alt="" class="wp-image-6053" style="width:247px;height:auto" srcset="https://xn--porlascallesdecrdoba-p8b.com/wp-content/uploads/2026/08/image-41.png 355w, https://xn--porlascallesdecrdoba-p8b.com/wp-content/uploads/2026/08/image-41-300x292.png 300w" sizes="auto, (max-width: 355px) 100vw, 355px" /><figcaption class="wp-element-caption">Luis del Río</figcaption></figure>
</div>


<p class="wp-block-paragraph" style="font-size:20px">El Conservatorio fue creado en 1966 gracias a la labor de su primer profesor, Luis del Río, primer bailarín de varias compañías, con las que viajaría por todo el mundo durante 17 años. Tras aprobar las oposiciones de profesor del Conservatorio de Música, regresará a Córdoba en 1996, desde entonces se dedicará a la enseñanza en este centro, desde donde se inició la creación del <strong>Conservatorio de Danza</strong>, ya independiente del de Música. En 1999, once años después de su jubilación, se decidió ponerle su nombre al Conservatorio.</p>



<p class="wp-block-paragraph" style="font-size:20px">El Conservatorio de Danza se independiza de el de Música, iniciando su historia junto a la Escuela Superior de Arte Dramático, siendo su sede el Palacio de las Quemadas, en el año 1982 sería inaugurado este nuevo centro académico, tras las obras de rehabilitación.</p>


<div class="wp-block-image">
<figure class="alignleft size-large is-resized"><img loading="lazy" decoding="async" width="1024" height="681" src="https://xn--porlascallesdecrdoba-p8b.com/wp-content/uploads/2026/08/01-71-Conserv-danza-web-02-1024x681.jpg" alt="" class="wp-image-6062" style="width:446px;height:auto" srcset="https://xn--porlascallesdecrdoba-p8b.com/wp-content/uploads/2026/08/01-71-Conserv-danza-web-02-1024x681.jpg 1024w, https://xn--porlascallesdecrdoba-p8b.com/wp-content/uploads/2026/08/01-71-Conserv-danza-web-02-300x200.jpg 300w, https://xn--porlascallesdecrdoba-p8b.com/wp-content/uploads/2026/08/01-71-Conserv-danza-web-02-768x511.jpg 768w, https://xn--porlascallesdecrdoba-p8b.com/wp-content/uploads/2026/08/01-71-Conserv-danza-web-02-1536x1022.jpg 1536w, https://xn--porlascallesdecrdoba-p8b.com/wp-content/uploads/2026/08/01-71-Conserv-danza-web-02-2048x1363.jpg 2048w, https://xn--porlascallesdecrdoba-p8b.com/wp-content/uploads/2026/08/01-71-Conserv-danza-web-02-400x267.jpg 400w" sizes="auto, (max-width: 1024px) 100vw, 1024px" /></figure>
</div>


<p class="wp-block-paragraph" style="font-size:20px">En los años noventa se compra el edificio contiguo, la “casa de los Corteses”, edificada en el siglo XVIII y reformada para la instalación del Conservatorio en 1994. Posee un patio precioso patio claustral en sus dos plantas. La casa familiar, ya sin uso como tal, se había transformado en casa de vecinos a finales del siglo XIX, como sucedió en muchas casas solariegas cordobesas que, sus propietarios abandonan por no vivir ya en la ciudad. A finales del siglo XX el edificio es adquirido para transformarlo en el actual conservatorio, por lo que es sometido a una excavación arqueológica previa a la reforma. En ella son varios los elementos destacables que aparecen, como un mosaico que se conserva incompleto expuesto en uno de los pasillos, está realizado con materiales pobres, guijarros y trozos de cerámica. Por su decoración se puede datar entre los siglos III y IV, perteneciendo al pavimento de una domus.</p>



<p class="wp-block-paragraph" style="font-size:20px">También se localizaron una calzada que podría pertenecer al cardo máximo, el cual conectaba el foro, en calle Cruz Conde, hasta el río. También se localizaron unos pozos y la cloaca principal con alguna ramificación secundaria que vertía en ella.</p>



<figure class="wp-block-image size-full"><img loading="lazy" decoding="async" width="996" height="463" src="https://xn--porlascallesdecrdoba-p8b.com/wp-content/uploads/2026/08/image-42.png" alt="" class="wp-image-6057" srcset="https://xn--porlascallesdecrdoba-p8b.com/wp-content/uploads/2026/08/image-42.png 996w, https://xn--porlascallesdecrdoba-p8b.com/wp-content/uploads/2026/08/image-42-300x139.png 300w, https://xn--porlascallesdecrdoba-p8b.com/wp-content/uploads/2026/08/image-42-768x357.png 768w" sizes="auto, (max-width: 996px) 100vw, 996px" /></figure>



<figure class="wp-block-gallery has-nested-images columns-default is-cropped wp-block-gallery-1 is-layout-flex wp-block-gallery-is-layout-flex">
<figure class="wp-block-image size-large"><a href="https://xn--porlascallesdecrdoba-p8b.com/?page_id=5949"><img loading="lazy" decoding="async" width="182" height="89" data-id="5724" src="https://xn--porlascallesdecrdoba-p8b.com/wp-content/uploads/2026/08/01-Volver.png" alt="" class="wp-image-5724"/></a></figure>



<figure class="wp-block-image size-large"><a href="https://xn--porlascallesdecrdoba-p8b.com/?page_id=5957"><img loading="lazy" decoding="async" width="188" height="89" data-id="5725" src="https://xn--porlascallesdecrdoba-p8b.com/wp-content/uploads/2026/08/03-avanzar.png" alt="" class="wp-image-5725"/></a></figure>
</figure>


<div class="wp-block-image">
<figure class="aligncenter size-large"><a href="https://xn--porlascallesdecrdoba-p8b.com/?page_id=5727"><img loading="lazy" decoding="async" width="370" height="67" src="https://xn--porlascallesdecrdoba-p8b.com/wp-content/uploads/2026/08/Captura-de-pantalla-2026-08-02-182713-1.png" alt="" class="wp-image-5726" srcset="https://xn--porlascallesdecrdoba-p8b.com/wp-content/uploads/2026/08/Captura-de-pantalla-2026-08-02-182713-1.png 370w, https://xn--porlascallesdecrdoba-p8b.com/wp-content/uploads/2026/08/Captura-de-pantalla-2026-08-02-182713-1-300x54.png 300w" sizes="auto, (max-width: 370px) 100vw, 370px" /></a></figure>
</div>


<p class="wp-block-paragraph" style="font-size:20px"></p>



<p class="wp-block-paragraph"></p>

<p>Desde el año 1997, en el número 20 de “Blanco Belmonte” se encuentra el Conservatorio Profesional de Danza “Luis del Río”, donde se imparten enseñanzas básicas y profesionales de danza, <a class="more-link" href="https://xn--porlascallesdecrdoba-p8b.com/?page_id=5952">Seguir leyendo &rarr;</a></p>
