{"id":5978,"date":"2026-08-05T07:15:13","date_gmt":"2026-08-05T07:15:13","guid":{"rendered":"https:\/\/xn--porlascallesdecrdoba-p8b.com\/?page_id=5978"},"modified":"2026-08-26T16:16:53","modified_gmt":"2026-08-26T16:16:53","slug":"pablo-de-cespedes","status":"publish","type":"page","link":"https:\/\/xn--porlascallesdecrdoba-p8b.com\/?page_id=5978","title":{"rendered":"Pablo de C\u00e9spedes"},"content":{"rendered":"\n<p class=\"wp-block-paragraph\" style=\"font-size:20px\">La calleja de \u201cLa Hoguera\u201d desemboca en la calle que une \u201cAgrupaci\u00f3n de Cofrad\u00edas\u201d con la Mezquita-Catedral, es la calle <strong>\u00abPablo de<\/strong> <strong>C\u00e9spedes\u00bb<\/strong>, en el plano de 1811 figura como calle del \u201cBa\u00f1o Bajo\u00bb, por uno instalado en el siglo XVIII por el Cabildo, al parecer, sobre otros \u00e1rabes<\/p>\n\n\n\n<p class=\"has-black-color has-text-color wp-block-paragraph\" style=\"font-size:20px\">El top\u00f3nimo actual, lo toma a mediados del XIX, en honor del gran humanista cordob\u00e9s del siglo XVI, trabaj\u00f3 diversos aspectos de las Bellas Artes, como pintor, escultor y escritor. Se desconoce el a\u00f1o de su nacimiento, que pudo ser entre 1538 a 1548, tras estudiar en Alcal\u00e1 de Henares viaja a Italia, donde vivir\u00e1 en diversas ciudades para perfeccionar su pintura, al regresar a Espa\u00f1a ser\u00e1 uno de los primeros en trabajar aqu\u00ed los frescos con un estilo manierista, tra\u00eddo de Italia. Entre sus obras en Roma destaca los frescos de la iglesia de&nbsp;Santa Trinidad del Monte (junto a la Plaza de Espa\u00f1a).<strong> <\/strong>Tras su primer viaje a Italia el pintor se instalar\u00e1 en C\u00f3rdoba en el a\u00f1o 1577, aqu\u00ed realizar\u00e1 gran parte de su obra; siendo una de las principales \u201cLa \u00daltima Cena\u201d, instalada junto a una de las puertas del muro oeste de la Mezquita-Catedral. Realizar\u00eda frecuentes viajes a Sevilla. En 1583, regres\u00f3 a Italia por dos a\u00f1os, como representante del cabildo catedralicio para un asunto que se decid\u00eda en el Vaticano.<\/p>\n\n\n<div class=\"wp-block-image\">\n<figure class=\"aligncenter size-large is-resized\"><img loading=\"lazy\" decoding=\"async\" width=\"1024\" height=\"683\" src=\"https:\/\/xn--porlascallesdecrdoba-p8b.com\/wp-content\/uploads\/2026\/08\/18-01-24-_87-1024x683.jpg\" alt=\"\" class=\"wp-image-6377\" style=\"width:613px;height:auto\" srcset=\"https:\/\/xn--porlascallesdecrdoba-p8b.com\/wp-content\/uploads\/2026\/08\/18-01-24-_87-1024x683.jpg 1024w, https:\/\/xn--porlascallesdecrdoba-p8b.com\/wp-content\/uploads\/2026\/08\/18-01-24-_87-300x200.jpg 300w, https:\/\/xn--porlascallesdecrdoba-p8b.com\/wp-content\/uploads\/2026\/08\/18-01-24-_87-768x512.jpg 768w, https:\/\/xn--porlascallesdecrdoba-p8b.com\/wp-content\/uploads\/2026\/08\/18-01-24-_87-1536x1024.jpg 1536w, https:\/\/xn--porlascallesdecrdoba-p8b.com\/wp-content\/uploads\/2026\/08\/18-01-24-_87-2048x1365.jpg 2048w, https:\/\/xn--porlascallesdecrdoba-p8b.com\/wp-content\/uploads\/2026\/08\/18-01-24-_87-400x267.jpg 400w\" sizes=\"auto, (max-width: 1024px) 100vw, 1024px\" \/><\/figure>\n<\/div>\n\n\n<p class=\"has-black-color has-text-color wp-block-paragraph\" style=\"font-size:20px\">En el a\u00f1o 1603 realizar\u00e1 su \u00faltimo viaje a Sevilla pues su mala salud, al parecer aquejado de gota, le imposibilita viajar e incluso pintar, por lo que se dedicar\u00e1 a la investigaci\u00f3n humanista, y compondr\u00e1 poes\u00eda. Fallece en C\u00f3rdoba en el a\u00f1o 1608, teniendo su sepultura en la zona de Al-Hakem II de la Mezquita-Catedral.<\/p>\n\n\n\n<p class=\"wp-block-paragraph\" style=\"font-size:20px\">A la peque\u00f1a calle abren varios edificios con cierta solera de antig\u00fcedad, todos ellos convertidos hoy en comercios tur\u00edstitos, tiendas y restaurantes.<\/p>\n\n\n<div class=\"wp-block-image\">\n<figure class=\"alignright size-full is-resized\"><img loading=\"lazy\" decoding=\"async\" width=\"346\" height=\"450\" src=\"https:\/\/xn--porlascallesdecrdoba-p8b.com\/wp-content\/uploads\/2026\/08\/image-107.png\" alt=\"\" class=\"wp-image-6513\" style=\"aspect-ratio:0.7689075630252101;width:270px;height:auto\"\/><figcaption class=\"wp-element-caption\">Casa n\u00ba 11<\/figcaption><\/figure>\n<\/div>\n\n\n<p class=\"wp-block-paragraph\" style=\"font-size:20px\">En la casa n\u00famero once una placa nos indica que en ella falleci\u00f3, el d\u00eda 28 de octubre de 1801, el escultor y arquitecto Alonso G\u00f3mez de Sandoval; el escultor cordob\u00e9s m\u00e1s importante de la segunda mitad del XVIII, suyo es el retablo de la capilla de los M\u00e1rtires en San Pedro. Su obra m\u00e1s famosa es el San Rafael de la iglesia del Juramento y los cuatro Evangelistas de la iglesia de los Trinitarios Descalzos, en donde est\u00e1 enterrado ante la imagen del Rescatado.<\/p>\n\n\n\n<p class=\"wp-block-paragraph\" style=\"font-size:20px\"><\/p>\n\n\n<div class=\"wp-block-image\">\n<figure class=\"aligncenter size-full is-resized\"><img loading=\"lazy\" decoding=\"async\" width=\"660\" height=\"470\" src=\"https:\/\/xn--porlascallesdecrdoba-p8b.com\/wp-content\/uploads\/2026\/08\/image-94.png\" alt=\"\" class=\"wp-image-6378\" style=\"aspect-ratio:1.4042977604497235;width:420px;height:auto\" srcset=\"https:\/\/xn--porlascallesdecrdoba-p8b.com\/wp-content\/uploads\/2026\/08\/image-94.png 660w, https:\/\/xn--porlascallesdecrdoba-p8b.com\/wp-content\/uploads\/2026\/08\/image-94-300x214.png 300w\" sizes=\"auto, (max-width: 660px) 100vw, 660px\" \/><figcaption class=\"wp-element-caption\">San Refael y Virgen del Socorro (Igl. La Compa\u00f1\u00eda)<\/figcaption><\/figure>\n<\/div>\n\n\n<p class=\"wp-block-paragraph\" style=\"font-size:20px\">En el n\u00famero 10 abre desde 2014 la \u201cVinoteca el S\u00f3tano\u201d, nombre que toma por el s\u00f3tano del edificio, que estuvo lleno de escombros y como trastero durante muchos a\u00f1os y que tras vaciarlo ha puesto a la luz una pila de lavar de origen \u00e1rabe, un pozo, un aljibe, una cocina y un pil\u00f3n.<\/p>\n\n\n\n<figure class=\"wp-block-gallery has-nested-images columns-default is-cropped wp-block-gallery-1 is-layout-flex wp-block-gallery-is-layout-flex\">\n<figure class=\"wp-block-image size-large\"><a href=\"https:\/\/xn--porlascallesdecrdoba-p8b.com\/?page_id=5976\"><img loading=\"lazy\" decoding=\"async\" width=\"218\" height=\"72\" data-id=\"6503\" src=\"https:\/\/xn--porlascallesdecrdoba-p8b.com\/wp-content\/uploads\/2026\/08\/Captura-de-pantalla-2026-08-14-215034.png\" alt=\"\" class=\"wp-image-6503\"\/><\/a><\/figure>\n\n\n\n<figure class=\"wp-block-image size-full\"><a href=\"https:\/\/xn--porlascallesdecrdoba-p8b.com\/?page_id=5727\"><img loading=\"lazy\" decoding=\"async\" width=\"211\" height=\"63\" data-id=\"6505\" src=\"https:\/\/xn--porlascallesdecrdoba-p8b.com\/wp-content\/uploads\/2026\/08\/Captura-de-pantalla-2026-08-14-215040.png\" alt=\"\" class=\"wp-image-6505\"\/><\/a><\/figure>\n\n\n\n<figure class=\"wp-block-image size-large\"><a href=\"https:\/\/xn--porlascallesdecrdoba-p8b.com\/?page_id=5980\"><img loading=\"lazy\" decoding=\"async\" width=\"214\" height=\"64\" data-id=\"6504\" src=\"https:\/\/xn--porlascallesdecrdoba-p8b.com\/wp-content\/uploads\/2026\/08\/Captura-de-pantalla-2026-08-14-215047.png\" alt=\"\" class=\"wp-image-6504\"\/><\/a><\/figure>\n<\/figure>\n\n\n\n<p class=\"wp-block-paragraph\"><\/p>\n","protected":false},"excerpt":{"rendered":"<p>La calleja de \u201cLa Hoguera\u201d desemboca en la calle que une \u201cAgrupaci\u00f3n de Cofrad\u00edas\u201d con la Mezquita-Catedral, es la calle \u00abPablo de C\u00e9spedes\u00bb, en el plano de 1811 figura como <a class=\"more-link\" href=\"https:\/\/xn--porlascallesdecrdoba-p8b.com\/?page_id=5978\">Seguir leyendo &rarr;<\/a><\/p>\n","protected":false},"author":1,"featured_media":0,"parent":0,"menu_order":0,"comment_status":"closed","ping_status":"closed","template":"","meta":{"footnotes":""},"class_list":["post-5978","page","type-page","status-publish","hentry"],"_links":{"self":[{"href":"https:\/\/xn--porlascallesdecrdoba-p8b.com\/index.php?rest_route=\/wp\/v2\/pages\/5978","targetHints":{"allow":["GET"]}}],"collection":[{"href":"https:\/\/xn--porlascallesdecrdoba-p8b.com\/index.php?rest_route=\/wp\/v2\/pages"}],"about":[{"href":"https:\/\/xn--porlascallesdecrdoba-p8b.com\/index.php?rest_route=\/wp\/v2\/types\/page"}],"author":[{"embeddable":true,"href":"https:\/\/xn--porlascallesdecrdoba-p8b.com\/index.php?rest_route=\/wp\/v2\/users\/1"}],"replies":[{"embeddable":true,"href":"https:\/\/xn--porlascallesdecrdoba-p8b.com\/index.php?rest_route=%2Fwp%2Fv2%2Fcomments&post=5978"}],"version-history":[{"count":12,"href":"https:\/\/xn--porlascallesdecrdoba-p8b.com\/index.php?rest_route=\/wp\/v2\/pages\/5978\/revisions"}],"predecessor-version":[{"id":7437,"href":"https:\/\/xn--porlascallesdecrdoba-p8b.com\/index.php?rest_route=\/wp\/v2\/pages\/5978\/revisions\/7437"}],"wp:attachment":[{"href":"https:\/\/xn--porlascallesdecrdoba-p8b.com\/index.php?rest_route=%2Fwp%2Fv2%2Fmedia&parent=5978"}],"curies":[{"name":"wp","href":"https:\/\/api.w.org\/{rel}","templated":true}]}}

Pablo de Céspedes

<p class="wp-block-paragraph" style="font-size:20px">La calleja de “La Hoguera” desemboca en la calle que une “Agrupación de Cofradías” con la Mezquita-Catedral, es la calle <strong>«Pablo de</strong> <strong>Céspedes»</strong>, en el plano de 1811 figura como calle del “Baño Bajo», por uno instalado en el siglo XVIII por el Cabildo, al parecer, sobre otros árabes</p>



<p class="has-black-color has-text-color wp-block-paragraph" style="font-size:20px">El topónimo actual, lo toma a mediados del XIX, en honor del gran humanista cordobés del siglo XVI, trabajó diversos aspectos de las Bellas Artes, como pintor, escultor y escritor. Se desconoce el año de su nacimiento, que pudo ser entre 1538 a 1548, tras estudiar en Alcalá de Henares viaja a Italia, donde vivirá en diversas ciudades para perfeccionar su pintura, al regresar a España será uno de los primeros en trabajar aquí los frescos con un estilo manierista, traído de Italia. Entre sus obras en Roma destaca los frescos de la iglesia de&nbsp;Santa Trinidad del Monte (junto a la Plaza de España).<strong> </strong>Tras su primer viaje a Italia el pintor se instalará en Córdoba en el año 1577, aquí realizará gran parte de su obra; siendo una de las principales “La Última Cena”, instalada junto a una de las puertas del muro oeste de la Mezquita-Catedral. Realizaría frecuentes viajes a Sevilla. En 1583, regresó a Italia por dos años, como representante del cabildo catedralicio para un asunto que se decidía en el Vaticano.</p>


<div class="wp-block-image">
<figure class="aligncenter size-large is-resized"><img loading="lazy" decoding="async" width="1024" height="683" src="https://xn--porlascallesdecrdoba-p8b.com/wp-content/uploads/2026/08/18-01-24-_87-1024x683.jpg" alt="" class="wp-image-6377" style="width:613px;height:auto" srcset="https://xn--porlascallesdecrdoba-p8b.com/wp-content/uploads/2026/08/18-01-24-_87-1024x683.jpg 1024w, https://xn--porlascallesdecrdoba-p8b.com/wp-content/uploads/2026/08/18-01-24-_87-300x200.jpg 300w, https://xn--porlascallesdecrdoba-p8b.com/wp-content/uploads/2026/08/18-01-24-_87-768x512.jpg 768w, https://xn--porlascallesdecrdoba-p8b.com/wp-content/uploads/2026/08/18-01-24-_87-1536x1024.jpg 1536w, https://xn--porlascallesdecrdoba-p8b.com/wp-content/uploads/2026/08/18-01-24-_87-2048x1365.jpg 2048w, https://xn--porlascallesdecrdoba-p8b.com/wp-content/uploads/2026/08/18-01-24-_87-400x267.jpg 400w" sizes="auto, (max-width: 1024px) 100vw, 1024px" /></figure>
</div>


<p class="has-black-color has-text-color wp-block-paragraph" style="font-size:20px">En el año 1603 realizará su último viaje a Sevilla pues su mala salud, al parecer aquejado de gota, le imposibilita viajar e incluso pintar, por lo que se dedicará a la investigación humanista, y compondrá poesía. Fallece en Córdoba en el año 1608, teniendo su sepultura en la zona de Al-Hakem II de la Mezquita-Catedral.</p>



<p class="wp-block-paragraph" style="font-size:20px">A la pequeña calle abren varios edificios con cierta solera de antigüedad, todos ellos convertidos hoy en comercios turístitos, tiendas y restaurantes.</p>


<div class="wp-block-image">
<figure class="alignright size-full is-resized"><img loading="lazy" decoding="async" width="346" height="450" src="https://xn--porlascallesdecrdoba-p8b.com/wp-content/uploads/2026/08/image-107.png" alt="" class="wp-image-6513" style="aspect-ratio:0.7689075630252101;width:270px;height:auto"/><figcaption class="wp-element-caption">Casa nº 11</figcaption></figure>
</div>


<p class="wp-block-paragraph" style="font-size:20px">En la casa número once una placa nos indica que en ella falleció, el día 28 de octubre de 1801, el escultor y arquitecto Alonso Gómez de Sandoval; el escultor cordobés más importante de la segunda mitad del XVIII, suyo es el retablo de la capilla de los Mártires en San Pedro. Su obra más famosa es el San Rafael de la iglesia del Juramento y los cuatro Evangelistas de la iglesia de los Trinitarios Descalzos, en donde está enterrado ante la imagen del Rescatado.</p>



<p class="wp-block-paragraph" style="font-size:20px"></p>


<div class="wp-block-image">
<figure class="aligncenter size-full is-resized"><img loading="lazy" decoding="async" width="660" height="470" src="https://xn--porlascallesdecrdoba-p8b.com/wp-content/uploads/2026/08/image-94.png" alt="" class="wp-image-6378" style="aspect-ratio:1.4042977604497235;width:420px;height:auto" srcset="https://xn--porlascallesdecrdoba-p8b.com/wp-content/uploads/2026/08/image-94.png 660w, https://xn--porlascallesdecrdoba-p8b.com/wp-content/uploads/2026/08/image-94-300x214.png 300w" sizes="auto, (max-width: 660px) 100vw, 660px" /><figcaption class="wp-element-caption">San Refael y Virgen del Socorro (Igl. La Compañía)</figcaption></figure>
</div>


<p class="wp-block-paragraph" style="font-size:20px">En el número 10 abre desde 2014 la “Vinoteca el Sótano”, nombre que toma por el sótano del edificio, que estuvo lleno de escombros y como trastero durante muchos años y que tras vaciarlo ha puesto a la luz una pila de lavar de origen árabe, un pozo, un aljibe, una cocina y un pilón.</p>



<figure class="wp-block-gallery has-nested-images columns-default is-cropped wp-block-gallery-1 is-layout-flex wp-block-gallery-is-layout-flex">
<figure class="wp-block-image size-large"><a href="https://xn--porlascallesdecrdoba-p8b.com/?page_id=5976"><img loading="lazy" decoding="async" width="218" height="72" data-id="6503" src="https://xn--porlascallesdecrdoba-p8b.com/wp-content/uploads/2026/08/Captura-de-pantalla-2026-08-14-215034.png" alt="" class="wp-image-6503"/></a></figure>



<figure class="wp-block-image size-full"><a href="https://xn--porlascallesdecrdoba-p8b.com/?page_id=5727"><img loading="lazy" decoding="async" width="211" height="63" data-id="6505" src="https://xn--porlascallesdecrdoba-p8b.com/wp-content/uploads/2026/08/Captura-de-pantalla-2026-08-14-215040.png" alt="" class="wp-image-6505"/></a></figure>



<figure class="wp-block-image size-large"><a href="https://xn--porlascallesdecrdoba-p8b.com/?page_id=5980"><img loading="lazy" decoding="async" width="214" height="64" data-id="6504" src="https://xn--porlascallesdecrdoba-p8b.com/wp-content/uploads/2026/08/Captura-de-pantalla-2026-08-14-215047.png" alt="" class="wp-image-6504"/></a></figure>
</figure>



<p class="wp-block-paragraph"></p>

<p>La calleja de “La Hoguera” desemboca en la calle que une “Agrupación de Cofradías” con la Mezquita-Catedral, es la calle «Pablo de Céspedes», en el plano de 1811 figura como <a class="more-link" href="https://xn--porlascallesdecrdoba-p8b.com/?page_id=5978">Seguir leyendo &rarr;</a></p>
