{"id":5982,"date":"2026-08-05T07:16:09","date_gmt":"2026-08-05T07:16:09","guid":{"rendered":"https:\/\/xn--porlascallesdecrdoba-p8b.com\/?page_id=5982"},"modified":"2026-08-26T16:18:55","modified_gmt":"2026-08-26T16:18:55","slug":"convento-de-la-encarnacion","status":"publish","type":"page","link":"https:\/\/xn--porlascallesdecrdoba-p8b.com\/?page_id=5982","title":{"rendered":"Convento de la Encarnaci\u00f3n"},"content":{"rendered":"<div class=\"wp-block-image\">\n<figure class=\"alignright size-full is-resized\"><img loading=\"lazy\" decoding=\"async\" width=\"480\" height=\"640\" src=\"https:\/\/xn--porlascallesdecrdoba-p8b.com\/wp-content\/uploads\/2026\/08\/0177-13.jpg\" alt=\"\" class=\"wp-image-6623\" style=\"width:331px;height:auto\"\/><figcaption class=\"wp-element-caption\">Espada\u00f1a de La Encarnaci\u00f3n<\/figcaption><\/figure>\n<\/div>\n\n\n<p class=\"wp-block-paragraph\" style=\"font-size:20px\">El edificio que da nombre a esta calle es el <strong>Convento de la Encarnaci\u00f3n, <\/strong>se ubic\u00f3, en principio en la casa del chantre y can\u00f3nigo Ant\u00f3n Ruiz de Morales, siendo el a\u00f1o 1503 la fecha de su fundaci\u00f3n gracias a la donaci\u00f3n testamentaria que hizo el can\u00f3nigo Ad\u00e1n Ruiz (uno de los creadores de la Inquisici\u00f3n en C\u00f3rdoba) de su casa para la creaci\u00f3n de un beaterio; que ser\u00eda dirigido por su sobrina Juana Gonz\u00e1lez de Morales. En el a\u00f1o 1509 el Papa Julio II conceder\u00eda una bula por la que se autorizaba la creaci\u00f3n de un monasterio de la Orden del Cister, bajo la advocaci\u00f3n de <em>La Anunciaci\u00f3n de Nuestra Se\u00f1ora<\/em>.<\/p>\n\n\n\n<p class=\"wp-block-paragraph\" style=\"font-size:20px\"><\/p>\n\n\n\n<p class=\"wp-block-paragraph\" style=\"font-size:20px\">El convento recibir\u00e1 en el siglo XVIII una profunda reforma, conservando del XVI el relieve de la \u00abAnunciaci\u00f3n\u00bb (realizado en piedra) que hay sobre la portada de la calle \u00abEncarnaci\u00f3n\u00bb resto de la primitiva portada renacentista; as\u00ed como la portada del comp\u00e1s, obra de Hern\u00e1n Ruiz III. El 1 de febrero de 1608 el cabildo aprueba un estatuto de <em>limpieza de sangre<\/em> por el que se exig\u00eda para profesar como religiosa de este convento no tener ascendencia que no fuera toda de religi\u00f3n cristiana, es decir no pod\u00eda poseer ascendientes <em>conversos<\/em>.<\/p>\n\n\n<div class=\"wp-block-image\">\n<figure class=\"aligncenter size-full is-resized\"><img loading=\"lazy\" decoding=\"async\" width=\"798\" height=\"408\" src=\"https:\/\/xn--porlascallesdecrdoba-p8b.com\/wp-content\/uploads\/2026\/08\/image-118.png\" alt=\"\" class=\"wp-image-6604\" style=\"aspect-ratio:1.9559189613572823;width:618px;height:auto\" srcset=\"https:\/\/xn--porlascallesdecrdoba-p8b.com\/wp-content\/uploads\/2026\/08\/image-118.png 798w, https:\/\/xn--porlascallesdecrdoba-p8b.com\/wp-content\/uploads\/2026\/08\/image-118-300x153.png 300w, https:\/\/xn--porlascallesdecrdoba-p8b.com\/wp-content\/uploads\/2026\/08\/image-118-768x393.png 768w\" sizes=\"auto, (max-width: 798px) 100vw, 798px\" \/><\/figure>\n<\/div>\n\n\n<p class=\"wp-block-paragraph\" style=\"font-size:20px\">Al entrar al zagu\u00e1n destaca una gran reja que nos separa de un amplio patio con palmera y adornado con varias macetas de \u201ccostilla de Ad\u00e1n\u201d, es un patio que conserva en una de sus paredes sus antiguos vestigios.<\/p>\n\n\n<div class=\"wp-block-image\">\n<figure class=\"aligncenter size-full\"><img loading=\"lazy\" decoding=\"async\" width=\"670\" height=\"467\" src=\"https:\/\/xn--porlascallesdecrdoba-p8b.com\/wp-content\/uploads\/2026\/08\/image-124.png\" alt=\"\" class=\"wp-image-6620\" srcset=\"https:\/\/xn--porlascallesdecrdoba-p8b.com\/wp-content\/uploads\/2026\/08\/image-124.png 670w, https:\/\/xn--porlascallesdecrdoba-p8b.com\/wp-content\/uploads\/2026\/08\/image-124-300x209.png 300w\" sizes=\"auto, (max-width: 670px) 100vw, 670px\" \/><figcaption class=\"wp-element-caption\">Patio de entrada<\/figcaption><\/figure>\n<\/div>\n\n\n<p class=\"wp-block-paragraph\" style=\"font-size:20px\">La iglesia es de una sola nave cubierta con b\u00f3veda de ca\u00f1\u00f3n, ha recibido un gran n\u00famero de reformas, as\u00ed en el XVII se dispone el coro en dos plantas, instal\u00e1ndose el artesonado del coro bajo. En la siguiente centuria la iglesia, al igual que el resto del convento, recibe una gran reforma transformando su decoraci\u00f3n en la que en la actualidad vemos, un templo barroco con un retablo mayor tallado en 1732 por Fern\u00e1ndez del R\u00edo, en donde se venera una imagen de la \u00abInmaculada\u201d, trasladade aqu\u00ed desde el convento de las Due\u00f1as. Adornan la iglesia diversos cuadros y tallas del siglo XVIII. De este siglo son tambi\u00e9n dos retablos dedicados a la Inmaculada y a San Rafael.<\/p>\n\n\n<div class=\"wp-block-image\">\n<figure class=\"aligncenter size-full\"><img loading=\"lazy\" decoding=\"async\" width=\"643\" height=\"457\" src=\"https:\/\/xn--porlascallesdecrdoba-p8b.com\/wp-content\/uploads\/2026\/08\/image-123.png\" alt=\"\" class=\"wp-image-6615\" srcset=\"https:\/\/xn--porlascallesdecrdoba-p8b.com\/wp-content\/uploads\/2026\/08\/image-123.png 643w, https:\/\/xn--porlascallesdecrdoba-p8b.com\/wp-content\/uploads\/2026\/08\/image-123-300x213.png 300w\" sizes=\"auto, (max-width: 643px) 100vw, 643px\" \/><\/figure>\n<\/div>\n\n<div class=\"wp-block-image\">\n<figure class=\"alignright size-full is-resized\"><img loading=\"lazy\" decoding=\"async\" width=\"1536\" height=\"2048\" src=\"https:\/\/xn--porlascallesdecrdoba-p8b.com\/wp-content\/uploads\/2026\/08\/Hpim0131.jpg\" alt=\"\" class=\"wp-image-6617\" style=\"aspect-ratio:0.7500073242902763;width:326px;height:auto\"\/><figcaption class=\"wp-element-caption\">Coro<\/figcaption><\/figure>\n<\/div>\n\n\n<p class=\"wp-block-paragraph\" style=\"font-size:20px\">En el coro, que se separa mediante una reja y se cubre con un artesonado del siglo XVII, se encuentran dos retablos, uno lo preside una imagen del <em>Ni\u00f1o Jes\u00fas del R\u00edo<\/em>, imagen encontrada en el r\u00edo el a\u00f1o1701 y donada a las religiosas el a\u00f1o siguiente; el otro retablo se dedica a la <em>Sagrada Familia<\/em> (1760), aloj\u00e1ndose en el altar, sobre una casa de plata (1708) una imagen de la <em>Virgen de Loreto<\/em>.<\/p>\n\n\n\n<p class=\"wp-block-paragraph\" style=\"font-size:20px\">Haciendo la esquina del convento con la calle \u201cRey Heredia\u201d, se conserva una antigua columna, como hemos visto por las calles que hemos recorrido, pero esta tiene algo especial, no solo por su grosor, es un pedestal de estatua, el profesor \u00c1ngel Ventura&nbsp;lo describe as\u00ed <em>\u201cPedestal cil\u00edndrico de caliza micr\u00edtica gris (piedra de mina). Hallado en el s. XVI \u00aben casa de D. Fernando de la Cerda\u00bb, se coloc\u00f3 en el Convento de la Encarnaci\u00f3n, que se constru\u00eda por entonces, en la esquina con la c\/ Rey Heredia, donde actualmente se conserva. El lugar de hallazgo no debe distar mucho del de reutilizaci\u00f3n, atendiendo a las dimensiones de la pieza (140 cm. de altura y m\u00e1s de 200 cm. de per\u00edmetro).. La pieza presenta una cartela rectangular ligeramente rehundida de 27 x 62 cm., donde se encuentra el texto, inscrito en letras capitales cuadradas de \u00e9poca augustea y 4 cm.<\/em> <em>De altura:<\/em><\/p>\n\n\n<div class=\"wp-block-image\">\n<figure class=\"alignright size-large is-resized\"><img loading=\"lazy\" decoding=\"async\" width=\"576\" height=\"1024\" src=\"https:\/\/xn--porlascallesdecrdoba-p8b.com\/wp-content\/uploads\/2026\/08\/20260813_101907-576x1024.jpg\" alt=\"\" class=\"wp-image-6633\" style=\"aspect-ratio:0.5625013732943684;width:286px;height:auto\" srcset=\"https:\/\/xn--porlascallesdecrdoba-p8b.com\/wp-content\/uploads\/2026\/08\/20260813_101907-576x1024.jpg 576w, https:\/\/xn--porlascallesdecrdoba-p8b.com\/wp-content\/uploads\/2026\/08\/20260813_101907-169x300.jpg 169w, https:\/\/xn--porlascallesdecrdoba-p8b.com\/wp-content\/uploads\/2026\/08\/20260813_101907-768x1365.jpg 768w, https:\/\/xn--porlascallesdecrdoba-p8b.com\/wp-content\/uploads\/2026\/08\/20260813_101907-864x1536.jpg 864w, https:\/\/xn--porlascallesdecrdoba-p8b.com\/wp-content\/uploads\/2026\/08\/20260813_101907-1152x2048.jpg 1152w, https:\/\/xn--porlascallesdecrdoba-p8b.com\/wp-content\/uploads\/2026\/08\/20260813_101907-scaled.jpg 1440w\" sizes=\"auto, (max-width: 576px) 100vw, 576px\" \/><\/figure>\n<\/div>\n\n\n<p class=\"wp-block-paragraph\" style=\"font-size:20px\"><em>T(ito)\u00b7Mercelloni\u00b7Persino<br>Mario\u00b7aedil(i)\u00b7Hvir(o)<br>Coloni\u00b7et\u00b7incolae<\/em><\/p>\n\n\n\n<p class=\"wp-block-paragraph\" style=\"font-size:20px\"><em>\u00ab\u2026Tito Mercello Persinus Marius fue edil y duumvir en Corduba, as\u00ed como procurator Augusti. Como las dem\u00e1s familias aristocr\u00e1ticas, los Mercellones Persinii se enriquecieron al amparo del poder, al que rindieron culto en la persona del emperador. Sus actos de evergetismo sirvieron asimismo para constatar el poder de las \u00e9lites locales. El pedestal se inscribe dentro de esta pr\u00e1ctica, dejando constancia de la aportaci\u00f3n econ\u00f3mica del pr\u00f3cer\u2026\u201d&nbsp;<\/em><\/p>\n\n\n\n<p class=\"wp-block-paragraph\" style=\"font-size:20px\"><em>\u201c\u2026El capitel es corinto-asi\u00e1tico, datado en las \u00faltimas d\u00e9cadas del siglo II d. C. Es pieza de m\u00e1rmol cuyo lugar de manufacturaci\u00f3n est\u00e1 a\u00fan por determinar. Su conservaci\u00f3n es deficiente, al estar expuesto en zona de tr\u00e1nsito continuo. El capitel guarda notables diferencias con el resto de capiteles corintio-asi\u00e1ticos de C\u00f3rdoba y de los conservados en la Pen\u00ednsula Ib\u00e9rica, con hojas \u00abmucho m\u00e1s naturales y de mayor belleza pl\u00e1stica\u00bb que los dem\u00e1s de estas caracter\u00edsticas, seg\u00fan M\u00e1rquez Moreno.\u201d<\/em><\/p>\n\n\n\n<p class=\"wp-block-paragraph\" style=\"font-size:20px\"><\/p>\n\n\n<div class=\"wp-block-image\">\n<figure class=\"alignleft size-full is-resized\"><img decoding=\"async\" src=\"https:\/\/xn--porlascallesdecrdoba-p8b.com\/wp-content\/uploads\/2026\/08\/20260813_101918.jpg\" alt=\"\" class=\"wp-image-6636\" style=\"aspect-ratio:1.7778315251192038;width:490px;height:auto\"\/><\/figure>\n<\/div>\n\n\n<p class=\"wp-block-paragraph\" style=\"font-size:20px\">El pedestal debi\u00f3 ubicarse originalmente en el complejo aterrazado occidental anejo al teatro, de car\u00e1cter por tanto p\u00fablico y representativo siendo este personaje uno de sus <em>evergetas<\/em>, individuos que subvencionaban actos o edificios p\u00fablicos con se peculio particular.<\/p>\n\n\n\n<p class=\"wp-block-paragraph\"><\/p>\n\n\n\n<figure class=\"wp-block-gallery has-nested-images columns-default is-cropped wp-block-gallery-1 is-layout-flex wp-block-gallery-is-layout-flex\">\n<figure class=\"wp-block-image size-large\"><a href=\"https:\/\/xn--porlascallesdecrdoba-p8b.com\/?page_id=5980\"><img loading=\"lazy\" decoding=\"async\" width=\"218\" height=\"72\" data-id=\"6503\" src=\"https:\/\/xn--porlascallesdecrdoba-p8b.com\/wp-content\/uploads\/2026\/08\/Captura-de-pantalla-2026-08-14-215034.png\" alt=\"\" class=\"wp-image-6503\"\/><\/a><\/figure>\n\n\n\n<figure class=\"wp-block-image size-full\"><a href=\"https:\/\/xn--porlascallesdecrdoba-p8b.com\/?page_id=5727\"><img loading=\"lazy\" decoding=\"async\" width=\"211\" height=\"63\" data-id=\"6505\" src=\"https:\/\/xn--porlascallesdecrdoba-p8b.com\/wp-content\/uploads\/2026\/08\/Captura-de-pantalla-2026-08-14-215040.png\" alt=\"\" class=\"wp-image-6505\"\/><\/a><\/figure>\n\n\n\n<figure class=\"wp-block-image size-large\"><a href=\"https:\/\/xn--porlascallesdecrdoba-p8b.com\/?page_id=6520\"><img loading=\"lazy\" decoding=\"async\" width=\"214\" height=\"64\" data-id=\"6504\" src=\"https:\/\/xn--porlascallesdecrdoba-p8b.com\/wp-content\/uploads\/2026\/08\/Captura-de-pantalla-2026-08-14-215047.png\" alt=\"\" class=\"wp-image-6504\"\/><\/a><\/figure>\n<\/figure>\n\n\n\n<p class=\"wp-block-paragraph\"><\/p>\n","protected":false},"excerpt":{"rendered":"<p>El edificio que da nombre a esta calle es el Convento de la Encarnaci\u00f3n, se ubic\u00f3, en principio en la casa del chantre y can\u00f3nigo Ant\u00f3n Ruiz de Morales, siendo <a class=\"more-link\" href=\"https:\/\/xn--porlascallesdecrdoba-p8b.com\/?page_id=5982\">Seguir leyendo &rarr;<\/a><\/p>\n","protected":false},"author":1,"featured_media":0,"parent":0,"menu_order":0,"comment_status":"closed","ping_status":"closed","template":"","meta":{"footnotes":""},"class_list":["post-5982","page","type-page","status-publish","hentry"],"_links":{"self":[{"href":"https:\/\/xn--porlascallesdecrdoba-p8b.com\/index.php?rest_route=\/wp\/v2\/pages\/5982","targetHints":{"allow":["GET"]}}],"collection":[{"href":"https:\/\/xn--porlascallesdecrdoba-p8b.com\/index.php?rest_route=\/wp\/v2\/pages"}],"about":[{"href":"https:\/\/xn--porlascallesdecrdoba-p8b.com\/index.php?rest_route=\/wp\/v2\/types\/page"}],"author":[{"embeddable":true,"href":"https:\/\/xn--porlascallesdecrdoba-p8b.com\/index.php?rest_route=\/wp\/v2\/users\/1"}],"replies":[{"embeddable":true,"href":"https:\/\/xn--porlascallesdecrdoba-p8b.com\/index.php?rest_route=%2Fwp%2Fv2%2Fcomments&post=5982"}],"version-history":[{"count":16,"href":"https:\/\/xn--porlascallesdecrdoba-p8b.com\/index.php?rest_route=\/wp\/v2\/pages\/5982\/revisions"}],"predecessor-version":[{"id":7439,"href":"https:\/\/xn--porlascallesdecrdoba-p8b.com\/index.php?rest_route=\/wp\/v2\/pages\/5982\/revisions\/7439"}],"wp:attachment":[{"href":"https:\/\/xn--porlascallesdecrdoba-p8b.com\/index.php?rest_route=%2Fwp%2Fv2%2Fmedia&parent=5982"}],"curies":[{"name":"wp","href":"https:\/\/api.w.org\/{rel}","templated":true}]}}

Convento de la Encarnación

<div class="wp-block-image">
<figure class="alignright size-full is-resized"><img loading="lazy" decoding="async" width="480" height="640" src="https://xn--porlascallesdecrdoba-p8b.com/wp-content/uploads/2026/08/0177-13.jpg" alt="" class="wp-image-6623" style="width:331px;height:auto"/><figcaption class="wp-element-caption">Espadaña de La Encarnación</figcaption></figure>
</div>


<p class="wp-block-paragraph" style="font-size:20px">El edificio que da nombre a esta calle es el <strong>Convento de la Encarnación, </strong>se ubicó, en principio en la casa del chantre y canónigo Antón Ruiz de Morales, siendo el año 1503 la fecha de su fundación gracias a la donación testamentaria que hizo el canónigo Adán Ruiz (uno de los creadores de la Inquisición en Córdoba) de su casa para la creación de un beaterio; que sería dirigido por su sobrina Juana González de Morales. En el año 1509 el Papa Julio II concedería una bula por la que se autorizaba la creación de un monasterio de la Orden del Cister, bajo la advocación de <em>La Anunciación de Nuestra Señora</em>.</p>



<p class="wp-block-paragraph" style="font-size:20px"></p>



<p class="wp-block-paragraph" style="font-size:20px">El convento recibirá en el siglo XVIII una profunda reforma, conservando del XVI el relieve de la «Anunciación» (realizado en piedra) que hay sobre la portada de la calle «Encarnación» resto de la primitiva portada renacentista; así como la portada del compás, obra de Hernán Ruiz III. El 1 de febrero de 1608 el cabildo aprueba un estatuto de <em>limpieza de sangre</em> por el que se exigía para profesar como religiosa de este convento no tener ascendencia que no fuera toda de religión cristiana, es decir no podía poseer ascendientes <em>conversos</em>.</p>


<div class="wp-block-image">
<figure class="aligncenter size-full is-resized"><img loading="lazy" decoding="async" width="798" height="408" src="https://xn--porlascallesdecrdoba-p8b.com/wp-content/uploads/2026/08/image-118.png" alt="" class="wp-image-6604" style="aspect-ratio:1.9559189613572823;width:618px;height:auto" srcset="https://xn--porlascallesdecrdoba-p8b.com/wp-content/uploads/2026/08/image-118.png 798w, https://xn--porlascallesdecrdoba-p8b.com/wp-content/uploads/2026/08/image-118-300x153.png 300w, https://xn--porlascallesdecrdoba-p8b.com/wp-content/uploads/2026/08/image-118-768x393.png 768w" sizes="auto, (max-width: 798px) 100vw, 798px" /></figure>
</div>


<p class="wp-block-paragraph" style="font-size:20px">Al entrar al zaguán destaca una gran reja que nos separa de un amplio patio con palmera y adornado con varias macetas de “costilla de Adán”, es un patio que conserva en una de sus paredes sus antiguos vestigios.</p>


<div class="wp-block-image">
<figure class="aligncenter size-full"><img loading="lazy" decoding="async" width="670" height="467" src="https://xn--porlascallesdecrdoba-p8b.com/wp-content/uploads/2026/08/image-124.png" alt="" class="wp-image-6620" srcset="https://xn--porlascallesdecrdoba-p8b.com/wp-content/uploads/2026/08/image-124.png 670w, https://xn--porlascallesdecrdoba-p8b.com/wp-content/uploads/2026/08/image-124-300x209.png 300w" sizes="auto, (max-width: 670px) 100vw, 670px" /><figcaption class="wp-element-caption">Patio de entrada</figcaption></figure>
</div>


<p class="wp-block-paragraph" style="font-size:20px">La iglesia es de una sola nave cubierta con bóveda de cañón, ha recibido un gran número de reformas, así en el XVII se dispone el coro en dos plantas, instalándose el artesonado del coro bajo. En la siguiente centuria la iglesia, al igual que el resto del convento, recibe una gran reforma transformando su decoración en la que en la actualidad vemos, un templo barroco con un retablo mayor tallado en 1732 por Fernández del Río, en donde se venera una imagen de la «Inmaculada”, trasladade aquí desde el convento de las Dueñas. Adornan la iglesia diversos cuadros y tallas del siglo XVIII. De este siglo son también dos retablos dedicados a la Inmaculada y a San Rafael.</p>


<div class="wp-block-image">
<figure class="aligncenter size-full"><img loading="lazy" decoding="async" width="643" height="457" src="https://xn--porlascallesdecrdoba-p8b.com/wp-content/uploads/2026/08/image-123.png" alt="" class="wp-image-6615" srcset="https://xn--porlascallesdecrdoba-p8b.com/wp-content/uploads/2026/08/image-123.png 643w, https://xn--porlascallesdecrdoba-p8b.com/wp-content/uploads/2026/08/image-123-300x213.png 300w" sizes="auto, (max-width: 643px) 100vw, 643px" /></figure>
</div>

<div class="wp-block-image">
<figure class="alignright size-full is-resized"><img loading="lazy" decoding="async" width="1536" height="2048" src="https://xn--porlascallesdecrdoba-p8b.com/wp-content/uploads/2026/08/Hpim0131.jpg" alt="" class="wp-image-6617" style="aspect-ratio:0.7500073242902763;width:326px;height:auto"/><figcaption class="wp-element-caption">Coro</figcaption></figure>
</div>


<p class="wp-block-paragraph" style="font-size:20px">En el coro, que se separa mediante una reja y se cubre con un artesonado del siglo XVII, se encuentran dos retablos, uno lo preside una imagen del <em>Niño Jesús del Río</em>, imagen encontrada en el río el año1701 y donada a las religiosas el año siguiente; el otro retablo se dedica a la <em>Sagrada Familia</em> (1760), alojándose en el altar, sobre una casa de plata (1708) una imagen de la <em>Virgen de Loreto</em>.</p>



<p class="wp-block-paragraph" style="font-size:20px">Haciendo la esquina del convento con la calle “Rey Heredia”, se conserva una antigua columna, como hemos visto por las calles que hemos recorrido, pero esta tiene algo especial, no solo por su grosor, es un pedestal de estatua, el profesor Ángel Ventura&nbsp;lo describe así <em>“Pedestal cilíndrico de caliza micrítica gris (piedra de mina). Hallado en el s. XVI «en casa de D. Fernando de la Cerda», se colocó en el Convento de la Encarnación, que se construía por entonces, en la esquina con la c/ Rey Heredia, donde actualmente se conserva. El lugar de hallazgo no debe distar mucho del de reutilización, atendiendo a las dimensiones de la pieza (140 cm. de altura y más de 200 cm. de perímetro).. La pieza presenta una cartela rectangular ligeramente rehundida de 27 x 62 cm., donde se encuentra el texto, inscrito en letras capitales cuadradas de época augustea y 4 cm.</em> <em>De altura:</em></p>


<div class="wp-block-image">
<figure class="alignright size-large is-resized"><img loading="lazy" decoding="async" width="576" height="1024" src="https://xn--porlascallesdecrdoba-p8b.com/wp-content/uploads/2026/08/20260813_101907-576x1024.jpg" alt="" class="wp-image-6633" style="aspect-ratio:0.5625013732943684;width:286px;height:auto" srcset="https://xn--porlascallesdecrdoba-p8b.com/wp-content/uploads/2026/08/20260813_101907-576x1024.jpg 576w, https://xn--porlascallesdecrdoba-p8b.com/wp-content/uploads/2026/08/20260813_101907-169x300.jpg 169w, https://xn--porlascallesdecrdoba-p8b.com/wp-content/uploads/2026/08/20260813_101907-768x1365.jpg 768w, https://xn--porlascallesdecrdoba-p8b.com/wp-content/uploads/2026/08/20260813_101907-864x1536.jpg 864w, https://xn--porlascallesdecrdoba-p8b.com/wp-content/uploads/2026/08/20260813_101907-1152x2048.jpg 1152w, https://xn--porlascallesdecrdoba-p8b.com/wp-content/uploads/2026/08/20260813_101907-scaled.jpg 1440w" sizes="auto, (max-width: 576px) 100vw, 576px" /></figure>
</div>


<p class="wp-block-paragraph" style="font-size:20px"><em>T(ito)·Mercelloni·Persino<br>Mario·aedil(i)·Hvir(o)<br>Coloni·et·incolae</em></p>



<p class="wp-block-paragraph" style="font-size:20px"><em>«…Tito Mercello Persinus Marius fue edil y duumvir en Corduba, así como procurator Augusti. Como las demás familias aristocráticas, los Mercellones Persinii se enriquecieron al amparo del poder, al que rindieron culto en la persona del emperador. Sus actos de evergetismo sirvieron asimismo para constatar el poder de las élites locales. El pedestal se inscribe dentro de esta práctica, dejando constancia de la aportación económica del prócer…”&nbsp;</em></p>



<p class="wp-block-paragraph" style="font-size:20px"><em>“…El capitel es corinto-asiático, datado en las últimas décadas del siglo II d. C. Es pieza de mármol cuyo lugar de manufacturación está aún por determinar. Su conservación es deficiente, al estar expuesto en zona de tránsito continuo. El capitel guarda notables diferencias con el resto de capiteles corintio-asiáticos de Córdoba y de los conservados en la Península Ibérica, con hojas «mucho más naturales y de mayor belleza plástica» que los demás de estas características, según Márquez Moreno.”</em></p>



<p class="wp-block-paragraph" style="font-size:20px"></p>


<div class="wp-block-image">
<figure class="alignleft size-full is-resized"><img decoding="async" src="https://xn--porlascallesdecrdoba-p8b.com/wp-content/uploads/2026/08/20260813_101918.jpg" alt="" class="wp-image-6636" style="aspect-ratio:1.7778315251192038;width:490px;height:auto"/></figure>
</div>


<p class="wp-block-paragraph" style="font-size:20px">El pedestal debió ubicarse originalmente en el complejo aterrazado occidental anejo al teatro, de carácter por tanto público y representativo siendo este personaje uno de sus <em>evergetas</em>, individuos que subvencionaban actos o edificios públicos con se peculio particular.</p>



<p class="wp-block-paragraph"></p>



<figure class="wp-block-gallery has-nested-images columns-default is-cropped wp-block-gallery-1 is-layout-flex wp-block-gallery-is-layout-flex">
<figure class="wp-block-image size-large"><a href="https://xn--porlascallesdecrdoba-p8b.com/?page_id=5980"><img loading="lazy" decoding="async" width="218" height="72" data-id="6503" src="https://xn--porlascallesdecrdoba-p8b.com/wp-content/uploads/2026/08/Captura-de-pantalla-2026-08-14-215034.png" alt="" class="wp-image-6503"/></a></figure>



<figure class="wp-block-image size-full"><a href="https://xn--porlascallesdecrdoba-p8b.com/?page_id=5727"><img loading="lazy" decoding="async" width="211" height="63" data-id="6505" src="https://xn--porlascallesdecrdoba-p8b.com/wp-content/uploads/2026/08/Captura-de-pantalla-2026-08-14-215040.png" alt="" class="wp-image-6505"/></a></figure>



<figure class="wp-block-image size-large"><a href="https://xn--porlascallesdecrdoba-p8b.com/?page_id=6520"><img loading="lazy" decoding="async" width="214" height="64" data-id="6504" src="https://xn--porlascallesdecrdoba-p8b.com/wp-content/uploads/2026/08/Captura-de-pantalla-2026-08-14-215047.png" alt="" class="wp-image-6504"/></a></figure>
</figure>



<p class="wp-block-paragraph"></p>

<p>El edificio que da nombre a esta calle es el Convento de la Encarnación, se ubicó, en principio en la casa del chantre y canónigo Antón Ruiz de Morales, siendo <a class="more-link" href="https://xn--porlascallesdecrdoba-p8b.com/?page_id=5982">Seguir leyendo &rarr;</a></p>
