{"id":6405,"date":"2026-08-10T16:24:22","date_gmt":"2026-08-10T16:24:22","guid":{"rendered":"https:\/\/xn--porlascallesdecrdoba-p8b.com\/?page_id=6405"},"modified":"2026-09-04T15:04:04","modified_gmt":"2026-09-04T15:04:04","slug":"capilla-2-san-agustin-y-santa","status":"publish","type":"page","link":"https:\/\/xn--porlascallesdecrdoba-p8b.com\/?page_id=6405","title":{"rendered":"Capilla 2: San Agust\u00edn y Santa"},"content":{"rendered":"<div class=\"wp-block-image\">\n<figure class=\"alignright size-large is-resized\"><img loading=\"lazy\" decoding=\"async\" width=\"1024\" height=\"768\" src=\"https:\/\/xn--porlascallesdecrdoba-p8b.com\/wp-content\/uploads\/2026\/08\/15-04-09-440-1024x768.jpg\" alt=\"\" class=\"wp-image-6463\" style=\"width:313px;height:auto\" srcset=\"https:\/\/xn--porlascallesdecrdoba-p8b.com\/wp-content\/uploads\/2026\/08\/15-04-09-440-1024x768.jpg 1024w, https:\/\/xn--porlascallesdecrdoba-p8b.com\/wp-content\/uploads\/2026\/08\/15-04-09-440-300x225.jpg 300w, https:\/\/xn--porlascallesdecrdoba-p8b.com\/wp-content\/uploads\/2026\/08\/15-04-09-440-768x576.jpg 768w, https:\/\/xn--porlascallesdecrdoba-p8b.com\/wp-content\/uploads\/2026\/08\/15-04-09-440-1536x1152.jpg 1536w, https:\/\/xn--porlascallesdecrdoba-p8b.com\/wp-content\/uploads\/2026\/08\/15-04-09-440-2048x1536.jpg 2048w\" sizes=\"auto, (max-width: 1024px) 100vw, 1024px\" \/><\/figure>\n<\/div>\n\n\n<p class=\"wp-block-paragraph\" style=\"font-size:20px\">La segunda capilla es la de <strong>\u00abSan Agust\u00edn y Santa Eulalia\u00bb<\/strong> o <strong>\u00abde las Nieves\u201c, <\/strong>fundada en el a\u00f1o 1384 por Don Ruy Gonz\u00e1lez Mes\u00eda, caballero de Santiago y comendador de Segura, y su esposa Do\u00f1a Leonor Carrillo, con la advocaci\u00f3n de \u201cNtra. Sra. De la Nieves\u201d; desde 1409 se dedic\u00f3 a estos dos santos. Posteriormente, en el siglo XVIII, la capilla ser\u00eda reedificada.<\/p>\n\n\n\n<p class=\"wp-block-paragraph\" style=\"font-size:20px\"><\/p>\n\n\n\n<figure class=\"wp-block-image size-large\"><img loading=\"lazy\" decoding=\"async\" width=\"1024\" height=\"768\" src=\"https:\/\/xn--porlascallesdecrdoba-p8b.com\/wp-content\/uploads\/2026\/08\/15-04-09-441-r50-1024x768.jpg\" alt=\"\" class=\"wp-image-6464\" srcset=\"https:\/\/xn--porlascallesdecrdoba-p8b.com\/wp-content\/uploads\/2026\/08\/15-04-09-441-r50-1024x768.jpg 1024w, https:\/\/xn--porlascallesdecrdoba-p8b.com\/wp-content\/uploads\/2026\/08\/15-04-09-441-r50-300x225.jpg 300w, https:\/\/xn--porlascallesdecrdoba-p8b.com\/wp-content\/uploads\/2026\/08\/15-04-09-441-r50-768x576.jpg 768w, https:\/\/xn--porlascallesdecrdoba-p8b.com\/wp-content\/uploads\/2026\/08\/15-04-09-441-r50.jpg 1136w\" sizes=\"auto, (max-width: 1024px) 100vw, 1024px\" \/><\/figure>\n\n\n<div class=\"wp-block-image\">\n<figure class=\"alignleft size-large is-resized\"><img loading=\"lazy\" decoding=\"async\" width=\"635\" height=\"1024\" src=\"https:\/\/xn--porlascallesdecrdoba-p8b.com\/wp-content\/uploads\/2026\/09\/20260904_100716-635x1024.jpg\" alt=\"\" class=\"wp-image-8057\" style=\"aspect-ratio:0.6201266498817426;width:388px;height:auto\" srcset=\"https:\/\/xn--porlascallesdecrdoba-p8b.com\/wp-content\/uploads\/2026\/09\/20260904_100716-635x1024.jpg 635w, https:\/\/xn--porlascallesdecrdoba-p8b.com\/wp-content\/uploads\/2026\/09\/20260904_100716-186x300.jpg 186w, https:\/\/xn--porlascallesdecrdoba-p8b.com\/wp-content\/uploads\/2026\/09\/20260904_100716-768x1238.jpg 768w, https:\/\/xn--porlascallesdecrdoba-p8b.com\/wp-content\/uploads\/2026\/09\/20260904_100716-953x1536.jpg 953w, https:\/\/xn--porlascallesdecrdoba-p8b.com\/wp-content\/uploads\/2026\/09\/20260904_100716-1270x2048.jpg 1270w, https:\/\/xn--porlascallesdecrdoba-p8b.com\/wp-content\/uploads\/2026\/09\/20260904_100716-scaled.jpg 1588w\" sizes=\"auto, (max-width: 635px) 100vw, 635px\" \/><\/figure>\n<\/div>\n\n\n<p class=\"wp-block-paragraph\" style=\"font-size:20px\">San Agust\u00edn, el \u201cDoctor de la Gracia\u201d, fue el m\u00e1ximo pensador del cristianismo del primer milenio y est\u00e1 considerado como uno de los m\u00e1s grandes genios de la humanidad; como cosa curiosa, fue alumno de San Ambrosio, al que est\u00e1 dedicada la anterior capilla. Santa Eulalia de M\u00e9rida, su martirio se produjo en la persecuci\u00f3n de Diocleciano (303-305).<\/p>\n\n\n\n<p class=\"wp-block-paragraph\" style=\"font-size:20px\">Pero en esta capilla no hay im\u00e1genes de estos santos, pues en 1852, por hallarse sin retablo, se autoriz\u00f3 la colocaci\u00f3n en ella del retablo del Colegio del \u00c1ngel de la Guarda, de Infantes de Coro, situado en la calle \u201cMedina Corella\u201d, pr\u00f3ximo a la Catedral. Pocos a\u00f1os despu\u00e9s, en 1886, se traslada a este lugar el cuadro de San Rafael en su aparici\u00f3n al Padre Roelas, obra de Antonio \u00c1lvarez Torrado (1788), procedente del cerramiento norte de la antigua capilla de Villaviciosa de la Catedral. El cuadro se encontraba en el gran arco del mihrab de la ampliaci\u00f3n de Abderraman II, que le hac\u00eda de marco, mirando hacia el Patio de los Naranjos &nbsp;<\/p>\n\n\n\n<p class=\"wp-block-paragraph\" style=\"font-size:20px\">El altar de m\u00e1rmol gris y rosa es de 1734, y procede del mismo lugar.           <\/p>\n\n\n\n<figure class=\"wp-block-gallery has-nested-images columns-default is-cropped wp-block-gallery-1 is-layout-flex wp-block-gallery-is-layout-flex\">\n<figure class=\"wp-block-image size-large\"><a href=\"https:\/\/xn--porlascallesdecrdoba-p8b.com\/?page_id=6403\"><img loading=\"lazy\" decoding=\"async\" width=\"155\" height=\"46\" data-id=\"6435\" src=\"https:\/\/xn--porlascallesdecrdoba-p8b.com\/wp-content\/uploads\/2026\/08\/Captura-de-pantalla-2026-08-10-184924-1.png\" alt=\"\" class=\"wp-image-6435\" srcset=\"https:\/\/xn--porlascallesdecrdoba-p8b.com\/wp-content\/uploads\/2026\/08\/Captura-de-pantalla-2026-08-10-184924-1.png 155w, https:\/\/xn--porlascallesdecrdoba-p8b.com\/wp-content\/uploads\/2026\/08\/Captura-de-pantalla-2026-08-10-184924-1-150x46.png 150w\" sizes=\"auto, (max-width: 155px) 100vw, 155px\" \/><\/a><\/figure>\n\n\n\n<figure class=\"wp-block-image size-full\"><a href=\"https:\/\/xn--porlascallesdecrdoba-p8b.com\/?page_id=6440\"><img loading=\"lazy\" decoding=\"async\" width=\"227\" height=\"59\" data-id=\"6436\" src=\"https:\/\/xn--porlascallesdecrdoba-p8b.com\/wp-content\/uploads\/2026\/08\/Captura-de-pantalla-2026-08-12-184912.png\" alt=\"\" class=\"wp-image-6436\"\/><\/a><\/figure>\n\n\n\n<figure class=\"wp-block-image size-large\"><a href=\"https:\/\/xn--porlascallesdecrdoba-p8b.com\/?page_id=6407\"><img loading=\"lazy\" decoding=\"async\" width=\"158\" height=\"48\" data-id=\"6434\" src=\"https:\/\/xn--porlascallesdecrdoba-p8b.com\/wp-content\/uploads\/2026\/08\/Captura-de-pantalla-2026-08-10-185011.png\" alt=\"\" class=\"wp-image-6434\"\/><\/a><\/figure>\n<\/figure>\n\n\n\n<p class=\"wp-block-paragraph\"><\/p>\n","protected":false},"excerpt":{"rendered":"<p>La segunda capilla es la de \u00abSan Agust\u00edn y Santa Eulalia\u00bb o \u00abde las Nieves\u201c, fundada en el a\u00f1o 1384 por Don Ruy Gonz\u00e1lez Mes\u00eda, caballero de Santiago y comendador <a class=\"more-link\" href=\"https:\/\/xn--porlascallesdecrdoba-p8b.com\/?page_id=6405\">Seguir leyendo &rarr;<\/a><\/p>\n","protected":false},"author":1,"featured_media":0,"parent":0,"menu_order":0,"comment_status":"closed","ping_status":"closed","template":"","meta":{"footnotes":""},"class_list":["post-6405","page","type-page","status-publish","hentry"],"_links":{"self":[{"href":"https:\/\/xn--porlascallesdecrdoba-p8b.com\/index.php?rest_route=\/wp\/v2\/pages\/6405","targetHints":{"allow":["GET"]}}],"collection":[{"href":"https:\/\/xn--porlascallesdecrdoba-p8b.com\/index.php?rest_route=\/wp\/v2\/pages"}],"about":[{"href":"https:\/\/xn--porlascallesdecrdoba-p8b.com\/index.php?rest_route=\/wp\/v2\/types\/page"}],"author":[{"embeddable":true,"href":"https:\/\/xn--porlascallesdecrdoba-p8b.com\/index.php?rest_route=\/wp\/v2\/users\/1"}],"replies":[{"embeddable":true,"href":"https:\/\/xn--porlascallesdecrdoba-p8b.com\/index.php?rest_route=%2Fwp%2Fv2%2Fcomments&post=6405"}],"version-history":[{"count":7,"href":"https:\/\/xn--porlascallesdecrdoba-p8b.com\/index.php?rest_route=\/wp\/v2\/pages\/6405\/revisions"}],"predecessor-version":[{"id":8058,"href":"https:\/\/xn--porlascallesdecrdoba-p8b.com\/index.php?rest_route=\/wp\/v2\/pages\/6405\/revisions\/8058"}],"wp:attachment":[{"href":"https:\/\/xn--porlascallesdecrdoba-p8b.com\/index.php?rest_route=%2Fwp%2Fv2%2Fmedia&parent=6405"}],"curies":[{"name":"wp","href":"https:\/\/api.w.org\/{rel}","templated":true}]}}

Capilla 2: San Agustín y Santa

<div class="wp-block-image">
<figure class="alignright size-large is-resized"><img loading="lazy" decoding="async" width="1024" height="768" src="https://xn--porlascallesdecrdoba-p8b.com/wp-content/uploads/2026/08/15-04-09-440-1024x768.jpg" alt="" class="wp-image-6463" style="width:313px;height:auto" srcset="https://xn--porlascallesdecrdoba-p8b.com/wp-content/uploads/2026/08/15-04-09-440-1024x768.jpg 1024w, https://xn--porlascallesdecrdoba-p8b.com/wp-content/uploads/2026/08/15-04-09-440-300x225.jpg 300w, https://xn--porlascallesdecrdoba-p8b.com/wp-content/uploads/2026/08/15-04-09-440-768x576.jpg 768w, https://xn--porlascallesdecrdoba-p8b.com/wp-content/uploads/2026/08/15-04-09-440-1536x1152.jpg 1536w, https://xn--porlascallesdecrdoba-p8b.com/wp-content/uploads/2026/08/15-04-09-440-2048x1536.jpg 2048w" sizes="auto, (max-width: 1024px) 100vw, 1024px" /></figure>
</div>


<p class="wp-block-paragraph" style="font-size:20px">La segunda capilla es la de <strong>«San Agustín y Santa Eulalia»</strong> o <strong>«de las Nieves“, </strong>fundada en el año 1384 por Don Ruy González Mesía, caballero de Santiago y comendador de Segura, y su esposa Doña Leonor Carrillo, con la advocación de “Ntra. Sra. De la Nieves”; desde 1409 se dedicó a estos dos santos. Posteriormente, en el siglo XVIII, la capilla sería reedificada.</p>



<p class="wp-block-paragraph" style="font-size:20px"></p>



<figure class="wp-block-image size-large"><img loading="lazy" decoding="async" width="1024" height="768" src="https://xn--porlascallesdecrdoba-p8b.com/wp-content/uploads/2026/08/15-04-09-441-r50-1024x768.jpg" alt="" class="wp-image-6464" srcset="https://xn--porlascallesdecrdoba-p8b.com/wp-content/uploads/2026/08/15-04-09-441-r50-1024x768.jpg 1024w, https://xn--porlascallesdecrdoba-p8b.com/wp-content/uploads/2026/08/15-04-09-441-r50-300x225.jpg 300w, https://xn--porlascallesdecrdoba-p8b.com/wp-content/uploads/2026/08/15-04-09-441-r50-768x576.jpg 768w, https://xn--porlascallesdecrdoba-p8b.com/wp-content/uploads/2026/08/15-04-09-441-r50.jpg 1136w" sizes="auto, (max-width: 1024px) 100vw, 1024px" /></figure>


<div class="wp-block-image">
<figure class="alignleft size-large is-resized"><img loading="lazy" decoding="async" width="635" height="1024" src="https://xn--porlascallesdecrdoba-p8b.com/wp-content/uploads/2026/09/20260904_100716-635x1024.jpg" alt="" class="wp-image-8057" style="aspect-ratio:0.6201266498817426;width:388px;height:auto" srcset="https://xn--porlascallesdecrdoba-p8b.com/wp-content/uploads/2026/09/20260904_100716-635x1024.jpg 635w, https://xn--porlascallesdecrdoba-p8b.com/wp-content/uploads/2026/09/20260904_100716-186x300.jpg 186w, https://xn--porlascallesdecrdoba-p8b.com/wp-content/uploads/2026/09/20260904_100716-768x1238.jpg 768w, https://xn--porlascallesdecrdoba-p8b.com/wp-content/uploads/2026/09/20260904_100716-953x1536.jpg 953w, https://xn--porlascallesdecrdoba-p8b.com/wp-content/uploads/2026/09/20260904_100716-1270x2048.jpg 1270w, https://xn--porlascallesdecrdoba-p8b.com/wp-content/uploads/2026/09/20260904_100716-scaled.jpg 1588w" sizes="auto, (max-width: 635px) 100vw, 635px" /></figure>
</div>


<p class="wp-block-paragraph" style="font-size:20px">San Agustín, el “Doctor de la Gracia”, fue el máximo pensador del cristianismo del primer milenio y está considerado como uno de los más grandes genios de la humanidad; como cosa curiosa, fue alumno de San Ambrosio, al que está dedicada la anterior capilla. Santa Eulalia de Mérida, su martirio se produjo en la persecución de Diocleciano (303-305).</p>



<p class="wp-block-paragraph" style="font-size:20px">Pero en esta capilla no hay imágenes de estos santos, pues en 1852, por hallarse sin retablo, se autorizó la colocación en ella del retablo del Colegio del Ángel de la Guarda, de Infantes de Coro, situado en la calle “Medina Corella”, próximo a la Catedral. Pocos años después, en 1886, se traslada a este lugar el cuadro de San Rafael en su aparición al Padre Roelas, obra de Antonio Álvarez Torrado (1788), procedente del cerramiento norte de la antigua capilla de Villaviciosa de la Catedral. El cuadro se encontraba en el gran arco del mihrab de la ampliación de Abderraman II, que le hacía de marco, mirando hacia el Patio de los Naranjos &nbsp;</p>



<p class="wp-block-paragraph" style="font-size:20px">El altar de mármol gris y rosa es de 1734, y procede del mismo lugar.           </p>



<figure class="wp-block-gallery has-nested-images columns-default is-cropped wp-block-gallery-1 is-layout-flex wp-block-gallery-is-layout-flex">
<figure class="wp-block-image size-large"><a href="https://xn--porlascallesdecrdoba-p8b.com/?page_id=6403"><img loading="lazy" decoding="async" width="155" height="46" data-id="6435" src="https://xn--porlascallesdecrdoba-p8b.com/wp-content/uploads/2026/08/Captura-de-pantalla-2026-08-10-184924-1.png" alt="" class="wp-image-6435" srcset="https://xn--porlascallesdecrdoba-p8b.com/wp-content/uploads/2026/08/Captura-de-pantalla-2026-08-10-184924-1.png 155w, https://xn--porlascallesdecrdoba-p8b.com/wp-content/uploads/2026/08/Captura-de-pantalla-2026-08-10-184924-1-150x46.png 150w" sizes="auto, (max-width: 155px) 100vw, 155px" /></a></figure>



<figure class="wp-block-image size-full"><a href="https://xn--porlascallesdecrdoba-p8b.com/?page_id=6440"><img loading="lazy" decoding="async" width="227" height="59" data-id="6436" src="https://xn--porlascallesdecrdoba-p8b.com/wp-content/uploads/2026/08/Captura-de-pantalla-2026-08-12-184912.png" alt="" class="wp-image-6436"/></a></figure>



<figure class="wp-block-image size-large"><a href="https://xn--porlascallesdecrdoba-p8b.com/?page_id=6407"><img loading="lazy" decoding="async" width="158" height="48" data-id="6434" src="https://xn--porlascallesdecrdoba-p8b.com/wp-content/uploads/2026/08/Captura-de-pantalla-2026-08-10-185011.png" alt="" class="wp-image-6434"/></a></figure>
</figure>



<p class="wp-block-paragraph"></p>

<p>La segunda capilla es la de «San Agustín y Santa Eulalia» o «de las Nieves“, fundada en el año 1384 por Don Ruy González Mesía, caballero de Santiago y comendador <a class="more-link" href="https://xn--porlascallesdecrdoba-p8b.com/?page_id=6405">Seguir leyendo &rarr;</a></p>
