{"id":6409,"date":"2026-08-10T16:25:51","date_gmt":"2026-08-10T16:25:51","guid":{"rendered":"https:\/\/xn--porlascallesdecrdoba-p8b.com\/?page_id=6409"},"modified":"2026-09-02T10:21:39","modified_gmt":"2026-09-02T10:21:39","slug":"capilla-4-san-simon-y-san-judas","status":"publish","type":"page","link":"https:\/\/xn--porlascallesdecrdoba-p8b.com\/?page_id=6409","title":{"rendered":"Capilla 4: San Sim\u00f3n y San Judas"},"content":{"rendered":"<div class=\"wp-block-image\">\n<figure class=\"alignright size-full is-resized\"><img loading=\"lazy\" decoding=\"async\" width=\"421\" height=\"326\" src=\"https:\/\/xn--porlascallesdecrdoba-p8b.com\/wp-content\/uploads\/2026\/08\/image-154.png\" alt=\"\" class=\"wp-image-6841\" style=\"width:310px;height:auto\" srcset=\"https:\/\/xn--porlascallesdecrdoba-p8b.com\/wp-content\/uploads\/2026\/08\/image-154.png 421w, https:\/\/xn--porlascallesdecrdoba-p8b.com\/wp-content\/uploads\/2026\/08\/image-154-300x232.png 300w\" sizes=\"auto, (max-width: 421px) 100vw, 421px\" \/><\/figure>\n<\/div>\n\n\n<p class=\"wp-block-paragraph\" style=\"font-size:20px\">La cuarta capilla se dedica a <strong>\u00ablos Santos Sim\u00f3n y Judas\u00bb<\/strong> es del siglo XVI y sustituy\u00f3 a otra de la centuria anterior, de la que conserva los azulejos del altar (siglo XV), siendo uno de los mejores altares de cer\u00e1micos que conserva la Catedral. La capilla recibir\u00eda unas transformaci\u00f3n en el siglo XVI, instal\u00e1ndose un retablo, desmontado. <\/p>\n\n\n\n<p class=\"wp-block-paragraph\" style=\"font-size:20px\">                    <\/p>\n\n\n<div class=\"wp-block-image\">\n<figure class=\"aligncenter size-large is-resized\"><img loading=\"lazy\" decoding=\"async\" width=\"1024\" height=\"787\" src=\"https:\/\/xn--porlascallesdecrdoba-p8b.com\/wp-content\/uploads\/2026\/08\/18-02-27-_134-r20-1024x787.jpg\" alt=\"\" class=\"wp-image-6843\" style=\"width:584px;height:auto\" srcset=\"https:\/\/xn--porlascallesdecrdoba-p8b.com\/wp-content\/uploads\/2026\/08\/18-02-27-_134-r20-1024x787.jpg 1024w, https:\/\/xn--porlascallesdecrdoba-p8b.com\/wp-content\/uploads\/2026\/08\/18-02-27-_134-r20-300x231.jpg 300w, https:\/\/xn--porlascallesdecrdoba-p8b.com\/wp-content\/uploads\/2026\/08\/18-02-27-_134-r20-768x590.jpg 768w, https:\/\/xn--porlascallesdecrdoba-p8b.com\/wp-content\/uploads\/2026\/08\/18-02-27-_134-r20-1536x1180.jpg 1536w, https:\/\/xn--porlascallesdecrdoba-p8b.com\/wp-content\/uploads\/2026\/08\/18-02-27-_134-r20-2048x1574.jpg 2048w\" sizes=\"auto, (max-width: 1024px) 100vw, 1024px\" \/><\/figure>\n<\/div>\n\n\n<p class=\"wp-block-paragraph\" style=\"font-size:20px\">Ruy M\u00e9ndez de Sotamayor y su esposa Leonor S\u00e1nchez de C\u00e1rdenas, fueron los fundadores de esta capilla en el a\u00f1o 1401, teniendo en ella enterramiento los descendientes directos de \u00e9stos, el \u00faltimo enterramiento fue el de Eduardo Cabrera Marchesi, marqu\u00e9s de Villaseca y Ontiveros, el d\u00eda 15 de julio de 1998.<\/p>\n\n\n\n<figure class=\"wp-block-image size-full\"><img loading=\"lazy\" decoding=\"async\" width=\"768\" height=\"510\" src=\"https:\/\/xn--porlascallesdecrdoba-p8b.com\/wp-content\/uploads\/2026\/08\/capilla-san-simon-y-san-judas-2.jpg\" alt=\"\" class=\"wp-image-6846\" srcset=\"https:\/\/xn--porlascallesdecrdoba-p8b.com\/wp-content\/uploads\/2026\/08\/capilla-san-simon-y-san-judas-2.jpg 768w, https:\/\/xn--porlascallesdecrdoba-p8b.com\/wp-content\/uploads\/2026\/08\/capilla-san-simon-y-san-judas-2-300x199.jpg 300w, https:\/\/xn--porlascallesdecrdoba-p8b.com\/wp-content\/uploads\/2026\/08\/capilla-san-simon-y-san-judas-2-400x267.jpg 400w\" sizes=\"auto, (max-width: 768px) 100vw, 768px\" \/><\/figure>\n\n\n\n<p class=\"wp-block-paragraph\" style=\"font-size:20px\">El cuerpo del retablo est\u00e1 dividido en tres calles mediante cuatro columnas salom\u00f3nicas decoradas con vides y sarmientos. En la hornacina central se encuentra un Nazareno del siglo XVI. A ambos lados, las figuras de San Sim\u00f3n y San Judas Tadeo que dan nombre a esta capilla, pueden proceder del retablo anterior del siglo XVI, debajo de ellos &nbsp;vemos unas peque\u00f1as pinturas con el tema del martirio que sufrieron los dos ap\u00f3stoles, el lienzo del centro, finales del XVIII, representa un c\u00e1liz rodeado de \u00e1ngeles. En el \u00e1tico, una imagen de la Virgen de la Paloma que puede ser del s. XVIII.<\/p>\n\n\n\n<p class=\"wp-block-paragraph\" style=\"font-size:20px\">Complementan la decoraci\u00f3n dos grandes tapices pertenecientes a la colecci\u00f3n de tapices de la Catedral y un lienzo del siglo XVIII, en donde se representa la aparici\u00f3n de la Virgen a San Francisco.<\/p>\n\n\n\n<figure class=\"wp-block-image size-full\"><img loading=\"lazy\" decoding=\"async\" width=\"954\" height=\"351\" src=\"https:\/\/xn--porlascallesdecrdoba-p8b.com\/wp-content\/uploads\/2026\/08\/image-155.png\" alt=\"\" class=\"wp-image-6848\" srcset=\"https:\/\/xn--porlascallesdecrdoba-p8b.com\/wp-content\/uploads\/2026\/08\/image-155.png 954w, https:\/\/xn--porlascallesdecrdoba-p8b.com\/wp-content\/uploads\/2026\/08\/image-155-300x110.png 300w, https:\/\/xn--porlascallesdecrdoba-p8b.com\/wp-content\/uploads\/2026\/08\/image-155-768x283.png 768w\" sizes=\"auto, (max-width: 954px) 100vw, 954px\" \/><\/figure>\n\n\n\n<figure class=\"wp-block-gallery has-nested-images columns-default is-cropped wp-block-gallery-1 is-layout-flex wp-block-gallery-is-layout-flex\">\n<figure class=\"wp-block-image size-large\"><a href=\"https:\/\/xn--porlascallesdecrdoba-p8b.com\/?page_id=6407\"><img loading=\"lazy\" decoding=\"async\" width=\"155\" height=\"46\" data-id=\"6435\" src=\"https:\/\/xn--porlascallesdecrdoba-p8b.com\/wp-content\/uploads\/2026\/08\/Captura-de-pantalla-2026-08-10-184924-1.png\" alt=\"\" class=\"wp-image-6435\" srcset=\"https:\/\/xn--porlascallesdecrdoba-p8b.com\/wp-content\/uploads\/2026\/08\/Captura-de-pantalla-2026-08-10-184924-1.png 155w, https:\/\/xn--porlascallesdecrdoba-p8b.com\/wp-content\/uploads\/2026\/08\/Captura-de-pantalla-2026-08-10-184924-1-150x46.png 150w\" sizes=\"auto, (max-width: 155px) 100vw, 155px\" \/><\/a><\/figure>\n\n\n\n<figure class=\"wp-block-image size-full\"><a href=\"https:\/\/xn--porlascallesdecrdoba-p8b.com\/?page_id=6440\"><img loading=\"lazy\" decoding=\"async\" width=\"227\" height=\"59\" data-id=\"6436\" src=\"https:\/\/xn--porlascallesdecrdoba-p8b.com\/wp-content\/uploads\/2026\/08\/Captura-de-pantalla-2026-08-12-184912.png\" alt=\"\" class=\"wp-image-6436\"\/><\/a><\/figure>\n\n\n\n<figure class=\"wp-block-image size-large\"><a href=\"https:\/\/xn--porlascallesdecrdoba-p8b.com\/?page_id=6411\"><img loading=\"lazy\" decoding=\"async\" width=\"158\" height=\"48\" data-id=\"6434\" src=\"https:\/\/xn--porlascallesdecrdoba-p8b.com\/wp-content\/uploads\/2026\/08\/Captura-de-pantalla-2026-08-10-185011.png\" alt=\"\" class=\"wp-image-6434\"\/><\/a><\/figure>\n<\/figure>\n\n\n\n<p class=\"wp-block-paragraph\"><\/p>\n","protected":false},"excerpt":{"rendered":"<p>La cuarta capilla se dedica a \u00ablos Santos Sim\u00f3n y Judas\u00bb es del siglo XVI y sustituy\u00f3 a otra de la centuria anterior, de la que conserva los azulejos del <a class=\"more-link\" href=\"https:\/\/xn--porlascallesdecrdoba-p8b.com\/?page_id=6409\">Seguir leyendo &rarr;<\/a><\/p>\n","protected":false},"author":1,"featured_media":0,"parent":0,"menu_order":0,"comment_status":"closed","ping_status":"closed","template":"","meta":{"footnotes":""},"class_list":["post-6409","page","type-page","status-publish","hentry"],"_links":{"self":[{"href":"https:\/\/xn--porlascallesdecrdoba-p8b.com\/index.php?rest_route=\/wp\/v2\/pages\/6409","targetHints":{"allow":["GET"]}}],"collection":[{"href":"https:\/\/xn--porlascallesdecrdoba-p8b.com\/index.php?rest_route=\/wp\/v2\/pages"}],"about":[{"href":"https:\/\/xn--porlascallesdecrdoba-p8b.com\/index.php?rest_route=\/wp\/v2\/types\/page"}],"author":[{"embeddable":true,"href":"https:\/\/xn--porlascallesdecrdoba-p8b.com\/index.php?rest_route=\/wp\/v2\/users\/1"}],"replies":[{"embeddable":true,"href":"https:\/\/xn--porlascallesdecrdoba-p8b.com\/index.php?rest_route=%2Fwp%2Fv2%2Fcomments&post=6409"}],"version-history":[{"count":6,"href":"https:\/\/xn--porlascallesdecrdoba-p8b.com\/index.php?rest_route=\/wp\/v2\/pages\/6409\/revisions"}],"predecessor-version":[{"id":7865,"href":"https:\/\/xn--porlascallesdecrdoba-p8b.com\/index.php?rest_route=\/wp\/v2\/pages\/6409\/revisions\/7865"}],"wp:attachment":[{"href":"https:\/\/xn--porlascallesdecrdoba-p8b.com\/index.php?rest_route=%2Fwp%2Fv2%2Fmedia&parent=6409"}],"curies":[{"name":"wp","href":"https:\/\/api.w.org\/{rel}","templated":true}]}}

Capilla 4: San Simón y San Judas

<div class="wp-block-image">
<figure class="alignright size-full is-resized"><img loading="lazy" decoding="async" width="421" height="326" src="https://xn--porlascallesdecrdoba-p8b.com/wp-content/uploads/2026/08/image-154.png" alt="" class="wp-image-6841" style="width:310px;height:auto" srcset="https://xn--porlascallesdecrdoba-p8b.com/wp-content/uploads/2026/08/image-154.png 421w, https://xn--porlascallesdecrdoba-p8b.com/wp-content/uploads/2026/08/image-154-300x232.png 300w" sizes="auto, (max-width: 421px) 100vw, 421px" /></figure>
</div>


<p class="wp-block-paragraph" style="font-size:20px">La cuarta capilla se dedica a <strong>«los Santos Simón y Judas»</strong> es del siglo XVI y sustituyó a otra de la centuria anterior, de la que conserva los azulejos del altar (siglo XV), siendo uno de los mejores altares de cerámicos que conserva la Catedral. La capilla recibiría unas transformación en el siglo XVI, instalándose un retablo, desmontado. </p>



<p class="wp-block-paragraph" style="font-size:20px">                    </p>


<div class="wp-block-image">
<figure class="aligncenter size-large is-resized"><img loading="lazy" decoding="async" width="1024" height="787" src="https://xn--porlascallesdecrdoba-p8b.com/wp-content/uploads/2026/08/18-02-27-_134-r20-1024x787.jpg" alt="" class="wp-image-6843" style="width:584px;height:auto" srcset="https://xn--porlascallesdecrdoba-p8b.com/wp-content/uploads/2026/08/18-02-27-_134-r20-1024x787.jpg 1024w, https://xn--porlascallesdecrdoba-p8b.com/wp-content/uploads/2026/08/18-02-27-_134-r20-300x231.jpg 300w, https://xn--porlascallesdecrdoba-p8b.com/wp-content/uploads/2026/08/18-02-27-_134-r20-768x590.jpg 768w, https://xn--porlascallesdecrdoba-p8b.com/wp-content/uploads/2026/08/18-02-27-_134-r20-1536x1180.jpg 1536w, https://xn--porlascallesdecrdoba-p8b.com/wp-content/uploads/2026/08/18-02-27-_134-r20-2048x1574.jpg 2048w" sizes="auto, (max-width: 1024px) 100vw, 1024px" /></figure>
</div>


<p class="wp-block-paragraph" style="font-size:20px">Ruy Méndez de Sotamayor y su esposa Leonor Sánchez de Cárdenas, fueron los fundadores de esta capilla en el año 1401, teniendo en ella enterramiento los descendientes directos de éstos, el último enterramiento fue el de Eduardo Cabrera Marchesi, marqués de Villaseca y Ontiveros, el día 15 de julio de 1998.</p>



<figure class="wp-block-image size-full"><img loading="lazy" decoding="async" width="768" height="510" src="https://xn--porlascallesdecrdoba-p8b.com/wp-content/uploads/2026/08/capilla-san-simon-y-san-judas-2.jpg" alt="" class="wp-image-6846" srcset="https://xn--porlascallesdecrdoba-p8b.com/wp-content/uploads/2026/08/capilla-san-simon-y-san-judas-2.jpg 768w, https://xn--porlascallesdecrdoba-p8b.com/wp-content/uploads/2026/08/capilla-san-simon-y-san-judas-2-300x199.jpg 300w, https://xn--porlascallesdecrdoba-p8b.com/wp-content/uploads/2026/08/capilla-san-simon-y-san-judas-2-400x267.jpg 400w" sizes="auto, (max-width: 768px) 100vw, 768px" /></figure>



<p class="wp-block-paragraph" style="font-size:20px">El cuerpo del retablo está dividido en tres calles mediante cuatro columnas salomónicas decoradas con vides y sarmientos. En la hornacina central se encuentra un Nazareno del siglo XVI. A ambos lados, las figuras de San Simón y San Judas Tadeo que dan nombre a esta capilla, pueden proceder del retablo anterior del siglo XVI, debajo de ellos &nbsp;vemos unas pequeñas pinturas con el tema del martirio que sufrieron los dos apóstoles, el lienzo del centro, finales del XVIII, representa un cáliz rodeado de ángeles. En el ático, una imagen de la Virgen de la Paloma que puede ser del s. XVIII.</p>



<p class="wp-block-paragraph" style="font-size:20px">Complementan la decoración dos grandes tapices pertenecientes a la colección de tapices de la Catedral y un lienzo del siglo XVIII, en donde se representa la aparición de la Virgen a San Francisco.</p>



<figure class="wp-block-image size-full"><img loading="lazy" decoding="async" width="954" height="351" src="https://xn--porlascallesdecrdoba-p8b.com/wp-content/uploads/2026/08/image-155.png" alt="" class="wp-image-6848" srcset="https://xn--porlascallesdecrdoba-p8b.com/wp-content/uploads/2026/08/image-155.png 954w, https://xn--porlascallesdecrdoba-p8b.com/wp-content/uploads/2026/08/image-155-300x110.png 300w, https://xn--porlascallesdecrdoba-p8b.com/wp-content/uploads/2026/08/image-155-768x283.png 768w" sizes="auto, (max-width: 954px) 100vw, 954px" /></figure>



<figure class="wp-block-gallery has-nested-images columns-default is-cropped wp-block-gallery-1 is-layout-flex wp-block-gallery-is-layout-flex">
<figure class="wp-block-image size-large"><a href="https://xn--porlascallesdecrdoba-p8b.com/?page_id=6407"><img loading="lazy" decoding="async" width="155" height="46" data-id="6435" src="https://xn--porlascallesdecrdoba-p8b.com/wp-content/uploads/2026/08/Captura-de-pantalla-2026-08-10-184924-1.png" alt="" class="wp-image-6435" srcset="https://xn--porlascallesdecrdoba-p8b.com/wp-content/uploads/2026/08/Captura-de-pantalla-2026-08-10-184924-1.png 155w, https://xn--porlascallesdecrdoba-p8b.com/wp-content/uploads/2026/08/Captura-de-pantalla-2026-08-10-184924-1-150x46.png 150w" sizes="auto, (max-width: 155px) 100vw, 155px" /></a></figure>



<figure class="wp-block-image size-full"><a href="https://xn--porlascallesdecrdoba-p8b.com/?page_id=6440"><img loading="lazy" decoding="async" width="227" height="59" data-id="6436" src="https://xn--porlascallesdecrdoba-p8b.com/wp-content/uploads/2026/08/Captura-de-pantalla-2026-08-12-184912.png" alt="" class="wp-image-6436"/></a></figure>



<figure class="wp-block-image size-large"><a href="https://xn--porlascallesdecrdoba-p8b.com/?page_id=6411"><img loading="lazy" decoding="async" width="158" height="48" data-id="6434" src="https://xn--porlascallesdecrdoba-p8b.com/wp-content/uploads/2026/08/Captura-de-pantalla-2026-08-10-185011.png" alt="" class="wp-image-6434"/></a></figure>
</figure>



<p class="wp-block-paragraph"></p>

<p>La cuarta capilla se dedica a «los Santos Simón y Judas» es del siglo XVI y sustituyó a otra de la centuria anterior, de la que conserva los azulejos del <a class="more-link" href="https://xn--porlascallesdecrdoba-p8b.com/?page_id=6409">Seguir leyendo &rarr;</a></p>
