{"id":6414,"date":"2026-08-10T16:42:16","date_gmt":"2026-08-10T16:42:16","guid":{"rendered":"https:\/\/xn--porlascallesdecrdoba-p8b.com\/?page_id=6414"},"modified":"2026-09-03T19:20:20","modified_gmt":"2026-09-03T19:20:20","slug":"capilla-6-san-anton","status":"publish","type":"page","link":"https:\/\/xn--porlascallesdecrdoba-p8b.com\/?page_id=6414","title":{"rendered":"Capilla 6: San Ant\u00f3n"},"content":{"rendered":"<div class=\"wp-block-image\">\n<figure class=\"alignright size-full is-resized\"><img loading=\"lazy\" decoding=\"async\" width=\"542\" height=\"399\" src=\"https:\/\/xn--porlascallesdecrdoba-p8b.com\/wp-content\/uploads\/2026\/08\/image-161.png\" alt=\"\" class=\"wp-image-6888\" style=\"width:316px;height:auto\" srcset=\"https:\/\/xn--porlascallesdecrdoba-p8b.com\/wp-content\/uploads\/2026\/08\/image-161.png 542w, https:\/\/xn--porlascallesdecrdoba-p8b.com\/wp-content\/uploads\/2026\/08\/image-161-300x221.png 300w\" sizes=\"auto, (max-width: 542px) 100vw, 542px\" \/><\/figure>\n<\/div>\n\n\n<p class=\"wp-block-paragraph\" style=\"font-size:20px\">Estamos en la ampliaci\u00f3n de Abd al-Rahman II, en ella se encuentra la capilla n\u00famero seis, la de <strong>\u00abSan Ant\u00f3n o de San Antonio Abad\u00bb<\/strong>, dedicada al santo anacoreta nacido en el a\u00f1o 251, que dicen lleg\u00f3 a vivir ciento cinco a\u00f1os. <\/p>\n\n\n\n<p class=\"wp-block-paragraph\" style=\"font-size:20px\">El retablo, de madera dorada, es obra del siglo XVIII y en su hornacina se encuentra una imagen del santo. <\/p>\n\n\n<div class=\"wp-block-image\">\n<figure class=\"aligncenter size-large is-resized\"><img loading=\"lazy\" decoding=\"async\" width=\"1024\" height=\"683\" src=\"https:\/\/xn--porlascallesdecrdoba-p8b.com\/wp-content\/uploads\/2026\/08\/18-02-27-_164-1024x683.jpg\" alt=\"\" class=\"wp-image-6891\" style=\"aspect-ratio:1.5000146485805526;width:622px;height:auto\" srcset=\"https:\/\/xn--porlascallesdecrdoba-p8b.com\/wp-content\/uploads\/2026\/08\/18-02-27-_164-1024x683.jpg 1024w, https:\/\/xn--porlascallesdecrdoba-p8b.com\/wp-content\/uploads\/2026\/08\/18-02-27-_164-300x200.jpg 300w, https:\/\/xn--porlascallesdecrdoba-p8b.com\/wp-content\/uploads\/2026\/08\/18-02-27-_164-768x512.jpg 768w, https:\/\/xn--porlascallesdecrdoba-p8b.com\/wp-content\/uploads\/2026\/08\/18-02-27-_164-1536x1024.jpg 1536w, https:\/\/xn--porlascallesdecrdoba-p8b.com\/wp-content\/uploads\/2026\/08\/18-02-27-_164-2048x1365.jpg 2048w, https:\/\/xn--porlascallesdecrdoba-p8b.com\/wp-content\/uploads\/2026\/08\/18-02-27-_164-400x267.jpg 400w\" sizes=\"auto, (max-width: 1024px) 100vw, 1024px\" \/><\/figure>\n<\/div>\n\n<div class=\"wp-block-image\">\n<figure class=\"alignleft size-full\"><img loading=\"lazy\" decoding=\"async\" width=\"407\" height=\"563\" src=\"https:\/\/xn--porlascallesdecrdoba-p8b.com\/wp-content\/uploads\/2026\/08\/image-162.png\" alt=\"\" class=\"wp-image-6894\"\/><\/figure>\n<\/div>\n\n\n<p class=\"wp-block-paragraph\" style=\"font-size:20px\">La capilla fue fundada por el caballero veinticuatro Don Fern\u00e1n Alfonso, primer se\u00f1or de Belmonte. En el suelo se puede ver la l\u00e1pida sepulcral del fundador y de su segunda esposa, Constanza de Baeza y Haro.<\/p>\n\n\n\n<p class=\"wp-block-paragraph\" style=\"font-size:20px\">Este noble cordob\u00e9s, importante en la corte de Juan II, veinticuatro de la ciudad, es el protagonista de una historia de enga\u00f1os matrimoniales, que llev\u00f3 al asesinato de su esposa, Beatriz de Hinestrosa. El matrimonio viv\u00eda en la actual plaza que hay frente a la iglesia de Santa Marinas, su esposa se enamor\u00f3 de un primo, comendador de la Orden de Calatrava, ambos aprovecharon un viaje de Fern\u00e1n Alfonso a la corte para entablar relaciones, al ser descubierta la infidelidad por el esposo, \u00e9ste mat\u00f3 a su mujer y al amante. Don Fern\u00e1n Alfonso fue sentenciado por el rey al destierro, pero se acogi\u00f3 a un privilegio real de 1448, que perdonaba los delitos de todos aquellos que, durante un a\u00f1o y un d\u00eda, defendieran la ciudad de Antequera. En su testamento, otorgado en Bujalance a 22 de abril de 1471 confirma su acci\u00f3n homicida y lega 30.000 maraved\u00edes para hacer bien por el alma de do\u00f1a Beatriz. En 1478, fallecer\u00eda en su casa de Santa Marina, siendo enterrado en esta capilla, donde tambi\u00e9n est\u00e1 su segunda esposa, Do\u00f1a Constanza de Baeza y Haro.<\/p>\n\n\n<div class=\"wp-block-image\">\n<figure class=\"alignright size-full is-resized\"><img loading=\"lazy\" decoding=\"async\" width=\"2272\" height=\"1704\" src=\"https:\/\/xn--porlascallesdecrdoba-p8b.com\/wp-content\/uploads\/2026\/08\/15-04-09-543.jpg\" alt=\"\" class=\"wp-image-6896\" style=\"width:382px;height:auto\"\/><\/figure>\n<\/div>\n\n\n<p class=\"wp-block-paragraph\" style=\"font-size:20px\">Esta historia fue escrita por Juan Rufo, con el nombre \u201c<em>Romance de los Comendadores\u201d.<\/em><\/p>\n\n\n\n<p class=\"wp-block-paragraph\" style=\"font-size:20px\">En el suelo vemos la l\u00e1pida sepulcral del obispo Baltasar de Yusta y Navarro (1777-1787).<\/p>\n\n\n\n<p class=\"wp-block-paragraph\" style=\"font-size:20px\"><\/p>\n\n\n\n<p class=\"wp-block-paragraph\"><\/p>\n\n\n\n<p class=\"wp-block-paragraph\"><\/p>\n\n\n\n<figure class=\"wp-block-gallery has-nested-images columns-default is-cropped wp-block-gallery-1 is-layout-flex wp-block-gallery-is-layout-flex\">\n<figure class=\"wp-block-image size-large\"><a href=\"https:\/\/xn--porlascallesdecrdoba-p8b.com\/?page_id=6411\"><img loading=\"lazy\" decoding=\"async\" width=\"155\" height=\"46\" data-id=\"6435\" src=\"https:\/\/xn--porlascallesdecrdoba-p8b.com\/wp-content\/uploads\/2026\/08\/Captura-de-pantalla-2026-08-10-184924-1.png\" alt=\"\" class=\"wp-image-6435\" srcset=\"https:\/\/xn--porlascallesdecrdoba-p8b.com\/wp-content\/uploads\/2026\/08\/Captura-de-pantalla-2026-08-10-184924-1.png 155w, https:\/\/xn--porlascallesdecrdoba-p8b.com\/wp-content\/uploads\/2026\/08\/Captura-de-pantalla-2026-08-10-184924-1-150x46.png 150w\" sizes=\"auto, (max-width: 155px) 100vw, 155px\" \/><\/a><\/figure>\n\n\n\n<figure class=\"wp-block-image size-full\"><a href=\"https:\/\/xn--porlascallesdecrdoba-p8b.com\/?page_id=6440\"><img loading=\"lazy\" decoding=\"async\" width=\"227\" height=\"59\" data-id=\"6436\" src=\"https:\/\/xn--porlascallesdecrdoba-p8b.com\/wp-content\/uploads\/2026\/08\/Captura-de-pantalla-2026-08-12-184912.png\" alt=\"\" class=\"wp-image-6436\"\/><\/a><\/figure>\n\n\n\n<figure class=\"wp-block-image size-large\"><a href=\"https:\/\/xn--porlascallesdecrdoba-p8b.com\/?page_id=6899\"><img loading=\"lazy\" decoding=\"async\" width=\"158\" height=\"48\" data-id=\"6434\" src=\"https:\/\/xn--porlascallesdecrdoba-p8b.com\/wp-content\/uploads\/2026\/08\/Captura-de-pantalla-2026-08-10-185011.png\" alt=\"\" class=\"wp-image-6434\"\/><\/a><\/figure>\n<\/figure>\n\n\n\n<p class=\"wp-block-paragraph\"><\/p>\n","protected":false},"excerpt":{"rendered":"<p>Estamos en la ampliaci\u00f3n de Abd al-Rahman II, en ella se encuentra la capilla n\u00famero seis, la de \u00abSan Ant\u00f3n o de San Antonio Abad\u00bb, dedicada al santo anacoreta nacido <a class=\"more-link\" href=\"https:\/\/xn--porlascallesdecrdoba-p8b.com\/?page_id=6414\">Seguir leyendo &rarr;<\/a><\/p>\n","protected":false},"author":1,"featured_media":0,"parent":0,"menu_order":0,"comment_status":"closed","ping_status":"closed","template":"","meta":{"footnotes":""},"class_list":["post-6414","page","type-page","status-publish","hentry"],"_links":{"self":[{"href":"https:\/\/xn--porlascallesdecrdoba-p8b.com\/index.php?rest_route=\/wp\/v2\/pages\/6414","targetHints":{"allow":["GET"]}}],"collection":[{"href":"https:\/\/xn--porlascallesdecrdoba-p8b.com\/index.php?rest_route=\/wp\/v2\/pages"}],"about":[{"href":"https:\/\/xn--porlascallesdecrdoba-p8b.com\/index.php?rest_route=\/wp\/v2\/types\/page"}],"author":[{"embeddable":true,"href":"https:\/\/xn--porlascallesdecrdoba-p8b.com\/index.php?rest_route=\/wp\/v2\/users\/1"}],"replies":[{"embeddable":true,"href":"https:\/\/xn--porlascallesdecrdoba-p8b.com\/index.php?rest_route=%2Fwp%2Fv2%2Fcomments&post=6414"}],"version-history":[{"count":19,"href":"https:\/\/xn--porlascallesdecrdoba-p8b.com\/index.php?rest_route=\/wp\/v2\/pages\/6414\/revisions"}],"predecessor-version":[{"id":8006,"href":"https:\/\/xn--porlascallesdecrdoba-p8b.com\/index.php?rest_route=\/wp\/v2\/pages\/6414\/revisions\/8006"}],"wp:attachment":[{"href":"https:\/\/xn--porlascallesdecrdoba-p8b.com\/index.php?rest_route=%2Fwp%2Fv2%2Fmedia&parent=6414"}],"curies":[{"name":"wp","href":"https:\/\/api.w.org\/{rel}","templated":true}]}}

Capilla 6: San Antón

<div class="wp-block-image">
<figure class="alignright size-full is-resized"><img loading="lazy" decoding="async" width="542" height="399" src="https://xn--porlascallesdecrdoba-p8b.com/wp-content/uploads/2026/08/image-161.png" alt="" class="wp-image-6888" style="width:316px;height:auto" srcset="https://xn--porlascallesdecrdoba-p8b.com/wp-content/uploads/2026/08/image-161.png 542w, https://xn--porlascallesdecrdoba-p8b.com/wp-content/uploads/2026/08/image-161-300x221.png 300w" sizes="auto, (max-width: 542px) 100vw, 542px" /></figure>
</div>


<p class="wp-block-paragraph" style="font-size:20px">Estamos en la ampliación de Abd al-Rahman II, en ella se encuentra la capilla número seis, la de <strong>«San Antón o de San Antonio Abad»</strong>, dedicada al santo anacoreta nacido en el año 251, que dicen llegó a vivir ciento cinco años. </p>



<p class="wp-block-paragraph" style="font-size:20px">El retablo, de madera dorada, es obra del siglo XVIII y en su hornacina se encuentra una imagen del santo. </p>


<div class="wp-block-image">
<figure class="aligncenter size-large is-resized"><img loading="lazy" decoding="async" width="1024" height="683" src="https://xn--porlascallesdecrdoba-p8b.com/wp-content/uploads/2026/08/18-02-27-_164-1024x683.jpg" alt="" class="wp-image-6891" style="aspect-ratio:1.5000146485805526;width:622px;height:auto" srcset="https://xn--porlascallesdecrdoba-p8b.com/wp-content/uploads/2026/08/18-02-27-_164-1024x683.jpg 1024w, https://xn--porlascallesdecrdoba-p8b.com/wp-content/uploads/2026/08/18-02-27-_164-300x200.jpg 300w, https://xn--porlascallesdecrdoba-p8b.com/wp-content/uploads/2026/08/18-02-27-_164-768x512.jpg 768w, https://xn--porlascallesdecrdoba-p8b.com/wp-content/uploads/2026/08/18-02-27-_164-1536x1024.jpg 1536w, https://xn--porlascallesdecrdoba-p8b.com/wp-content/uploads/2026/08/18-02-27-_164-2048x1365.jpg 2048w, https://xn--porlascallesdecrdoba-p8b.com/wp-content/uploads/2026/08/18-02-27-_164-400x267.jpg 400w" sizes="auto, (max-width: 1024px) 100vw, 1024px" /></figure>
</div>

<div class="wp-block-image">
<figure class="alignleft size-full"><img loading="lazy" decoding="async" width="407" height="563" src="https://xn--porlascallesdecrdoba-p8b.com/wp-content/uploads/2026/08/image-162.png" alt="" class="wp-image-6894"/></figure>
</div>


<p class="wp-block-paragraph" style="font-size:20px">La capilla fue fundada por el caballero veinticuatro Don Fernán Alfonso, primer señor de Belmonte. En el suelo se puede ver la lápida sepulcral del fundador y de su segunda esposa, Constanza de Baeza y Haro.</p>



<p class="wp-block-paragraph" style="font-size:20px">Este noble cordobés, importante en la corte de Juan II, veinticuatro de la ciudad, es el protagonista de una historia de engaños matrimoniales, que llevó al asesinato de su esposa, Beatriz de Hinestrosa. El matrimonio vivía en la actual plaza que hay frente a la iglesia de Santa Marinas, su esposa se enamoró de un primo, comendador de la Orden de Calatrava, ambos aprovecharon un viaje de Fernán Alfonso a la corte para entablar relaciones, al ser descubierta la infidelidad por el esposo, éste mató a su mujer y al amante. Don Fernán Alfonso fue sentenciado por el rey al destierro, pero se acogió a un privilegio real de 1448, que perdonaba los delitos de todos aquellos que, durante un año y un día, defendieran la ciudad de Antequera. En su testamento, otorgado en Bujalance a 22 de abril de 1471 confirma su acción homicida y lega 30.000 maravedíes para hacer bien por el alma de doña Beatriz. En 1478, fallecería en su casa de Santa Marina, siendo enterrado en esta capilla, donde también está su segunda esposa, Doña Constanza de Baeza y Haro.</p>


<div class="wp-block-image">
<figure class="alignright size-full is-resized"><img loading="lazy" decoding="async" width="2272" height="1704" src="https://xn--porlascallesdecrdoba-p8b.com/wp-content/uploads/2026/08/15-04-09-543.jpg" alt="" class="wp-image-6896" style="width:382px;height:auto"/></figure>
</div>


<p class="wp-block-paragraph" style="font-size:20px">Esta historia fue escrita por Juan Rufo, con el nombre “<em>Romance de los Comendadores”.</em></p>



<p class="wp-block-paragraph" style="font-size:20px">En el suelo vemos la lápida sepulcral del obispo Baltasar de Yusta y Navarro (1777-1787).</p>



<p class="wp-block-paragraph" style="font-size:20px"></p>



<p class="wp-block-paragraph"></p>



<p class="wp-block-paragraph"></p>



<figure class="wp-block-gallery has-nested-images columns-default is-cropped wp-block-gallery-1 is-layout-flex wp-block-gallery-is-layout-flex">
<figure class="wp-block-image size-large"><a href="https://xn--porlascallesdecrdoba-p8b.com/?page_id=6411"><img loading="lazy" decoding="async" width="155" height="46" data-id="6435" src="https://xn--porlascallesdecrdoba-p8b.com/wp-content/uploads/2026/08/Captura-de-pantalla-2026-08-10-184924-1.png" alt="" class="wp-image-6435" srcset="https://xn--porlascallesdecrdoba-p8b.com/wp-content/uploads/2026/08/Captura-de-pantalla-2026-08-10-184924-1.png 155w, https://xn--porlascallesdecrdoba-p8b.com/wp-content/uploads/2026/08/Captura-de-pantalla-2026-08-10-184924-1-150x46.png 150w" sizes="auto, (max-width: 155px) 100vw, 155px" /></a></figure>



<figure class="wp-block-image size-full"><a href="https://xn--porlascallesdecrdoba-p8b.com/?page_id=6440"><img loading="lazy" decoding="async" width="227" height="59" data-id="6436" src="https://xn--porlascallesdecrdoba-p8b.com/wp-content/uploads/2026/08/Captura-de-pantalla-2026-08-12-184912.png" alt="" class="wp-image-6436"/></a></figure>



<figure class="wp-block-image size-large"><a href="https://xn--porlascallesdecrdoba-p8b.com/?page_id=6899"><img loading="lazy" decoding="async" width="158" height="48" data-id="6434" src="https://xn--porlascallesdecrdoba-p8b.com/wp-content/uploads/2026/08/Captura-de-pantalla-2026-08-10-185011.png" alt="" class="wp-image-6434"/></a></figure>
</figure>



<p class="wp-block-paragraph"></p>

<p>Estamos en la ampliación de Abd al-Rahman II, en ella se encuentra la capilla número seis, la de «San Antón o de San Antonio Abad», dedicada al santo anacoreta nacido <a class="more-link" href="https://xn--porlascallesdecrdoba-p8b.com/?page_id=6414">Seguir leyendo &rarr;</a></p>
