{"id":6440,"date":"2026-08-12T21:13:09","date_gmt":"2026-08-12T21:13:09","guid":{"rendered":"https:\/\/xn--porlascallesdecrdoba-p8b.com\/?page_id=6440"},"modified":"2026-09-03T20:14:28","modified_gmt":"2026-09-03T20:14:28","slug":"indice-capillas-de-la-catedral","status":"publish","type":"page","link":"https:\/\/xn--porlascallesdecrdoba-p8b.com\/?page_id=6440","title":{"rendered":"\u00cdndice de capillas en los muros de la Catedral"},"content":{"rendered":"<div class=\"wp-block-image\">\n<figure class=\"aligncenter size-full is-resized\"><img loading=\"lazy\" decoding=\"async\" width=\"652\" height=\"625\" src=\"https:\/\/xn--porlascallesdecrdoba-p8b.com\/wp-content\/uploads\/2026\/09\/image-4.png\" alt=\"\" class=\"wp-image-7933\" style=\"aspect-ratio:1.043227161358068;width:458px;height:auto\" srcset=\"https:\/\/xn--porlascallesdecrdoba-p8b.com\/wp-content\/uploads\/2026\/09\/image-4.png 652w, https:\/\/xn--porlascallesdecrdoba-p8b.com\/wp-content\/uploads\/2026\/09\/image-4-300x288.png 300w\" sizes=\"auto, (max-width: 652px) 100vw, 652px\" \/><\/figure>\n<\/div>\n\n\n<p class=\"wp-block-paragraph\" style=\"font-size:22px\"><strong>Capillas y altares pared oeste<\/strong><\/p>\n\n\n\n<p class=\"wp-block-paragraph\" style=\"font-size:22px\"><\/p>\n\n\n\n<p class=\"wp-block-paragraph\"><a href=\"https:\/\/xn--porlascallesdecrdoba-p8b.com\/?page_id=6403\">Capilla 1: San Salvador y San Ambrosio<\/a>&#8230;&#8230;&#8230;&#8230;&#8230;&#8230;&#8230;&#8230;..<a href=\"https:\/\/xn--porlascallesdecrdoba-p8b.com\/?page_id=6405\">Capilla 2: San Agust\u00edn y Santa Eulalia<\/a> <br><a href=\"https:\/\/xn--porlascallesdecrdoba-p8b.com\/?page_id=6407\">Capilla 3: Nta Sra de la Nievas y S Vicente<\/a>,,,,,,,,,,,,,,,,,,,,,,,,,,,,<a href=\"https:\/\/xn--porlascallesdecrdoba-p8b.com\/?page_id=6409\">Capilla 4: San Sim\u00f3n y San Judas<\/a><br><a href=\"https:\/\/xn--porlascallesdecrdoba-p8b.com\/?page_id=6411\">Capilla 5: Inmaculada Concepci\u00f3n<\/a>,,,,,,,,&#8230;&#8230;.,,,,,,&#8230;..,,,,,,,,,,,,,<a href=\"https:\/\/xn--porlascallesdecrdoba-p8b.com\/?page_id=6414\">Capilla 6: San Ant\u00f3n <\/a><br><a href=\"https:\/\/xn--porlascallesdecrdoba-p8b.com\/?page_id=6899\">Capilla 7: Sant\u00edsima Trinidad<\/a> ,,,,,,,,,,,,,,,,,,,,,,,,,,,,&#8230;..,,&#8230;,,,,,,,,,<a href=\"https:\/\/xn--porlascallesdecrdoba-p8b.com\/?page_id=6902\"> Capilla 8: San Acacio y Once mil V\u00edrgenes<\/a><br>Capilla 9: <a href=\"https:\/\/xn--porlascallesdecrdoba-p8b.com\/?page_id=6904\">Puerta de San Miguel.<\/a>&#8230;&#8230;&#8230;&#8230;&#8230;&#8230;&#8230;&#8230;&#8230;&#8230;&#8230;..<a href=\"https:\/\/xn--porlascallesdecrdoba-p8b.com\/?page_id=6906\">.Capilla 10: Espiritu Santo &#8211; S Pedro M\u00e1rtir<\/a><br> 11: Cuadro \u00daltima Cena&#8230;&#8230;&#8230;&#8230;&#8230;&#8230;&#8230;&#8230;&#8230;&#8230;&#8230;&#8230;&#8230;&#8230;&#8230;&#8230;&#8230;&#8230;&#8230;.<a href=\"https:\/\/xn--porlascallesdecrdoba-p8b.com\/?page_id=6908\">11: Museo de San Vicente<\/a><br><a href=\"https:\/\/xn--porlascallesdecrdoba-p8b.com\/?page_id=6411\">Altar D: Virgen del Pilar<\/a>&#8230;&#8230;&#8230;&#8230;&#8230;&#8230;&#8230;&#8230;&#8230;&#8230;&#8230;&#8230;&#8230;&#8230;&#8230;&#8230;&#8230;..<a href=\"https:\/\/xn--porlascallesdecrdoba-p8b.com\/?page_id=6411\">Altar H: Santa Elena<\/a><br><a href=\"https:\/\/xn--porlascallesdecrdoba-p8b.com\/?page_id=6902\">Altar I.- Nta. Sra. de la Concepci\u00f3n<\/a>&#8230;&#8230;&#8230;&#8230;&#8230;&#8230;&#8230;&#8230;&#8230;&#8230;&#8230;&#8230;..Altar J.- Virgen de la O<br>Altar K.- San Gregorio (relieve) &#8230;&#8230;&#8230;&#8230;&#8230;&#8230;&#8230;&#8230;&#8230;&#8230;&#8230;&#8230;&#8230;&#8230;<a href=\"https:\/\/xn--porlascallesdecrdoba-p8b.com\/?page_id=6906\">Altar L.- San Felipe y Santiago<\/a><\/p>\n\n\n\n<p class=\"wp-block-paragraph\" style=\"font-size:22px\"><strong>Capillas y altares pared sur<\/strong><\/p>\n\n\n\n<p class=\"wp-block-paragraph\">Capilla 14<br>Capilla 17:<br>Capilla 8: San Acacio y Once mil V\u00edrgenes<br>Puerta de San Miguel<br>Capilla 10: Espiritu Santo &#8211; S Pedro M\u00e1rtir<br>Cuadro \u00daltima Cena<br>Museo de San Vicente<br>Altar A: del Cristo de las penas<br>Altar B: Cuadro de Virgen<br>Altar C: San Acisclo<br>Altar D: Virgen del Pilar<br>Altar E: Cuadro<br>Altar F: Cuadro de Sta. Teresa de Calcuta<br>Altar G: Cuadro<br>Altar H: Santa Elena<br>Altar I.- Nta. Sra. De la Concepci\u00f3n<br>Altar J.- Virgen de la O<br>Altar K.- San Gregorio (relieve)<br>Altar L.- San Felipe y Santiago<\/p>\n\n\n\n<p class=\"wp-block-paragraph\" style=\"font-size:22px\"><strong>Capillas y altares pared sur<\/strong><\/p>\n\n\n\n<figure class=\"wp-block-gallery has-nested-images columns-default is-cropped wp-block-gallery-1 is-layout-flex wp-block-gallery-is-layout-flex\">\n<figure class=\"wp-block-image size-large\"><a href=\"https:\/\/xn--porlascallesdecrdoba-p8b.com\/?page_id=6899\"><img loading=\"lazy\" decoding=\"async\" width=\"155\" height=\"46\" data-id=\"6435\" src=\"https:\/\/xn--porlascallesdecrdoba-p8b.com\/wp-content\/uploads\/2026\/08\/Captura-de-pantalla-2026-08-10-184924-1.png\" alt=\"\" class=\"wp-image-6435\" srcset=\"https:\/\/xn--porlascallesdecrdoba-p8b.com\/wp-content\/uploads\/2026\/08\/Captura-de-pantalla-2026-08-10-184924-1.png 155w, https:\/\/xn--porlascallesdecrdoba-p8b.com\/wp-content\/uploads\/2026\/08\/Captura-de-pantalla-2026-08-10-184924-1-150x46.png 150w\" sizes=\"auto, (max-width: 155px) 100vw, 155px\" \/><\/a><\/figure>\n\n\n\n<figure class=\"wp-block-image size-full\"><a href=\"https:\/\/xn--porlascallesdecrdoba-p8b.com\/?page_id=6440\"><img loading=\"lazy\" decoding=\"async\" width=\"227\" height=\"59\" data-id=\"6436\" src=\"https:\/\/xn--porlascallesdecrdoba-p8b.com\/wp-content\/uploads\/2026\/08\/Captura-de-pantalla-2026-08-12-184912.png\" alt=\"\" class=\"wp-image-6436\"\/><\/a><\/figure>\n\n\n\n<figure class=\"wp-block-image size-large\"><a href=\"https:\/\/xn--porlascallesdecrdoba-p8b.com\/?page_id=6904\"><img loading=\"lazy\" decoding=\"async\" width=\"158\" height=\"48\" data-id=\"6434\" src=\"https:\/\/xn--porlascallesdecrdoba-p8b.com\/wp-content\/uploads\/2026\/08\/Captura-de-pantalla-2026-08-10-185011.png\" alt=\"\" class=\"wp-image-6434\"\/><\/a><\/figure>\n<\/figure>\n\n\n\n<p class=\"wp-block-paragraph\"><\/p>\n","protected":false},"excerpt":{"rendered":"<p>Capillas y altares pared oeste Capilla 1: San Salvador y San Ambrosio&#8230;&#8230;&#8230;&#8230;&#8230;&#8230;&#8230;&#8230;..Capilla 2: San Agust\u00edn y Santa Eulalia Capilla 3: Nta Sra de la Nievas y S Vicente,,,,,,,,,,,,,,,,,,,,,,,,,,,,Capilla 4: San <a class=\"more-link\" href=\"https:\/\/xn--porlascallesdecrdoba-p8b.com\/?page_id=6440\">Seguir leyendo &rarr;<\/a><\/p>\n","protected":false},"author":1,"featured_media":0,"parent":0,"menu_order":0,"comment_status":"closed","ping_status":"closed","template":"","meta":{"footnotes":""},"class_list":["post-6440","page","type-page","status-publish","hentry"],"_links":{"self":[{"href":"https:\/\/xn--porlascallesdecrdoba-p8b.com\/index.php?rest_route=\/wp\/v2\/pages\/6440","targetHints":{"allow":["GET"]}}],"collection":[{"href":"https:\/\/xn--porlascallesdecrdoba-p8b.com\/index.php?rest_route=\/wp\/v2\/pages"}],"about":[{"href":"https:\/\/xn--porlascallesdecrdoba-p8b.com\/index.php?rest_route=\/wp\/v2\/types\/page"}],"author":[{"embeddable":true,"href":"https:\/\/xn--porlascallesdecrdoba-p8b.com\/index.php?rest_route=\/wp\/v2\/users\/1"}],"replies":[{"embeddable":true,"href":"https:\/\/xn--porlascallesdecrdoba-p8b.com\/index.php?rest_route=%2Fwp%2Fv2%2Fcomments&post=6440"}],"version-history":[{"count":40,"href":"https:\/\/xn--porlascallesdecrdoba-p8b.com\/index.php?rest_route=\/wp\/v2\/pages\/6440\/revisions"}],"predecessor-version":[{"id":8018,"href":"https:\/\/xn--porlascallesdecrdoba-p8b.com\/index.php?rest_route=\/wp\/v2\/pages\/6440\/revisions\/8018"}],"wp:attachment":[{"href":"https:\/\/xn--porlascallesdecrdoba-p8b.com\/index.php?rest_route=%2Fwp%2Fv2%2Fmedia&parent=6440"}],"curies":[{"name":"wp","href":"https:\/\/api.w.org\/{rel}","templated":true}]}}

Índice de capillas en los muros de la Catedral

<div class="wp-block-image">
<figure class="aligncenter size-full is-resized"><img loading="lazy" decoding="async" width="652" height="625" src="https://xn--porlascallesdecrdoba-p8b.com/wp-content/uploads/2026/09/image-4.png" alt="" class="wp-image-7933" style="aspect-ratio:1.043227161358068;width:458px;height:auto" srcset="https://xn--porlascallesdecrdoba-p8b.com/wp-content/uploads/2026/09/image-4.png 652w, https://xn--porlascallesdecrdoba-p8b.com/wp-content/uploads/2026/09/image-4-300x288.png 300w" sizes="auto, (max-width: 652px) 100vw, 652px" /></figure>
</div>


<p class="wp-block-paragraph" style="font-size:22px"><strong>Capillas y altares pared oeste</strong></p>



<p class="wp-block-paragraph" style="font-size:22px"></p>



<p class="wp-block-paragraph"><a href="https://xn--porlascallesdecrdoba-p8b.com/?page_id=6403">Capilla 1: San Salvador y San Ambrosio</a>&#8230;&#8230;&#8230;&#8230;&#8230;&#8230;&#8230;&#8230;..<a href="https://xn--porlascallesdecrdoba-p8b.com/?page_id=6405">Capilla 2: San Agustín y Santa Eulalia</a> <br><a href="https://xn--porlascallesdecrdoba-p8b.com/?page_id=6407">Capilla 3: Nta Sra de la Nievas y S Vicente</a>,,,,,,,,,,,,,,,,,,,,,,,,,,,,<a href="https://xn--porlascallesdecrdoba-p8b.com/?page_id=6409">Capilla 4: San Simón y San Judas</a><br><a href="https://xn--porlascallesdecrdoba-p8b.com/?page_id=6411">Capilla 5: Inmaculada Concepción</a>,,,,,,,,&#8230;&#8230;.,,,,,,&#8230;..,,,,,,,,,,,,,<a href="https://xn--porlascallesdecrdoba-p8b.com/?page_id=6414">Capilla 6: San Antón </a><br><a href="https://xn--porlascallesdecrdoba-p8b.com/?page_id=6899">Capilla 7: Santísima Trinidad</a> ,,,,,,,,,,,,,,,,,,,,,,,,,,,,&#8230;..,,&#8230;,,,,,,,,,<a href="https://xn--porlascallesdecrdoba-p8b.com/?page_id=6902"> Capilla 8: San Acacio y Once mil Vírgenes</a><br>Capilla 9: <a href="https://xn--porlascallesdecrdoba-p8b.com/?page_id=6904">Puerta de San Miguel.</a>&#8230;&#8230;&#8230;&#8230;&#8230;&#8230;&#8230;&#8230;&#8230;&#8230;&#8230;..<a href="https://xn--porlascallesdecrdoba-p8b.com/?page_id=6906">.Capilla 10: Espiritu Santo &#8211; S Pedro Mártir</a><br> 11: Cuadro Última Cena&#8230;&#8230;&#8230;&#8230;&#8230;&#8230;&#8230;&#8230;&#8230;&#8230;&#8230;&#8230;&#8230;&#8230;&#8230;&#8230;&#8230;&#8230;&#8230;.<a href="https://xn--porlascallesdecrdoba-p8b.com/?page_id=6908">11: Museo de San Vicente</a><br><a href="https://xn--porlascallesdecrdoba-p8b.com/?page_id=6411">Altar D: Virgen del Pilar</a>&#8230;&#8230;&#8230;&#8230;&#8230;&#8230;&#8230;&#8230;&#8230;&#8230;&#8230;&#8230;&#8230;&#8230;&#8230;&#8230;&#8230;..<a href="https://xn--porlascallesdecrdoba-p8b.com/?page_id=6411">Altar H: Santa Elena</a><br><a href="https://xn--porlascallesdecrdoba-p8b.com/?page_id=6902">Altar I.- Nta. Sra. de la Concepción</a>&#8230;&#8230;&#8230;&#8230;&#8230;&#8230;&#8230;&#8230;&#8230;&#8230;&#8230;&#8230;..Altar J.- Virgen de la O<br>Altar K.- San Gregorio (relieve) &#8230;&#8230;&#8230;&#8230;&#8230;&#8230;&#8230;&#8230;&#8230;&#8230;&#8230;&#8230;&#8230;&#8230;<a href="https://xn--porlascallesdecrdoba-p8b.com/?page_id=6906">Altar L.- San Felipe y Santiago</a></p>



<p class="wp-block-paragraph" style="font-size:22px"><strong>Capillas y altares pared sur</strong></p>



<p class="wp-block-paragraph">Capilla 14<br>Capilla 17:<br>Capilla 8: San Acacio y Once mil Vírgenes<br>Puerta de San Miguel<br>Capilla 10: Espiritu Santo &#8211; S Pedro Mártir<br>Cuadro Última Cena<br>Museo de San Vicente<br>Altar A: del Cristo de las penas<br>Altar B: Cuadro de Virgen<br>Altar C: San Acisclo<br>Altar D: Virgen del Pilar<br>Altar E: Cuadro<br>Altar F: Cuadro de Sta. Teresa de Calcuta<br>Altar G: Cuadro<br>Altar H: Santa Elena<br>Altar I.- Nta. Sra. De la Concepción<br>Altar J.- Virgen de la O<br>Altar K.- San Gregorio (relieve)<br>Altar L.- San Felipe y Santiago</p>



<p class="wp-block-paragraph" style="font-size:22px"><strong>Capillas y altares pared sur</strong></p>



<figure class="wp-block-gallery has-nested-images columns-default is-cropped wp-block-gallery-1 is-layout-flex wp-block-gallery-is-layout-flex">
<figure class="wp-block-image size-large"><a href="https://xn--porlascallesdecrdoba-p8b.com/?page_id=6899"><img loading="lazy" decoding="async" width="155" height="46" data-id="6435" src="https://xn--porlascallesdecrdoba-p8b.com/wp-content/uploads/2026/08/Captura-de-pantalla-2026-08-10-184924-1.png" alt="" class="wp-image-6435" srcset="https://xn--porlascallesdecrdoba-p8b.com/wp-content/uploads/2026/08/Captura-de-pantalla-2026-08-10-184924-1.png 155w, https://xn--porlascallesdecrdoba-p8b.com/wp-content/uploads/2026/08/Captura-de-pantalla-2026-08-10-184924-1-150x46.png 150w" sizes="auto, (max-width: 155px) 100vw, 155px" /></a></figure>



<figure class="wp-block-image size-full"><a href="https://xn--porlascallesdecrdoba-p8b.com/?page_id=6440"><img loading="lazy" decoding="async" width="227" height="59" data-id="6436" src="https://xn--porlascallesdecrdoba-p8b.com/wp-content/uploads/2026/08/Captura-de-pantalla-2026-08-12-184912.png" alt="" class="wp-image-6436"/></a></figure>



<figure class="wp-block-image size-large"><a href="https://xn--porlascallesdecrdoba-p8b.com/?page_id=6904"><img loading="lazy" decoding="async" width="158" height="48" data-id="6434" src="https://xn--porlascallesdecrdoba-p8b.com/wp-content/uploads/2026/08/Captura-de-pantalla-2026-08-10-185011.png" alt="" class="wp-image-6434"/></a></figure>
</figure>



<p class="wp-block-paragraph"></p>

<p>Capillas y altares pared oeste Capilla 1: San Salvador y San Ambrosio&#8230;&#8230;&#8230;&#8230;&#8230;&#8230;&#8230;&#8230;..Capilla 2: San Agustín y Santa Eulalia Capilla 3: Nta Sra de la Nievas y S Vicente,,,,,,,,,,,,,,,,,,,,,,,,,,,,Capilla 4: San <a class="more-link" href="https://xn--porlascallesdecrdoba-p8b.com/?page_id=6440">Seguir leyendo &rarr;</a></p>
