{"id":6522,"date":"2026-08-14T20:16:47","date_gmt":"2026-08-14T20:16:47","guid":{"rendered":"https:\/\/xn--porlascallesdecrdoba-p8b.com\/?page_id=6522"},"modified":"2026-08-30T14:30:58","modified_gmt":"2026-08-30T14:30:58","slug":"horno-de-cristo","status":"publish","type":"page","link":"https:\/\/xn--porlascallesdecrdoba-p8b.com\/?page_id=6522","title":{"rendered":"Horno de Cristo y Bataneros"},"content":{"rendered":"\n<p class=\"wp-block-paragraph\" style=\"font-size:20px\">Bocacalle de \u00abRey Heredia\u00bb es la estrecha \u201c<strong>Horno de Cristo<\/strong>\u201d, de la que Ram\u00edrez de Arellano en su obra \u201cPaseos por C\u00f3rdoba\u201d, publicada en 1875, nos dice: \u201c<em>nada de particular ofrece y debe su nombre a un Santo Cristo que hasta 1841 estuvo en la fachada y despu\u00e9s en el interior del horno que vemos en aquel sitio, y es uno de los m\u00e1s antiguos de C\u00f3rdoba<\/em>\u201d. <\/p>\n\n\n\n<p class=\"wp-block-paragraph\" style=\"font-size:20px\">Todas sus casas conservan el sabor a casa familiar antigua. <\/p>\n\n\n\n<figure class=\"wp-block-image size-full\"><img loading=\"lazy\" decoding=\"async\" width=\"829\" height=\"474\" src=\"https:\/\/xn--porlascallesdecrdoba-p8b.com\/wp-content\/uploads\/2026\/08\/image-130.png\" alt=\"\" class=\"wp-image-6687\" srcset=\"https:\/\/xn--porlascallesdecrdoba-p8b.com\/wp-content\/uploads\/2026\/08\/image-130.png 829w, https:\/\/xn--porlascallesdecrdoba-p8b.com\/wp-content\/uploads\/2026\/08\/image-130-300x172.png 300w, https:\/\/xn--porlascallesdecrdoba-p8b.com\/wp-content\/uploads\/2026\/08\/image-130-768x439.png 768w\" sizes=\"auto, (max-width: 829px) 100vw, 829px\" \/><\/figure>\n\n\n\n<p class=\"wp-block-paragraph\" style=\"font-size:20px\">Al final de la calle, la portada n\u00famero dos es una de las tres entradas que posee la casa-palacio que fuera del Duque de Medina Sidonia. <\/p>\n\n\n<div class=\"wp-block-image\">\n<figure class=\"aligncenter size-full\"><img loading=\"lazy\" decoding=\"async\" width=\"622\" height=\"430\" src=\"https:\/\/xn--porlascallesdecrdoba-p8b.com\/wp-content\/uploads\/2026\/08\/image-132.png\" alt=\"\" class=\"wp-image-6691\"\/><figcaption class=\"wp-element-caption\">Horno de Cristo, 2<\/figcaption><\/figure>\n<\/div>\n\n\n<p class=\"wp-block-paragraph\" style=\"font-size:20px\"><\/p>\n\n\n<div class=\"wp-block-image\">\n<figure class=\"alignright size-full\"><img loading=\"lazy\" decoding=\"async\" width=\"268\" height=\"332\" src=\"https:\/\/xn--porlascallesdecrdoba-p8b.com\/wp-content\/uploads\/2026\/08\/COLL_01_Batan_2016-1.jpg\" alt=\"\" class=\"wp-image-6684\" srcset=\"https:\/\/xn--porlascallesdecrdoba-p8b.com\/wp-content\/uploads\/2026\/08\/COLL_01_Batan_2016-1.jpg 268w, https:\/\/xn--porlascallesdecrdoba-p8b.com\/wp-content\/uploads\/2026\/08\/COLL_01_Batan_2016-1-242x300.jpg 242w\" sizes=\"auto, (max-width: 268px) 100vw, 268px\" \/><\/figure>\n<\/div>\n\n\n<p class=\"wp-block-paragraph\" style=\"font-size:20px\">Frente a la portada 2 se abre la calle \u201c<strong>Bataneros<\/strong>\u201d, que en el \u201c<em>plano de los franceses<\/em>\u201d aparece como \u201cCorral de Bataneros\u201d, seg\u00fan Arellano \u201c<em>por una gran casa de vecinos del mismo nombre y donde antiguamente vivieron varios trabajadores de los batanes de pa\u00f1os<\/em>\u201d. Los bataneros eran los propietarios o encargados de manejar el bat\u00e1n, una m\u00e1quina de madera que funcionaba como un molino de agua y permit\u00eda elevar y dejar caer unos grandes mazos de madera. Su finalidad era golpear el pa\u00f1o para compactarlo y acabar de limpiarlo, el molino de Martos conserva a\u00fan hoy sus batanes.<\/p>\n\n\n\n<p class=\"wp-block-paragraph\" style=\"font-size:20px\">Esta calle en la que se conservan un par de portadas petreas adinteladas, posee forma de L, nos vuelve a llevar a \u201cRey Heredia\u201d. En la \u00faltima casa de esta calle una placa se dedica a \u201c<em>Eduardo Hern\u00e1ndez-Pacheco y Estevan, insigne cient\u00edfico y naturalista. Las universidades de C\u00f3rdoba y Sevilla y la Asociaci\u00f3n de Ge\u00f3grafos Espa\u00f1oles<\/em>\u201d.<\/p>\n\n\n\n<p class=\"wp-block-paragraph\" style=\"font-size:20px\">Este cient\u00edfico nacido en Madrid en 1872, se doctor\u00f3 en Ciencias en 1896 y tres a\u00f1os despu\u00e9s gan\u00f3 por oposici\u00f3n la c\u00e1tedra de Historia Natural del Instituto de Ense\u00f1anza Secundaria de C\u00f3rdoba, cargo en el que permaneci\u00f3 hasta 1907 en que se traslad\u00f3 al Museo de Ciencias Naturales de Madrid. Ese mismo a\u00f1o la Real Sociedad Espa\u00f1ola de Historia Natural lo designa para una expedici\u00f3n a las Islas Canarias orientales, centrando sus estudios en la vulcanolog\u00eda de Lanzarote. Realiz\u00f3 diversos estudios geol\u00f3gicos del pa\u00eds y otros pa\u00edses europeos. Sus trabajos en el Museo los compagin\u00f3 con la c\u00e1tedra en la Universidad Central de Madrid. Fue uno de los fundadores del Consejo Superior de Investigaciones Cient\u00edficas.<\/p>\n\n\n<div class=\"wp-block-image\">\n<figure class=\"aligncenter size-full\"><img loading=\"lazy\" decoding=\"async\" width=\"921\" height=\"493\" src=\"https:\/\/xn--porlascallesdecrdoba-p8b.com\/wp-content\/uploads\/2026\/08\/image-133.png\" alt=\"\" class=\"wp-image-6694\"\/><figcaption class=\"wp-element-caption\">Calle Bataneros<\/figcaption><\/figure>\n<\/div>\n\n\n<figure class=\"wp-block-gallery has-nested-images columns-default is-cropped wp-block-gallery-1 is-layout-flex wp-block-gallery-is-layout-flex\">\n<figure class=\"wp-block-image size-large\"><a href=\"https:\/\/xn--porlascallesdecrdoba-p8b.com\/?page_id=6552\"><img loading=\"lazy\" decoding=\"async\" width=\"218\" height=\"72\" data-id=\"6503\" src=\"https:\/\/xn--porlascallesdecrdoba-p8b.com\/wp-content\/uploads\/2026\/08\/Captura-de-pantalla-2026-08-14-215034.png\" alt=\"\" class=\"wp-image-6503\"\/><\/a><\/figure>\n\n\n\n<figure class=\"wp-block-image size-full\"><a href=\"https:\/\/xn--porlascallesdecrdoba-p8b.com\/?page_id=5727\"><img loading=\"lazy\" decoding=\"async\" width=\"211\" height=\"63\" data-id=\"6505\" src=\"https:\/\/xn--porlascallesdecrdoba-p8b.com\/wp-content\/uploads\/2026\/08\/Captura-de-pantalla-2026-08-14-215040.png\" alt=\"\" class=\"wp-image-6505\"\/><\/a><\/figure>\n\n\n\n<figure class=\"wp-block-image size-large\"><a href=\"https:\/\/xn--porlascallesdecrdoba-p8b.com\/?page_id=6524\"><img loading=\"lazy\" decoding=\"async\" width=\"214\" height=\"64\" data-id=\"6504\" src=\"https:\/\/xn--porlascallesdecrdoba-p8b.com\/wp-content\/uploads\/2026\/08\/Captura-de-pantalla-2026-08-14-215047.png\" alt=\"\" class=\"wp-image-6504\"\/><\/a><\/figure>\n<\/figure>\n\n\n\n<p class=\"wp-block-paragraph\"><\/p>\n","protected":false},"excerpt":{"rendered":"<p>Bocacalle de \u00abRey Heredia\u00bb es la estrecha \u201cHorno de Cristo\u201d, de la que Ram\u00edrez de Arellano en su obra \u201cPaseos por C\u00f3rdoba\u201d, publicada en 1875, nos dice: \u201cnada de particular <a class=\"more-link\" href=\"https:\/\/xn--porlascallesdecrdoba-p8b.com\/?page_id=6522\">Seguir leyendo &rarr;<\/a><\/p>\n","protected":false},"author":1,"featured_media":0,"parent":0,"menu_order":0,"comment_status":"closed","ping_status":"closed","template":"","meta":{"footnotes":""},"class_list":["post-6522","page","type-page","status-publish","hentry"],"_links":{"self":[{"href":"https:\/\/xn--porlascallesdecrdoba-p8b.com\/index.php?rest_route=\/wp\/v2\/pages\/6522","targetHints":{"allow":["GET"]}}],"collection":[{"href":"https:\/\/xn--porlascallesdecrdoba-p8b.com\/index.php?rest_route=\/wp\/v2\/pages"}],"about":[{"href":"https:\/\/xn--porlascallesdecrdoba-p8b.com\/index.php?rest_route=\/wp\/v2\/types\/page"}],"author":[{"embeddable":true,"href":"https:\/\/xn--porlascallesdecrdoba-p8b.com\/index.php?rest_route=\/wp\/v2\/users\/1"}],"replies":[{"embeddable":true,"href":"https:\/\/xn--porlascallesdecrdoba-p8b.com\/index.php?rest_route=%2Fwp%2Fv2%2Fcomments&post=6522"}],"version-history":[{"count":9,"href":"https:\/\/xn--porlascallesdecrdoba-p8b.com\/index.php?rest_route=\/wp\/v2\/pages\/6522\/revisions"}],"predecessor-version":[{"id":7758,"href":"https:\/\/xn--porlascallesdecrdoba-p8b.com\/index.php?rest_route=\/wp\/v2\/pages\/6522\/revisions\/7758"}],"wp:attachment":[{"href":"https:\/\/xn--porlascallesdecrdoba-p8b.com\/index.php?rest_route=%2Fwp%2Fv2%2Fmedia&parent=6522"}],"curies":[{"name":"wp","href":"https:\/\/api.w.org\/{rel}","templated":true}]}}

<p class="wp-block-paragraph" style="font-size:20px">Bocacalle de «Rey Heredia» es la estrecha “<strong>Horno de Cristo</strong>”, de la que Ramírez de Arellano en su obra “Paseos por Córdoba”, publicada en 1875, nos dice: “<em>nada de particular ofrece y debe su nombre a un Santo Cristo que hasta 1841 estuvo en la fachada y después en el interior del horno que vemos en aquel sitio, y es uno de los más antiguos de Córdoba</em>”. </p>



<p class="wp-block-paragraph" style="font-size:20px">Todas sus casas conservan el sabor a casa familiar antigua. </p>



<figure class="wp-block-image size-full"><img loading="lazy" decoding="async" width="829" height="474" src="https://xn--porlascallesdecrdoba-p8b.com/wp-content/uploads/2026/08/image-130.png" alt="" class="wp-image-6687" srcset="https://xn--porlascallesdecrdoba-p8b.com/wp-content/uploads/2026/08/image-130.png 829w, https://xn--porlascallesdecrdoba-p8b.com/wp-content/uploads/2026/08/image-130-300x172.png 300w, https://xn--porlascallesdecrdoba-p8b.com/wp-content/uploads/2026/08/image-130-768x439.png 768w" sizes="auto, (max-width: 829px) 100vw, 829px" /></figure>



<p class="wp-block-paragraph" style="font-size:20px">Al final de la calle, la portada número dos es una de las tres entradas que posee la casa-palacio que fuera del Duque de Medina Sidonia. </p>


<div class="wp-block-image">
<figure class="aligncenter size-full"><img loading="lazy" decoding="async" width="622" height="430" src="https://xn--porlascallesdecrdoba-p8b.com/wp-content/uploads/2026/08/image-132.png" alt="" class="wp-image-6691"/><figcaption class="wp-element-caption">Horno de Cristo, 2</figcaption></figure>
</div>


<p class="wp-block-paragraph" style="font-size:20px"></p>


<div class="wp-block-image">
<figure class="alignright size-full"><img loading="lazy" decoding="async" width="268" height="332" src="https://xn--porlascallesdecrdoba-p8b.com/wp-content/uploads/2026/08/COLL_01_Batan_2016-1.jpg" alt="" class="wp-image-6684" srcset="https://xn--porlascallesdecrdoba-p8b.com/wp-content/uploads/2026/08/COLL_01_Batan_2016-1.jpg 268w, https://xn--porlascallesdecrdoba-p8b.com/wp-content/uploads/2026/08/COLL_01_Batan_2016-1-242x300.jpg 242w" sizes="auto, (max-width: 268px) 100vw, 268px" /></figure>
</div>


<p class="wp-block-paragraph" style="font-size:20px">Frente a la portada 2 se abre la calle “<strong>Bataneros</strong>”, que en el “<em>plano de los franceses</em>” aparece como “Corral de Bataneros”, según Arellano “<em>por una gran casa de vecinos del mismo nombre y donde antiguamente vivieron varios trabajadores de los batanes de paños</em>”. Los bataneros eran los propietarios o encargados de manejar el batán, una máquina de madera que funcionaba como un molino de agua y permitía elevar y dejar caer unos grandes mazos de madera. Su finalidad era golpear el paño para compactarlo y acabar de limpiarlo, el molino de Martos conserva aún hoy sus batanes.</p>



<p class="wp-block-paragraph" style="font-size:20px">Esta calle en la que se conservan un par de portadas petreas adinteladas, posee forma de L, nos vuelve a llevar a “Rey Heredia”. En la última casa de esta calle una placa se dedica a “<em>Eduardo Hernández-Pacheco y Estevan, insigne científico y naturalista. Las universidades de Córdoba y Sevilla y la Asociación de Geógrafos Españoles</em>”.</p>



<p class="wp-block-paragraph" style="font-size:20px">Este científico nacido en Madrid en 1872, se doctoró en Ciencias en 1896 y tres años después ganó por oposición la cátedra de Historia Natural del Instituto de Enseñanza Secundaria de Córdoba, cargo en el que permaneció hasta 1907 en que se trasladó al Museo de Ciencias Naturales de Madrid. Ese mismo año la Real Sociedad Española de Historia Natural lo designa para una expedición a las Islas Canarias orientales, centrando sus estudios en la vulcanología de Lanzarote. Realizó diversos estudios geológicos del país y otros países europeos. Sus trabajos en el Museo los compaginó con la cátedra en la Universidad Central de Madrid. Fue uno de los fundadores del Consejo Superior de Investigaciones Científicas.</p>


<div class="wp-block-image">
<figure class="aligncenter size-full"><img loading="lazy" decoding="async" width="921" height="493" src="https://xn--porlascallesdecrdoba-p8b.com/wp-content/uploads/2026/08/image-133.png" alt="" class="wp-image-6694"/><figcaption class="wp-element-caption">Calle Bataneros</figcaption></figure>
</div>


<figure class="wp-block-gallery has-nested-images columns-default is-cropped wp-block-gallery-1 is-layout-flex wp-block-gallery-is-layout-flex">
<figure class="wp-block-image size-large"><a href="https://xn--porlascallesdecrdoba-p8b.com/?page_id=6552"><img loading="lazy" decoding="async" width="218" height="72" data-id="6503" src="https://xn--porlascallesdecrdoba-p8b.com/wp-content/uploads/2026/08/Captura-de-pantalla-2026-08-14-215034.png" alt="" class="wp-image-6503"/></a></figure>



<figure class="wp-block-image size-full"><a href="https://xn--porlascallesdecrdoba-p8b.com/?page_id=5727"><img loading="lazy" decoding="async" width="211" height="63" data-id="6505" src="https://xn--porlascallesdecrdoba-p8b.com/wp-content/uploads/2026/08/Captura-de-pantalla-2026-08-14-215040.png" alt="" class="wp-image-6505"/></a></figure>



<figure class="wp-block-image size-large"><a href="https://xn--porlascallesdecrdoba-p8b.com/?page_id=6524"><img loading="lazy" decoding="async" width="214" height="64" data-id="6504" src="https://xn--porlascallesdecrdoba-p8b.com/wp-content/uploads/2026/08/Captura-de-pantalla-2026-08-14-215047.png" alt="" class="wp-image-6504"/></a></figure>
</figure>



<p class="wp-block-paragraph"></p>

<p>Bocacalle de «Rey Heredia» es la estrecha “Horno de Cristo”, de la que Ramírez de Arellano en su obra “Paseos por Córdoba”, publicada en 1875, nos dice: “nada de particular <a class="more-link" href="https://xn--porlascallesdecrdoba-p8b.com/?page_id=6522">Seguir leyendo &rarr;</a></p>
