{"id":6528,"date":"2026-08-14T20:18:20","date_gmt":"2026-08-14T20:18:20","guid":{"rendered":"https:\/\/xn--porlascallesdecrdoba-p8b.com\/?page_id=6528"},"modified":"2026-08-30T14:44:09","modified_gmt":"2026-08-30T14:44:09","slug":"museo-arqueologico","status":"publish","type":"page","link":"https:\/\/xn--porlascallesdecrdoba-p8b.com\/?page_id=6528","title":{"rendered":"Calle Cabezas II, los Infantes de Lara"},"content":{"rendered":"\n<p class=\"wp-block-paragraph\" style=\"font-size:20px\">Junto a la \u201cCasa Cabezas\u201d, cerrada con una reja, se encuentra la calleja, conocida popularmente como<strong> \u201cArquillos\u201d<\/strong>, \u00e9sta era una de las callejas privadas utilizadas como median\u00eda entre casas del medievo, fue descubierta en el a\u00f1o 1949 y restaurada al a\u00f1o siguiente. El descubrimiento de esta calleja aument\u00f3 la creencia en la leyenda de que la casa hab\u00eda sido alc\u00e1zar de Almanzor y prisi\u00f3n de Gonzalo Gustioz, padre de los Siete Infantes de Lara, quien tuvo que contemplar las cabezas seccionas de sus hijos presentadas en bandeja de plata. Tambi\u00e9n cuenta la leyenda que las cabezas fueron expuestas en el callej\u00f3n, colgando una cabeza por arco, de ah\u00ed que esta angosta v\u00eda tenga siete arquillos y que la calle principal hasta hoy, conserve el nombre de Cabezas.<\/p>\n\n\n<div class=\"wp-block-image\">\n<figure class=\"alignright size-full is-resized\"><img loading=\"lazy\" decoding=\"async\" width=\"442\" height=\"589\" src=\"https:\/\/xn--porlascallesdecrdoba-p8b.com\/wp-content\/uploads\/2026\/08\/0182-36-a.jpg\" alt=\"\" class=\"wp-image-7104\" style=\"aspect-ratio:0.7504178272980502;width:355px;height:auto\" srcset=\"https:\/\/xn--porlascallesdecrdoba-p8b.com\/wp-content\/uploads\/2026\/08\/0182-36-a.jpg 442w, https:\/\/xn--porlascallesdecrdoba-p8b.com\/wp-content\/uploads\/2026\/08\/0182-36-a-225x300.jpg 225w\" sizes=\"auto, (max-width: 442px) 100vw, 442px\" \/><\/figure>\n<\/div>\n\n\n<p class=\"wp-block-paragraph\" style=\"font-size:20px\">Los siete infantes de Lara\u00a0(o\u00a0de Salas) es una leyenda que se inicia a partir de textos de cr\u00f3nicas medievales, su testimonio se encuentra en una versi\u00f3n de la \u00ab<em>Estoria de Espa\u00f1a<\/em>\u00bb escrita en el reinado de Sancho IV de Castilla, anterior a 1289.<\/p>\n\n\n\n<p class=\"wp-block-paragraph\" style=\"font-size:20px\">La leyenda de los Infantes de Lara proviene de un cantar \u00e9pico escrito en el siglo XIII, durante el reinado de Sancho IV de Castilla, recuperado por Men\u00e9ndez Pidal. La leyenda cuenta una traici\u00f3n familiar en la que Gonzalo G\u00fastioz, se\u00f1or de Salas, con su esposa do\u00f1a Sancha, y sus hijos los Siete Infantes de Lara, acuden a la boda del hermano de do\u00f1a Sancha, Ruy Vel\u00e1zquez, a quien el Conde Garci-Fern\u00e1ndez hab\u00eda concedido la mano de su prima Do\u00f1a Lambra, por el heroico comportamiento en el \u00abCerco de Zamora\u00bb. Como era costumbre en las celebraciones, se instal\u00f3 un tablado para que los caballeros jugasen a lanzar sus bohordos (lanza corta arrojadiza), demostrando su val\u00eda como caballeros. Gan\u00f3 un primo de Do\u00f1a Lambra, Alvar S\u00e1nchez, y se mof\u00f3 de los infantes de Lara. Gonzalo, el peque\u00f1o de los hermanos, sinti\u00f3 su honor ofendido y golpe\u00f3 a Alvar S\u00e1nchez, dej\u00e1ndolo muerto. Do\u00f1a Lambra pidi\u00f3 a su marido para que vengara el agravio. Ruy Vel\u00e1zquez fue hasta donde se encontraba su sobrino Gonzalo y le golpe\u00f3 con su vara con intenci\u00f3n de matarle. Gonzalo, para defenderse cogi\u00f3 su azor\u00a0para devolverle el golpe a su t\u00edo. Justo despu\u00e9s de esto, mientras las dos familias se estaban armando para enfrentarse a la otra, lleg\u00f3 en padre de los infantes y Garc\u00eda Fern\u00e1ndez, el se\u00f1or de todos ellos, e hizo hacer las paces a las dos familias.<\/p>\n\n\n<div class=\"wp-block-image\">\n<figure class=\"alignleft size-large is-resized\"><img loading=\"lazy\" decoding=\"async\" width=\"576\" height=\"1024\" src=\"https:\/\/xn--porlascallesdecrdoba-p8b.com\/wp-content\/uploads\/2026\/08\/20210717_102621-576x1024.jpg\" alt=\"\" class=\"wp-image-7105\" style=\"aspect-ratio:0.5625013732943684;width:384px;height:auto\" srcset=\"https:\/\/xn--porlascallesdecrdoba-p8b.com\/wp-content\/uploads\/2026\/08\/20210717_102621-576x1024.jpg 576w, https:\/\/xn--porlascallesdecrdoba-p8b.com\/wp-content\/uploads\/2026\/08\/20210717_102621-169x300.jpg 169w, https:\/\/xn--porlascallesdecrdoba-p8b.com\/wp-content\/uploads\/2026\/08\/20210717_102621-768x1365.jpg 768w, https:\/\/xn--porlascallesdecrdoba-p8b.com\/wp-content\/uploads\/2026\/08\/20210717_102621-864x1536.jpg 864w, https:\/\/xn--porlascallesdecrdoba-p8b.com\/wp-content\/uploads\/2026\/08\/20210717_102621-1152x2048.jpg 1152w, https:\/\/xn--porlascallesdecrdoba-p8b.com\/wp-content\/uploads\/2026\/08\/20210717_102621-scaled.jpg 1440w\" sizes=\"auto, (max-width: 576px) 100vw, 576px\" \/><\/figure>\n<\/div>\n\n\n<p class=\"wp-block-paragraph\" style=\"font-size:20px\">Al terminar la boda el s\u00e9quito, con toda la familia, se dirige a Barvadillo, en donde Ruy tiene sus propiedades; all\u00ed Gonzalillo se desnudar\u00eda para ba\u00f1arse en el r\u00edo, tom\u00e1ndolo esto su t\u00eda do\u00f1a Lambra como una ofensa, por lo que orden\u00f3 a un sirviente que le arrojase un recipiente de sangre, al ver esto los hermanos le dan muerte en presencia de do\u00f1a Lambra. Esto provocar\u00eda nuevamente el levantamiento de la ira del matrimonio quien jurar\u00eda su venganza. Ruy Vel\u00e1zquez prepara su venganza para lo que hace redactar una carta dirigida a Almanzor en la que ped\u00eda que diera muerte al mensajero que la portaba y se uniese a \u00e9l para realizar juntos una emboscada. Esta misiva se la entrega a Gonzalo G\u00fastioz, el cual cre\u00eda llevar una petici\u00f3n econ\u00f3mica al caudillo cordob\u00e9s; cuando \u00e9ste lee la ep\u00edstola que le entrega Gonzalo, se la lee y lo hace prisionero. Mientras esto suced\u00eda en C\u00f3rdoba, Ruy invitaba a sus sobrinos a realizar unas escaramuzas en \u00abtierras de moros\u00bb, tras haber llegado al acuerdo con varios jefes isl\u00e1mico de que realizasen una emboscada a los Infantes.<\/p>\n\n\n\n<p class=\"wp-block-paragraph\" style=\"font-size:20px\">Las tropas de los Lara fueron asaltadas en varias ocasiones muriendo todos sus componentes, excepto los Infantes, que se defend\u00edan con bravura, conocido el hecho por parte de los acompa\u00f1antes de Ruy Vel\u00e1zquez, dejan a \u00e9ste para apoyar a los Infantes, siendo nuevamente asaltados y muertos, capturando al final a los hermanos que ser\u00edan decapitados.<\/p>\n\n\n<div class=\"wp-block-image\">\n<figure class=\"alignright size-full is-resized\"><img loading=\"lazy\" decoding=\"async\" width=\"664\" height=\"1000\" src=\"https:\/\/xn--porlascallesdecrdoba-p8b.com\/wp-content\/uploads\/2026\/08\/casadelascabezas12.jpg\" alt=\"\" class=\"wp-image-7108\" style=\"aspect-ratio:0.6640051251601613;width:343px;height:auto\" srcset=\"https:\/\/xn--porlascallesdecrdoba-p8b.com\/wp-content\/uploads\/2026\/08\/casadelascabezas12.jpg 664w, https:\/\/xn--porlascallesdecrdoba-p8b.com\/wp-content\/uploads\/2026\/08\/casadelascabezas12-199x300.jpg 199w\" sizes=\"auto, (max-width: 664px) 100vw, 664px\" \/><\/figure>\n<\/div>\n\n\n<p class=\"wp-block-paragraph\" style=\"font-size:20px\">Las cabezas fueron llevadas a C\u00f3rdoba para presentarlas a Almanzor a quien informaron de la heroica defensa de los siete hermanos. En reconocimiento del hecho el caudillo \u00e1rabe entreg\u00f3 las cabezas a don Gonzalo, el cual estaba recluido en esta casa. Cuenta tambi\u00e9n la leyenda que, para consolar al padre, Almanzor hizo que le acompa\u00f1ara una hermana suya, la cual quedar\u00eda embarazada del cristiano; a la salida de C\u00f3rdoba, don Gonzalo entreg\u00f3 a su compa\u00f1era medio anillo con el fin de que se lo entregase al hijo de ambos para que \u00e9ste lo pudiera reconocer con el tiempo, saliendo para Burgos don Gonzalo con las cabezas de sus hijos en una arqueta. Al llegar a su destino narr\u00f3 lo sucedido al Conde de Castilla, quien no se atrevi\u00f3 a sancionar a Vel\u00e1zquez, dado el rango que ostentaba y la pobreza de Gonzalo. La leyenda contin\u00faa narr\u00e1ndonos como dieciocho a\u00f1os despu\u00e9s el hijo musulm\u00e1n de Gonzalo G\u00fastioz, Mudarra, se entera de quien era su padre y de lo sucedido, por lo que pide a Almanzor permiso para ir en busca de su padre, el caudillo no solo le autoriza, sino que libera a trescientos caballeros cristianos y se los entrega a Mudarra para formar una fuerza, al salir de C\u00f3rdoba el joven explica lo sucedido a\u00f1os antes y sus prop\u00f3sitos a los caballeros cristianos, jur\u00e1ndoles estos su apoyo. Mudarra encontrar\u00eda a su padre pobre y ciego, quien lo reconocer\u00eda por el medio anillo entregado a su madre, tras el encuentro \u00e9ste expondr\u00eda a su padre su idea de venganza, en Burgos, Mudara decide convertirse al cristianismo a la vez que lo adoptar\u00eda do\u00f1a Sancha. Tras formar un ej\u00e9rcito Mudarra se dirige en busca de Ruy Vel\u00e1zquez, quien huye, hasta que Mudarra lo encuentra y en un enfrentamiento personal da muerte al traidor, vengando la muerte de sus hermanos, los Siete Infante de Lara. Esta leyenda fue tratada hasta el siglo XVIII como parte de la historia de Espa\u00f1a, en que se demuestra que tan solo fue eso, una leyenda.<\/p>\n\n\n\n<figure class=\"wp-block-gallery has-nested-images columns-default is-cropped wp-block-gallery-1 is-layout-flex wp-block-gallery-is-layout-flex\">\n<figure class=\"wp-block-image size-large\"><a href=\"https:\/\/xn--porlascallesdecrdoba-p8b.com\/?page_id=6526\"><img loading=\"lazy\" decoding=\"async\" width=\"218\" height=\"72\" data-id=\"6503\" src=\"https:\/\/xn--porlascallesdecrdoba-p8b.com\/wp-content\/uploads\/2026\/08\/Captura-de-pantalla-2026-08-14-215034.png\" alt=\"\" class=\"wp-image-6503\"\/><\/a><\/figure>\n\n\n\n<figure class=\"wp-block-image size-full\"><a href=\"https:\/\/xn--porlascallesdecrdoba-p8b.com\/?page_id=5727\"><img loading=\"lazy\" decoding=\"async\" width=\"211\" height=\"63\" data-id=\"6505\" src=\"https:\/\/xn--porlascallesdecrdoba-p8b.com\/wp-content\/uploads\/2026\/08\/Captura-de-pantalla-2026-08-14-215040.png\" alt=\"\" class=\"wp-image-6505\"\/><\/a><\/figure>\n\n\n\n<figure class=\"wp-block-image size-large\"><a href=\"https:\/\/xn--porlascallesdecrdoba-p8b.com\/?page_id=6531\"><img loading=\"lazy\" decoding=\"async\" width=\"214\" height=\"64\" data-id=\"6504\" src=\"https:\/\/xn--porlascallesdecrdoba-p8b.com\/wp-content\/uploads\/2026\/08\/Captura-de-pantalla-2026-08-14-215047.png\" alt=\"\" class=\"wp-image-6504\"\/><\/a><\/figure>\n<\/figure>\n\n\n\n<p class=\"wp-block-paragraph\"><\/p>\n","protected":false},"excerpt":{"rendered":"<p>Junto a la \u201cCasa Cabezas\u201d, cerrada con una reja, se encuentra la calleja, conocida popularmente como \u201cArquillos\u201d, \u00e9sta era una de las callejas privadas utilizadas como median\u00eda entre casas del <a class=\"more-link\" href=\"https:\/\/xn--porlascallesdecrdoba-p8b.com\/?page_id=6528\">Seguir leyendo &rarr;<\/a><\/p>\n","protected":false},"author":1,"featured_media":0,"parent":0,"menu_order":0,"comment_status":"closed","ping_status":"closed","template":"","meta":{"footnotes":""},"class_list":["post-6528","page","type-page","status-publish","hentry"],"_links":{"self":[{"href":"https:\/\/xn--porlascallesdecrdoba-p8b.com\/index.php?rest_route=\/wp\/v2\/pages\/6528","targetHints":{"allow":["GET"]}}],"collection":[{"href":"https:\/\/xn--porlascallesdecrdoba-p8b.com\/index.php?rest_route=\/wp\/v2\/pages"}],"about":[{"href":"https:\/\/xn--porlascallesdecrdoba-p8b.com\/index.php?rest_route=\/wp\/v2\/types\/page"}],"author":[{"embeddable":true,"href":"https:\/\/xn--porlascallesdecrdoba-p8b.com\/index.php?rest_route=\/wp\/v2\/users\/1"}],"replies":[{"embeddable":true,"href":"https:\/\/xn--porlascallesdecrdoba-p8b.com\/index.php?rest_route=%2Fwp%2Fv2%2Fcomments&post=6528"}],"version-history":[{"count":13,"href":"https:\/\/xn--porlascallesdecrdoba-p8b.com\/index.php?rest_route=\/wp\/v2\/pages\/6528\/revisions"}],"predecessor-version":[{"id":7762,"href":"https:\/\/xn--porlascallesdecrdoba-p8b.com\/index.php?rest_route=\/wp\/v2\/pages\/6528\/revisions\/7762"}],"wp:attachment":[{"href":"https:\/\/xn--porlascallesdecrdoba-p8b.com\/index.php?rest_route=%2Fwp%2Fv2%2Fmedia&parent=6528"}],"curies":[{"name":"wp","href":"https:\/\/api.w.org\/{rel}","templated":true}]}}

<p class="wp-block-paragraph" style="font-size:20px">Junto a la “Casa Cabezas”, cerrada con una reja, se encuentra la calleja, conocida popularmente como<strong> “Arquillos”</strong>, ésta era una de las callejas privadas utilizadas como medianía entre casas del medievo, fue descubierta en el año 1949 y restaurada al año siguiente. El descubrimiento de esta calleja aumentó la creencia en la leyenda de que la casa había sido alcázar de Almanzor y prisión de Gonzalo Gustioz, padre de los Siete Infantes de Lara, quien tuvo que contemplar las cabezas seccionas de sus hijos presentadas en bandeja de plata. También cuenta la leyenda que las cabezas fueron expuestas en el callejón, colgando una cabeza por arco, de ahí que esta angosta vía tenga siete arquillos y que la calle principal hasta hoy, conserve el nombre de Cabezas.</p>


<div class="wp-block-image">
<figure class="alignright size-full is-resized"><img loading="lazy" decoding="async" width="442" height="589" src="https://xn--porlascallesdecrdoba-p8b.com/wp-content/uploads/2026/08/0182-36-a.jpg" alt="" class="wp-image-7104" style="aspect-ratio:0.7504178272980502;width:355px;height:auto" srcset="https://xn--porlascallesdecrdoba-p8b.com/wp-content/uploads/2026/08/0182-36-a.jpg 442w, https://xn--porlascallesdecrdoba-p8b.com/wp-content/uploads/2026/08/0182-36-a-225x300.jpg 225w" sizes="auto, (max-width: 442px) 100vw, 442px" /></figure>
</div>


<p class="wp-block-paragraph" style="font-size:20px">Los siete infantes de Lara (o de Salas) es una leyenda que se inicia a partir de textos de crónicas medievales, su testimonio se encuentra en una versión de la «<em>Estoria de España</em>» escrita en el reinado de Sancho IV de Castilla, anterior a 1289.</p>



<p class="wp-block-paragraph" style="font-size:20px">La leyenda de los Infantes de Lara proviene de un cantar épico escrito en el siglo XIII, durante el reinado de Sancho IV de Castilla, recuperado por Menéndez Pidal. La leyenda cuenta una traición familiar en la que Gonzalo Gústioz, señor de Salas, con su esposa doña Sancha, y sus hijos los Siete Infantes de Lara, acuden a la boda del hermano de doña Sancha, Ruy Velázquez, a quien el Conde Garci-Fernández había concedido la mano de su prima Doña Lambra, por el heroico comportamiento en el «Cerco de Zamora». Como era costumbre en las celebraciones, se instaló un tablado para que los caballeros jugasen a lanzar sus bohordos (lanza corta arrojadiza), demostrando su valía como caballeros. Ganó un primo de Doña Lambra, Alvar Sánchez, y se mofó de los infantes de Lara. Gonzalo, el pequeño de los hermanos, sintió su honor ofendido y golpeó a Alvar Sánchez, dejándolo muerto. Doña Lambra pidió a su marido para que vengara el agravio. Ruy Velázquez fue hasta donde se encontraba su sobrino Gonzalo y le golpeó con su vara con intención de matarle. Gonzalo, para defenderse cogió su azor para devolverle el golpe a su tío. Justo después de esto, mientras las dos familias se estaban armando para enfrentarse a la otra, llegó en padre de los infantes y García Fernández, el señor de todos ellos, e hizo hacer las paces a las dos familias.</p>


<div class="wp-block-image">
<figure class="alignleft size-large is-resized"><img loading="lazy" decoding="async" width="576" height="1024" src="https://xn--porlascallesdecrdoba-p8b.com/wp-content/uploads/2026/08/20210717_102621-576x1024.jpg" alt="" class="wp-image-7105" style="aspect-ratio:0.5625013732943684;width:384px;height:auto" srcset="https://xn--porlascallesdecrdoba-p8b.com/wp-content/uploads/2026/08/20210717_102621-576x1024.jpg 576w, https://xn--porlascallesdecrdoba-p8b.com/wp-content/uploads/2026/08/20210717_102621-169x300.jpg 169w, https://xn--porlascallesdecrdoba-p8b.com/wp-content/uploads/2026/08/20210717_102621-768x1365.jpg 768w, https://xn--porlascallesdecrdoba-p8b.com/wp-content/uploads/2026/08/20210717_102621-864x1536.jpg 864w, https://xn--porlascallesdecrdoba-p8b.com/wp-content/uploads/2026/08/20210717_102621-1152x2048.jpg 1152w, https://xn--porlascallesdecrdoba-p8b.com/wp-content/uploads/2026/08/20210717_102621-scaled.jpg 1440w" sizes="auto, (max-width: 576px) 100vw, 576px" /></figure>
</div>


<p class="wp-block-paragraph" style="font-size:20px">Al terminar la boda el séquito, con toda la familia, se dirige a Barvadillo, en donde Ruy tiene sus propiedades; allí Gonzalillo se desnudaría para bañarse en el río, tomándolo esto su tía doña Lambra como una ofensa, por lo que ordenó a un sirviente que le arrojase un recipiente de sangre, al ver esto los hermanos le dan muerte en presencia de doña Lambra. Esto provocaría nuevamente el levantamiento de la ira del matrimonio quien juraría su venganza. Ruy Velázquez prepara su venganza para lo que hace redactar una carta dirigida a Almanzor en la que pedía que diera muerte al mensajero que la portaba y se uniese a él para realizar juntos una emboscada. Esta misiva se la entrega a Gonzalo Gústioz, el cual creía llevar una petición económica al caudillo cordobés; cuando éste lee la epístola que le entrega Gonzalo, se la lee y lo hace prisionero. Mientras esto sucedía en Córdoba, Ruy invitaba a sus sobrinos a realizar unas escaramuzas en «tierras de moros», tras haber llegado al acuerdo con varios jefes islámico de que realizasen una emboscada a los Infantes.</p>



<p class="wp-block-paragraph" style="font-size:20px">Las tropas de los Lara fueron asaltadas en varias ocasiones muriendo todos sus componentes, excepto los Infantes, que se defendían con bravura, conocido el hecho por parte de los acompañantes de Ruy Velázquez, dejan a éste para apoyar a los Infantes, siendo nuevamente asaltados y muertos, capturando al final a los hermanos que serían decapitados.</p>


<div class="wp-block-image">
<figure class="alignright size-full is-resized"><img loading="lazy" decoding="async" width="664" height="1000" src="https://xn--porlascallesdecrdoba-p8b.com/wp-content/uploads/2026/08/casadelascabezas12.jpg" alt="" class="wp-image-7108" style="aspect-ratio:0.6640051251601613;width:343px;height:auto" srcset="https://xn--porlascallesdecrdoba-p8b.com/wp-content/uploads/2026/08/casadelascabezas12.jpg 664w, https://xn--porlascallesdecrdoba-p8b.com/wp-content/uploads/2026/08/casadelascabezas12-199x300.jpg 199w" sizes="auto, (max-width: 664px) 100vw, 664px" /></figure>
</div>


<p class="wp-block-paragraph" style="font-size:20px">Las cabezas fueron llevadas a Córdoba para presentarlas a Almanzor a quien informaron de la heroica defensa de los siete hermanos. En reconocimiento del hecho el caudillo árabe entregó las cabezas a don Gonzalo, el cual estaba recluido en esta casa. Cuenta también la leyenda que, para consolar al padre, Almanzor hizo que le acompañara una hermana suya, la cual quedaría embarazada del cristiano; a la salida de Córdoba, don Gonzalo entregó a su compañera medio anillo con el fin de que se lo entregase al hijo de ambos para que éste lo pudiera reconocer con el tiempo, saliendo para Burgos don Gonzalo con las cabezas de sus hijos en una arqueta. Al llegar a su destino narró lo sucedido al Conde de Castilla, quien no se atrevió a sancionar a Velázquez, dado el rango que ostentaba y la pobreza de Gonzalo. La leyenda continúa narrándonos como dieciocho años después el hijo musulmán de Gonzalo Gústioz, Mudarra, se entera de quien era su padre y de lo sucedido, por lo que pide a Almanzor permiso para ir en busca de su padre, el caudillo no solo le autoriza, sino que libera a trescientos caballeros cristianos y se los entrega a Mudarra para formar una fuerza, al salir de Córdoba el joven explica lo sucedido años antes y sus propósitos a los caballeros cristianos, jurándoles estos su apoyo. Mudarra encontraría a su padre pobre y ciego, quien lo reconocería por el medio anillo entregado a su madre, tras el encuentro éste expondría a su padre su idea de venganza, en Burgos, Mudara decide convertirse al cristianismo a la vez que lo adoptaría doña Sancha. Tras formar un ejército Mudarra se dirige en busca de Ruy Velázquez, quien huye, hasta que Mudarra lo encuentra y en un enfrentamiento personal da muerte al traidor, vengando la muerte de sus hermanos, los Siete Infante de Lara. Esta leyenda fue tratada hasta el siglo XVIII como parte de la historia de España, en que se demuestra que tan solo fue eso, una leyenda.</p>



<figure class="wp-block-gallery has-nested-images columns-default is-cropped wp-block-gallery-1 is-layout-flex wp-block-gallery-is-layout-flex">
<figure class="wp-block-image size-large"><a href="https://xn--porlascallesdecrdoba-p8b.com/?page_id=6526"><img loading="lazy" decoding="async" width="218" height="72" data-id="6503" src="https://xn--porlascallesdecrdoba-p8b.com/wp-content/uploads/2026/08/Captura-de-pantalla-2026-08-14-215034.png" alt="" class="wp-image-6503"/></a></figure>



<figure class="wp-block-image size-full"><a href="https://xn--porlascallesdecrdoba-p8b.com/?page_id=5727"><img loading="lazy" decoding="async" width="211" height="63" data-id="6505" src="https://xn--porlascallesdecrdoba-p8b.com/wp-content/uploads/2026/08/Captura-de-pantalla-2026-08-14-215040.png" alt="" class="wp-image-6505"/></a></figure>



<figure class="wp-block-image size-large"><a href="https://xn--porlascallesdecrdoba-p8b.com/?page_id=6531"><img loading="lazy" decoding="async" width="214" height="64" data-id="6504" src="https://xn--porlascallesdecrdoba-p8b.com/wp-content/uploads/2026/08/Captura-de-pantalla-2026-08-14-215047.png" alt="" class="wp-image-6504"/></a></figure>
</figure>



<p class="wp-block-paragraph"></p>

<p>Junto a la “Casa Cabezas”, cerrada con una reja, se encuentra la calleja, conocida popularmente como “Arquillos”, ésta era una de las callejas privadas utilizadas como medianía entre casas del <a class="more-link" href="https://xn--porlascallesdecrdoba-p8b.com/?page_id=6528">Seguir leyendo &rarr;</a></p>
