{"id":6533,"date":"2026-08-14T20:19:56","date_gmt":"2026-08-14T20:19:56","guid":{"rendered":"https:\/\/xn--porlascallesdecrdoba-p8b.com\/?page_id=6533"},"modified":"2026-09-04T05:24:38","modified_gmt":"2026-09-04T05:24:38","slug":"teatro-romano","status":"publish","type":"page","link":"https:\/\/xn--porlascallesdecrdoba-p8b.com\/?page_id=6533","title":{"rendered":"Portillo Corbache"},"content":{"rendered":"\n<p class=\"wp-block-paragraph\"><a href=\"https:\/\/earth.google.com\/web\/search\/Arco+del+Portillo,+C%2e+Portillo,+C%c3%b3rdoba,+Espa%c3%b1a\/@37.8814231,-4.77626178,108.75430459a,650.27624845d,35y,0h,0t,0r\/data=Cp8BGnESawokMHhkNmQyMDgyN2E0NWIzZGI6MHhlNDJhNWYwY2UxODVkZDhjGb58_O_S8EJAIZOb8jLUGhPAKjFBcmNvIGRlbCBQb3J0aWxsbywgQy4gUG9ydGlsbG8sIEPDs3Jkb2JhLCBFc3Bhw7FhGAIgASImCiQJYtLm_xjxQkARpo854ovwQkAZbLDTzx0WE8AhmygigCwiE8BCAggBOgMKATBCAggASg0I____________ARAA?authuser=0\" target=\"_blank\" rel=\"noreferrer noopener\">Pincha para localizar la calle en Google Earth<\/a><\/p>\n\n\n\n<p class=\"wp-block-paragraph\" style=\"font-size:20px\">Frente a la casa n\u00ba 2 de la calle Cabezas se abre la calle <strong>Portillo<\/strong>, al final de la cual se encuentra un acceso, en forma de arco, desde la Medina a la Axerqu\u00eda, en forma de arco. <\/p>\n\n\n<div class=\"wp-block-image\">\n<figure class=\"aligncenter size-full is-resized\"><img decoding=\"async\" src=\"https:\/\/xn--porlascallesdecrdoba-p8b.com\/wp-content\/uploads\/2026\/08\/20210717_105236.jpg\" alt=\"\" class=\"wp-image-7138\" style=\"width:578px;height:auto\"\/><\/figure>\n<\/div>\n\n<div class=\"wp-block-image\">\n<figure class=\"alignleft size-large is-resized\"><img loading=\"lazy\" decoding=\"async\" width=\"576\" height=\"1024\" src=\"https:\/\/xn--porlascallesdecrdoba-p8b.com\/wp-content\/uploads\/2026\/08\/20210717_105317-576x1024.jpg\" alt=\"\" class=\"wp-image-7140\" style=\"aspect-ratio:0.5625019074068422;width:251px;height:auto\" srcset=\"https:\/\/xn--porlascallesdecrdoba-p8b.com\/wp-content\/uploads\/2026\/08\/20210717_105317-576x1024.jpg 576w, https:\/\/xn--porlascallesdecrdoba-p8b.com\/wp-content\/uploads\/2026\/08\/20210717_105317-169x300.jpg 169w, https:\/\/xn--porlascallesdecrdoba-p8b.com\/wp-content\/uploads\/2026\/08\/20210717_105317-768x1365.jpg 768w, https:\/\/xn--porlascallesdecrdoba-p8b.com\/wp-content\/uploads\/2026\/08\/20210717_105317-864x1536.jpg 864w, https:\/\/xn--porlascallesdecrdoba-p8b.com\/wp-content\/uploads\/2026\/08\/20210717_105317-1152x2048.jpg 1152w, https:\/\/xn--porlascallesdecrdoba-p8b.com\/wp-content\/uploads\/2026\/08\/20210717_105317-scaled.jpg 1440w\" sizes=\"auto, (max-width: 576px) 100vw, 576px\" \/><\/figure>\n<\/div>\n\n\n<p class=\"wp-block-paragraph\" style=\"font-size:20px\">El lateral este de la muralla de la ciudad romana corr\u00eda a lo largo de lo que actualmente es la calle San Fernando, con los musulmanes el arrabal este de la ciudad amurallada lleg\u00f3 a ser una ampliaci\u00f3n de la Medina, por lo que al temer un ataque de Castilla, los almohades fortifican este arrabal, La Axerqu\u00eda, duplicando la extensi\u00f3n de la ciudad amurallada, quedando dividida en dos por la primitiva muralla romana de norte a sur; para facilitar el tr\u00e1nsito a la muralla se le abren distintos accesos de una zona a la otra.<\/p>\n\n\n\n<p class=\"wp-block-paragraph\" style=\"font-size:20px\">Este acceso se construye ya en \u00e9poca cristiana, en el siglo XV. La primera de las denominaciones conocidas es la de \u201cPostigo que sale a los Descalzos\u201d, haciendo referencia al convento de San Pedro el Real, hoy iglesia de San Francisco, posteriormente se denominar\u00eda \u201cPostigo de los Mercaderes\u201d, por el n\u00famero de mercaderes que se apostaban en las inmediaciones, pues la calle San Fernando era un gran espacio comercial y donde se celebraban las ferias. \u201cPortillo Corbache\u201d, es el nombre m\u00e1s popular.<\/p>\n\n\n<div class=\"wp-block-image\">\n<figure class=\"aligncenter size-large\"><img loading=\"lazy\" decoding=\"async\" width=\"1024\" height=\"365\" src=\"https:\/\/xn--porlascallesdecrdoba-p8b.com\/wp-content\/uploads\/2026\/08\/image-198-1024x365.png\" alt=\"\" class=\"wp-image-7161\" srcset=\"https:\/\/xn--porlascallesdecrdoba-p8b.com\/wp-content\/uploads\/2026\/08\/image-198-1024x365.png 1024w, https:\/\/xn--porlascallesdecrdoba-p8b.com\/wp-content\/uploads\/2026\/08\/image-198-300x107.png 300w, https:\/\/xn--porlascallesdecrdoba-p8b.com\/wp-content\/uploads\/2026\/08\/image-198-768x274.png 768w, https:\/\/xn--porlascallesdecrdoba-p8b.com\/wp-content\/uploads\/2026\/08\/image-198.png 1108w\" sizes=\"auto, (max-width: 1024px) 100vw, 1024px\" \/><\/figure>\n<\/div>\n\n\n<p class=\"wp-block-paragraph\" style=\"font-size:20px\">Es un arco de herradura apuntado que se construy\u00f3 tras adquirir el cabildo municipal una vivienda adosada a la muralla, con el fin de facilitar el tr\u00e1nsito entre las dos partes de la ciudad.<\/p>\n\n\n\n<p class=\"wp-block-paragraph\" style=\"font-size:20px\">A inicios del siglo XVIII se ensanch\u00f3 por la zona inferior, rectificando las jambas (las dos piezas verticales situadas a los lados de una puerta que sostienen el dintel o el arco), para permitir el tr\u00e1nsito de carruajes. en el a\u00f1o 2023, tras el derribo de una casa colindante adosada a la muralla en la calle San Fernando, se descubri\u00f3 la base de una torre circular perteneciente a la muralla romana.<\/p>\n\n\n\n<p class=\"wp-block-paragraph\" style=\"font-size:20px\">En las casas n\u00famero 6 y 8, pegadas al Portillo, se abre desde inicios del siglo XXI un peque\u00f1o museo privado, \u201cLa Casa del Agua\u201d, que seg\u00fan cita en su p\u00e1gina web:<\/p>\n\n\n\n<p class=\"wp-block-paragraph\" style=\"font-size:20px\">&nbsp;\u201c<em>La casa del agua nace con vocaci\u00f3n de ser un referente muse\u00edstico y divulgativo sobre la cultura del agua, pero tambi\u00e9n quiere ser un elemento de reflexi\u00f3n sobre la explotaci\u00f3n de este recurso natural y la necesidad de hacer un uso m\u00e1s racional del mismo, que comprometa a las futuras generaciones.<\/em><\/p>\n\n\n\n<p class=\"wp-block-paragraph\" style=\"font-size:20px\"><em>El proyecto muse\u00edstico se basa en la representaci\u00f3n del ciclo natural e hist\u00f3rico del agua en la ciudad de C\u00f3rdoba, como elemento vital, que nos sirve de hilo conductor para entender los usos y costumbres de sus habitantes, su evoluci\u00f3n en el tiempo y las dificultades para acceder a su consumo. <\/em>\u201cEl museo se divide en cinco salas:<\/p>\n\n\n<div class=\"wp-block-image\">\n<figure class=\"aligncenter size-full is-resized\"><img loading=\"lazy\" decoding=\"async\" width=\"777\" height=\"518\" src=\"https:\/\/xn--porlascallesdecrdoba-p8b.com\/wp-content\/uploads\/2026\/08\/image-193.png\" alt=\"\" class=\"wp-image-7143\" style=\"aspect-ratio:1.500015082501282;width:540px;height:auto\" srcset=\"https:\/\/xn--porlascallesdecrdoba-p8b.com\/wp-content\/uploads\/2026\/08\/image-193.png 777w, https:\/\/xn--porlascallesdecrdoba-p8b.com\/wp-content\/uploads\/2026\/08\/image-193-300x200.png 300w, https:\/\/xn--porlascallesdecrdoba-p8b.com\/wp-content\/uploads\/2026\/08\/image-193-768x512.png 768w, https:\/\/xn--porlascallesdecrdoba-p8b.com\/wp-content\/uploads\/2026\/08\/image-193-400x267.png 400w\" sizes=\"auto, (max-width: 777px) 100vw, 777px\" \/><\/figure>\n<\/div>\n\n\n<p class=\"wp-block-paragraph\" style=\"font-size:20px\">Sala 1: \u201cC\u00f3rdoba del agua viva\u201d. Donde se analiza el abastecimiento del agua en la ciudad, las numerosas necesidades para mantener la actividad humana, sobre todo desde la perspectiva de que C\u00f3rdoba fue, primero Colonia Patricia y capital de la B\u00e9tica romana y posteriormente capital del Califato Andalus\u00ed. La captaci\u00f3n de los recursos h\u00eddricos que provienen de la naturaleza dar\u00e1 paso al estudio del urbanismo la incorporaci\u00f3n de t\u00e9cnicas de riego, la necesidad de un sistema de evacuaci\u00f3n el reparto de las aguas y su forma de medici\u00f3n, hasta llegar al suministro actual.\u00bb<\/p>\n\n\n<div class=\"wp-block-image\">\n<figure class=\"alignleft size-full is-resized\"><img loading=\"lazy\" decoding=\"async\" width=\"300\" height=\"200\" src=\"https:\/\/xn--porlascallesdecrdoba-p8b.com\/wp-content\/uploads\/2026\/08\/image-194.png\" alt=\"\" class=\"wp-image-7145\" style=\"aspect-ratio:1.5000906180148614;width:413px;height:auto\"\/><\/figure>\n<\/div>\n\n\n<p class=\"wp-block-paragraph\" style=\"font-size:20px\">Sala 2: \u201cLa cer\u00e1mica del agua en Andaluc\u00eda<strong>\u201d. <\/strong>Se exponen diversas piezas cer\u00e1micas para el almacenamiento del agua y su transporte a nivel popular, la manera de enfriarla y los diferentes modelos y usos de cacharros adaptados a cada actividad, hasta la llegada del agua corriente. Esta sala tambi\u00e9n aborda el concepto de la higiene, seg\u00fan las diferentes culturas o religiones, los cambios culturales, las vicisitudes por las que transita el aseo personal, y los diferentes utensilios port\u00e1tiles, como elementos de apoyo, hasta culminar en el concepto del cuarto de ba\u00f1o moderno.\u00bb<\/p>\n\n\n<div class=\"wp-block-image\">\n<figure class=\"alignright size-full is-resized\"><img loading=\"lazy\" decoding=\"async\" width=\"300\" height=\"200\" src=\"https:\/\/xn--porlascallesdecrdoba-p8b.com\/wp-content\/uploads\/2026\/08\/image-195.png\" alt=\"\" class=\"wp-image-7149\" style=\"aspect-ratio:1.5000293720260824;width:438px;height:auto\"\/><\/figure>\n<\/div>\n\n\n<p class=\"wp-block-paragraph\" style=\"font-size:20px\">\u00abSala 3: \u201cLas fuentes p\u00fablicas de C\u00f3rdoba\u201d, describe las principales fuentes del siglo XVI al XVIII, que a\u00fan perduran en la ciudad<\/p>\n\n\n\n<p class=\"wp-block-paragraph\" style=\"font-size:20px\">\u00abSala 4: \u201cLos oficios del agua\u201d.En esta sala se exponen los dos oficios m\u00e1s populares y necesarios relacionados con el agua, las lavanderas y los aguadores.<\/p>\n\n\n\n<p class=\"wp-block-paragraph\"><\/p>\n\n\n\n<p class=\"wp-block-paragraph\"><\/p>\n\n\n\n<p class=\"wp-block-paragraph\"><\/p>\n\n\n\n<figure class=\"wp-block-gallery has-nested-images columns-default is-cropped wp-block-gallery-1 is-layout-flex wp-block-gallery-is-layout-flex\">\n<figure class=\"wp-block-image size-large\"><a href=\"https:\/\/xn--porlascallesdecrdoba-p8b.com\/?page_id=6531\"><img loading=\"lazy\" decoding=\"async\" width=\"218\" height=\"72\" data-id=\"6503\" src=\"https:\/\/xn--porlascallesdecrdoba-p8b.com\/wp-content\/uploads\/2026\/08\/Captura-de-pantalla-2026-08-14-215034.png\" alt=\"\" class=\"wp-image-6503\"\/><\/a><\/figure>\n\n\n\n<figure class=\"wp-block-image size-full\"><a href=\"https:\/\/xn--porlascallesdecrdoba-p8b.com\/?page_id=5727\"><img loading=\"lazy\" decoding=\"async\" width=\"211\" height=\"63\" data-id=\"6505\" src=\"https:\/\/xn--porlascallesdecrdoba-p8b.com\/wp-content\/uploads\/2026\/08\/Captura-de-pantalla-2026-08-14-215040.png\" alt=\"\" class=\"wp-image-6505\"\/><\/a><\/figure>\n\n\n\n<figure class=\"wp-block-image size-large\"><a href=\"https:\/\/xn--porlascallesdecrdoba-p8b.com\/?page_id=6535\"><img loading=\"lazy\" decoding=\"async\" width=\"214\" height=\"64\" data-id=\"6504\" src=\"https:\/\/xn--porlascallesdecrdoba-p8b.com\/wp-content\/uploads\/2026\/08\/Captura-de-pantalla-2026-08-14-215047.png\" alt=\"\" class=\"wp-image-6504\"\/><\/a><\/figure>\n<\/figure>\n\n\n\n<p class=\"wp-block-paragraph\"><\/p>\n","protected":false},"excerpt":{"rendered":"<p>Pincha para localizar la calle en Google Earth Frente a la casa n\u00ba 2 de la calle Cabezas se abre la calle Portillo, al final de la cual se encuentra <a class=\"more-link\" href=\"https:\/\/xn--porlascallesdecrdoba-p8b.com\/?page_id=6533\">Seguir leyendo &rarr;<\/a><\/p>\n","protected":false},"author":1,"featured_media":0,"parent":0,"menu_order":0,"comment_status":"closed","ping_status":"closed","template":"","meta":{"footnotes":""},"class_list":["post-6533","page","type-page","status-publish","hentry"],"_links":{"self":[{"href":"https:\/\/xn--porlascallesdecrdoba-p8b.com\/index.php?rest_route=\/wp\/v2\/pages\/6533","targetHints":{"allow":["GET"]}}],"collection":[{"href":"https:\/\/xn--porlascallesdecrdoba-p8b.com\/index.php?rest_route=\/wp\/v2\/pages"}],"about":[{"href":"https:\/\/xn--porlascallesdecrdoba-p8b.com\/index.php?rest_route=\/wp\/v2\/types\/page"}],"author":[{"embeddable":true,"href":"https:\/\/xn--porlascallesdecrdoba-p8b.com\/index.php?rest_route=\/wp\/v2\/users\/1"}],"replies":[{"embeddable":true,"href":"https:\/\/xn--porlascallesdecrdoba-p8b.com\/index.php?rest_route=%2Fwp%2Fv2%2Fcomments&post=6533"}],"version-history":[{"count":16,"href":"https:\/\/xn--porlascallesdecrdoba-p8b.com\/index.php?rest_route=\/wp\/v2\/pages\/6533\/revisions"}],"predecessor-version":[{"id":8048,"href":"https:\/\/xn--porlascallesdecrdoba-p8b.com\/index.php?rest_route=\/wp\/v2\/pages\/6533\/revisions\/8048"}],"wp:attachment":[{"href":"https:\/\/xn--porlascallesdecrdoba-p8b.com\/index.php?rest_route=%2Fwp%2Fv2%2Fmedia&parent=6533"}],"curies":[{"name":"wp","href":"https:\/\/api.w.org\/{rel}","templated":true}]}}

<p class="wp-block-paragraph"><a href="https://earth.google.com/web/search/Arco+del+Portillo,+C%2e+Portillo,+C%c3%b3rdoba,+Espa%c3%b1a/@37.8814231,-4.77626178,108.75430459a,650.27624845d,35y,0h,0t,0r/data=Cp8BGnESawokMHhkNmQyMDgyN2E0NWIzZGI6MHhlNDJhNWYwY2UxODVkZDhjGb58_O_S8EJAIZOb8jLUGhPAKjFBcmNvIGRlbCBQb3J0aWxsbywgQy4gUG9ydGlsbG8sIEPDs3Jkb2JhLCBFc3Bhw7FhGAIgASImCiQJYtLm_xjxQkARpo854ovwQkAZbLDTzx0WE8AhmygigCwiE8BCAggBOgMKATBCAggASg0I____________ARAA?authuser=0" target="_blank" rel="noreferrer noopener">Pincha para localizar la calle en Google Earth</a></p>



<p class="wp-block-paragraph" style="font-size:20px">Frente a la casa nº 2 de la calle Cabezas se abre la calle <strong>Portillo</strong>, al final de la cual se encuentra un acceso, en forma de arco, desde la Medina a la Axerquía, en forma de arco. </p>


<div class="wp-block-image">
<figure class="aligncenter size-full is-resized"><img decoding="async" src="https://xn--porlascallesdecrdoba-p8b.com/wp-content/uploads/2026/08/20210717_105236.jpg" alt="" class="wp-image-7138" style="width:578px;height:auto"/></figure>
</div>

<div class="wp-block-image">
<figure class="alignleft size-large is-resized"><img loading="lazy" decoding="async" width="576" height="1024" src="https://xn--porlascallesdecrdoba-p8b.com/wp-content/uploads/2026/08/20210717_105317-576x1024.jpg" alt="" class="wp-image-7140" style="aspect-ratio:0.5625019074068422;width:251px;height:auto" srcset="https://xn--porlascallesdecrdoba-p8b.com/wp-content/uploads/2026/08/20210717_105317-576x1024.jpg 576w, https://xn--porlascallesdecrdoba-p8b.com/wp-content/uploads/2026/08/20210717_105317-169x300.jpg 169w, https://xn--porlascallesdecrdoba-p8b.com/wp-content/uploads/2026/08/20210717_105317-768x1365.jpg 768w, https://xn--porlascallesdecrdoba-p8b.com/wp-content/uploads/2026/08/20210717_105317-864x1536.jpg 864w, https://xn--porlascallesdecrdoba-p8b.com/wp-content/uploads/2026/08/20210717_105317-1152x2048.jpg 1152w, https://xn--porlascallesdecrdoba-p8b.com/wp-content/uploads/2026/08/20210717_105317-scaled.jpg 1440w" sizes="auto, (max-width: 576px) 100vw, 576px" /></figure>
</div>


<p class="wp-block-paragraph" style="font-size:20px">El lateral este de la muralla de la ciudad romana corría a lo largo de lo que actualmente es la calle San Fernando, con los musulmanes el arrabal este de la ciudad amurallada llegó a ser una ampliación de la Medina, por lo que al temer un ataque de Castilla, los almohades fortifican este arrabal, La Axerquía, duplicando la extensión de la ciudad amurallada, quedando dividida en dos por la primitiva muralla romana de norte a sur; para facilitar el tránsito a la muralla se le abren distintos accesos de una zona a la otra.</p>



<p class="wp-block-paragraph" style="font-size:20px">Este acceso se construye ya en época cristiana, en el siglo XV. La primera de las denominaciones conocidas es la de “Postigo que sale a los Descalzos”, haciendo referencia al convento de San Pedro el Real, hoy iglesia de San Francisco, posteriormente se denominaría “Postigo de los Mercaderes”, por el número de mercaderes que se apostaban en las inmediaciones, pues la calle San Fernando era un gran espacio comercial y donde se celebraban las ferias. “Portillo Corbache”, es el nombre más popular.</p>


<div class="wp-block-image">
<figure class="aligncenter size-large"><img loading="lazy" decoding="async" width="1024" height="365" src="https://xn--porlascallesdecrdoba-p8b.com/wp-content/uploads/2026/08/image-198-1024x365.png" alt="" class="wp-image-7161" srcset="https://xn--porlascallesdecrdoba-p8b.com/wp-content/uploads/2026/08/image-198-1024x365.png 1024w, https://xn--porlascallesdecrdoba-p8b.com/wp-content/uploads/2026/08/image-198-300x107.png 300w, https://xn--porlascallesdecrdoba-p8b.com/wp-content/uploads/2026/08/image-198-768x274.png 768w, https://xn--porlascallesdecrdoba-p8b.com/wp-content/uploads/2026/08/image-198.png 1108w" sizes="auto, (max-width: 1024px) 100vw, 1024px" /></figure>
</div>


<p class="wp-block-paragraph" style="font-size:20px">Es un arco de herradura apuntado que se construyó tras adquirir el cabildo municipal una vivienda adosada a la muralla, con el fin de facilitar el tránsito entre las dos partes de la ciudad.</p>



<p class="wp-block-paragraph" style="font-size:20px">A inicios del siglo XVIII se ensanchó por la zona inferior, rectificando las jambas (las dos piezas verticales situadas a los lados de una puerta que sostienen el dintel o el arco), para permitir el tránsito de carruajes. en el año 2023, tras el derribo de una casa colindante adosada a la muralla en la calle San Fernando, se descubrió la base de una torre circular perteneciente a la muralla romana.</p>



<p class="wp-block-paragraph" style="font-size:20px">En las casas número 6 y 8, pegadas al Portillo, se abre desde inicios del siglo XXI un pequeño museo privado, “La Casa del Agua”, que según cita en su página web:</p>



<p class="wp-block-paragraph" style="font-size:20px">&nbsp;“<em>La casa del agua nace con vocación de ser un referente museístico y divulgativo sobre la cultura del agua, pero también quiere ser un elemento de reflexión sobre la explotación de este recurso natural y la necesidad de hacer un uso más racional del mismo, que comprometa a las futuras generaciones.</em></p>



<p class="wp-block-paragraph" style="font-size:20px"><em>El proyecto museístico se basa en la representación del ciclo natural e histórico del agua en la ciudad de Córdoba, como elemento vital, que nos sirve de hilo conductor para entender los usos y costumbres de sus habitantes, su evolución en el tiempo y las dificultades para acceder a su consumo. </em>“El museo se divide en cinco salas:</p>


<div class="wp-block-image">
<figure class="aligncenter size-full is-resized"><img loading="lazy" decoding="async" width="777" height="518" src="https://xn--porlascallesdecrdoba-p8b.com/wp-content/uploads/2026/08/image-193.png" alt="" class="wp-image-7143" style="aspect-ratio:1.500015082501282;width:540px;height:auto" srcset="https://xn--porlascallesdecrdoba-p8b.com/wp-content/uploads/2026/08/image-193.png 777w, https://xn--porlascallesdecrdoba-p8b.com/wp-content/uploads/2026/08/image-193-300x200.png 300w, https://xn--porlascallesdecrdoba-p8b.com/wp-content/uploads/2026/08/image-193-768x512.png 768w, https://xn--porlascallesdecrdoba-p8b.com/wp-content/uploads/2026/08/image-193-400x267.png 400w" sizes="auto, (max-width: 777px) 100vw, 777px" /></figure>
</div>


<p class="wp-block-paragraph" style="font-size:20px">Sala 1: “Córdoba del agua viva”. Donde se analiza el abastecimiento del agua en la ciudad, las numerosas necesidades para mantener la actividad humana, sobre todo desde la perspectiva de que Córdoba fue, primero Colonia Patricia y capital de la Bética romana y posteriormente capital del Califato Andalusí. La captación de los recursos hídricos que provienen de la naturaleza dará paso al estudio del urbanismo la incorporación de técnicas de riego, la necesidad de un sistema de evacuación el reparto de las aguas y su forma de medición, hasta llegar al suministro actual.»</p>


<div class="wp-block-image">
<figure class="alignleft size-full is-resized"><img loading="lazy" decoding="async" width="300" height="200" src="https://xn--porlascallesdecrdoba-p8b.com/wp-content/uploads/2026/08/image-194.png" alt="" class="wp-image-7145" style="aspect-ratio:1.5000906180148614;width:413px;height:auto"/></figure>
</div>


<p class="wp-block-paragraph" style="font-size:20px">Sala 2: “La cerámica del agua en Andalucía<strong>”. </strong>Se exponen diversas piezas cerámicas para el almacenamiento del agua y su transporte a nivel popular, la manera de enfriarla y los diferentes modelos y usos de cacharros adaptados a cada actividad, hasta la llegada del agua corriente. Esta sala también aborda el concepto de la higiene, según las diferentes culturas o religiones, los cambios culturales, las vicisitudes por las que transita el aseo personal, y los diferentes utensilios portátiles, como elementos de apoyo, hasta culminar en el concepto del cuarto de baño moderno.»</p>


<div class="wp-block-image">
<figure class="alignright size-full is-resized"><img loading="lazy" decoding="async" width="300" height="200" src="https://xn--porlascallesdecrdoba-p8b.com/wp-content/uploads/2026/08/image-195.png" alt="" class="wp-image-7149" style="aspect-ratio:1.5000293720260824;width:438px;height:auto"/></figure>
</div>


<p class="wp-block-paragraph" style="font-size:20px">«Sala 3: “Las fuentes públicas de Córdoba”, describe las principales fuentes del siglo XVI al XVIII, que aún perduran en la ciudad</p>



<p class="wp-block-paragraph" style="font-size:20px">«Sala 4: “Los oficios del agua”.En esta sala se exponen los dos oficios más populares y necesarios relacionados con el agua, las lavanderas y los aguadores.</p>



<p class="wp-block-paragraph"></p>



<p class="wp-block-paragraph"></p>



<p class="wp-block-paragraph"></p>



<figure class="wp-block-gallery has-nested-images columns-default is-cropped wp-block-gallery-1 is-layout-flex wp-block-gallery-is-layout-flex">
<figure class="wp-block-image size-large"><a href="https://xn--porlascallesdecrdoba-p8b.com/?page_id=6531"><img loading="lazy" decoding="async" width="218" height="72" data-id="6503" src="https://xn--porlascallesdecrdoba-p8b.com/wp-content/uploads/2026/08/Captura-de-pantalla-2026-08-14-215034.png" alt="" class="wp-image-6503"/></a></figure>



<figure class="wp-block-image size-full"><a href="https://xn--porlascallesdecrdoba-p8b.com/?page_id=5727"><img loading="lazy" decoding="async" width="211" height="63" data-id="6505" src="https://xn--porlascallesdecrdoba-p8b.com/wp-content/uploads/2026/08/Captura-de-pantalla-2026-08-14-215040.png" alt="" class="wp-image-6505"/></a></figure>



<figure class="wp-block-image size-large"><a href="https://xn--porlascallesdecrdoba-p8b.com/?page_id=6535"><img loading="lazy" decoding="async" width="214" height="64" data-id="6504" src="https://xn--porlascallesdecrdoba-p8b.com/wp-content/uploads/2026/08/Captura-de-pantalla-2026-08-14-215047.png" alt="" class="wp-image-6504"/></a></figure>
</figure>



<p class="wp-block-paragraph"></p>

<p>Pincha para localizar la calle en Google Earth Frente a la casa nº 2 de la calle Cabezas se abre la calle Portillo, al final de la cual se encuentra <a class="more-link" href="https://xn--porlascallesdecrdoba-p8b.com/?page_id=6533">Seguir leyendo &rarr;</a></p>
