{"id":6902,"date":"2026-08-20T15:47:42","date_gmt":"2026-08-20T15:47:42","guid":{"rendered":"https:\/\/xn--porlascallesdecrdoba-p8b.com\/?page_id=6902"},"modified":"2026-09-03T19:22:28","modified_gmt":"2026-09-03T19:22:28","slug":"capilla-8-san-acacio-y-once-mil-virgenes","status":"publish","type":"page","link":"https:\/\/xn--porlascallesdecrdoba-p8b.com\/?page_id=6902","title":{"rendered":"Capilla 8: San Acacio y Once mil V\u00edrgenes y altar de Nta. Sra. de la Concepci\u00f3n"},"content":{"rendered":"<div class=\"wp-block-image\">\n<figure class=\"alignright size-full is-resized\"><img loading=\"lazy\" decoding=\"async\" width=\"666\" height=\"301\" src=\"https:\/\/xn--porlascallesdecrdoba-p8b.com\/wp-content\/uploads\/2026\/08\/image-166.png\" alt=\"\" class=\"wp-image-6949\" style=\"width:366px;height:auto\"\/><\/figure>\n<\/div>\n\n\n<p class=\"wp-block-paragraph\" style=\"font-size:20px\">La capilla de \u00abSan Acacio\u00bb, se fund\u00f3 a inicios del siglo XV por el obispo D. Fernando Gonz\u00e1lez Deza (1398-1426), con el nombre de capilla de las \u201cOnce Mil V\u00edrgenes\u201d, para su enterramiento y el de sus padres.<\/p>\n\n\n\n<figure class=\"wp-block-image size-large\"><img loading=\"lazy\" decoding=\"async\" width=\"1024\" height=\"683\" src=\"https:\/\/xn--porlascallesdecrdoba-p8b.com\/wp-content\/uploads\/2026\/08\/18-02-27-_207-1024x683.jpg\" alt=\"\" class=\"wp-image-6962\" srcset=\"https:\/\/xn--porlascallesdecrdoba-p8b.com\/wp-content\/uploads\/2026\/08\/18-02-27-_207-1024x683.jpg 1024w, https:\/\/xn--porlascallesdecrdoba-p8b.com\/wp-content\/uploads\/2026\/08\/18-02-27-_207-300x200.jpg 300w, https:\/\/xn--porlascallesdecrdoba-p8b.com\/wp-content\/uploads\/2026\/08\/18-02-27-_207-768x512.jpg 768w, https:\/\/xn--porlascallesdecrdoba-p8b.com\/wp-content\/uploads\/2026\/08\/18-02-27-_207-1536x1024.jpg 1536w, https:\/\/xn--porlascallesdecrdoba-p8b.com\/wp-content\/uploads\/2026\/08\/18-02-27-_207-2048x1365.jpg 2048w, https:\/\/xn--porlascallesdecrdoba-p8b.com\/wp-content\/uploads\/2026\/08\/18-02-27-_207-400x267.jpg 400w\" sizes=\"auto, (max-width: 1024px) 100vw, 1024px\" \/><\/figure>\n\n\n\n<p class=\"wp-block-paragraph\" style=\"font-size:20px\">La capilla sufri\u00f3 una amplia reforma en el a\u00f1o 1714, en la que se instal\u00f3 la c\u00fapula de media naranja, que hace que sea una de las capillas con mayor luminosidad. A esta reforma tambi\u00e9n pertenece el retablo, obra de S\u00e1nchez de Rueda, posee tres calles, en la central una imagen de San Acacio, general romano que al convertirse al cristianismo ser\u00eda torturado el a\u00f1o 108 y muerto en la cruz. Es el patr\u00f3n de la localidad cordobesa de Montemayor.<\/p>\n\n\n<div class=\"wp-block-image\">\n<figure class=\"aligncenter size-full is-resized\"><img loading=\"lazy\" decoding=\"async\" width=\"727\" height=\"552\" src=\"https:\/\/xn--porlascallesdecrdoba-p8b.com\/wp-content\/uploads\/2026\/08\/image-168.png\" alt=\"\" class=\"wp-image-6955\" style=\"width:611px;height:auto\"\/><\/figure>\n<\/div>\n\n\n<p class=\"wp-block-paragraph\" style=\"font-size:20px\">En el retablo tambi\u00e9n se encuentran siete pinturas con las, representaciones de la Asunci\u00f3n, la Visitaci\u00f3n, San Pedro, San Pablo, San Juan de Dios, una santa no identificada y la Pur\u00edsima Concepci\u00f3n. Se le atribuyen al violinista y pintor del siglo XVIII, de origen italiano, Juan Pompeyo, que posee cuadros en varias capillas de la Catedral.<\/p>\n\n\n\n<p class=\"wp-block-paragraph\" style=\"font-size:20px\">Bajo la imagen de San Acacio se encuentra un Ecce Homo, procedente de Roma y que por su apariencia le ha dado al recinto el sobrenombre de Capilla de la Sangre.<\/p>\n\n\n\n<p class=\"wp-block-paragraph\" style=\"font-size:20px\">En esta capilla tienen enterramiento los Barones de San Calixto, antiguos propietarios de extensiones de tierras en la localidad cordobesa de Hornachuelos (en donde se conserva el convento de San Calixto).<\/p>\n\n\n<div class=\"wp-block-image\">\n<figure class=\"aligncenter size-full is-resized\"><img loading=\"lazy\" decoding=\"async\" width=\"937\" height=\"794\" src=\"https:\/\/xn--porlascallesdecrdoba-p8b.com\/wp-content\/uploads\/2026\/08\/15-04-09-571-r50.jpg\" alt=\"\" class=\"wp-image-6957\" style=\"aspect-ratio:1.1801041810722352;width:606px;height:auto\" srcset=\"https:\/\/xn--porlascallesdecrdoba-p8b.com\/wp-content\/uploads\/2026\/08\/15-04-09-571-r50.jpg 937w, https:\/\/xn--porlascallesdecrdoba-p8b.com\/wp-content\/uploads\/2026\/08\/15-04-09-571-r50-300x254.jpg 300w, https:\/\/xn--porlascallesdecrdoba-p8b.com\/wp-content\/uploads\/2026\/08\/15-04-09-571-r50-768x651.jpg 768w\" sizes=\"auto, (max-width: 937px) 100vw, 937px\" \/><\/figure>\n<\/div>\n\n<div class=\"wp-block-image\">\n<figure class=\"alignleft size-full is-resized\"><img loading=\"lazy\" decoding=\"async\" width=\"405\" height=\"448\" src=\"https:\/\/xn--porlascallesdecrdoba-p8b.com\/wp-content\/uploads\/2026\/08\/image-169.png\" alt=\"\" class=\"wp-image-6959\" style=\"width:263px;height:auto\"\/><\/figure>\n<\/div>\n\n\n<p class=\"wp-block-paragraph\" style=\"font-size:20px\">Junto a la l\u00e1pida de esta familia se encuentra otra, m\u00e1s antigua, de varias piezas de m\u00e1rmol blanco con profusi\u00f3n de relieves, estando en el centro el escudo de la familia R\u00edos aqu\u00ed el racionero D. Francisco Fern\u00e1ndez Lagos.<\/p>\n\n\n\n<p class=\"wp-block-paragraph\" style=\"font-size:20px\"><\/p>\n\n\n\n<p class=\"wp-block-paragraph\" style=\"font-size:20px\">Frente a esta capilla, y sobre uno de los pilares de la catedral (obra de Hern\u00e1n Ruiz I), se encuentra el altar de \u201c<strong>Nuestra Se\u00f1ora de la Concepci\u00f3n<\/strong>\u201d, construido en el siglo XVI, es un retablo pict\u00f3rico, del siglo XVIII, instalado como altar funerario, a sus pies se encuentra una cripta.<\/p>\n\n\n<div class=\"wp-block-image\">\n<figure class=\"alignright size-full is-resized\"><img loading=\"lazy\" decoding=\"async\" width=\"1704\" height=\"2272\" src=\"https:\/\/xn--porlascallesdecrdoba-p8b.com\/wp-content\/uploads\/2026\/08\/15-04-09-594.jpg\" alt=\"\" class=\"wp-image-6964\" style=\"aspect-ratio:0.7500073242902763;width:381px;height:auto\"\/><\/figure>\n<\/div>\n\n\n<p class=\"wp-block-paragraph\" style=\"font-size:20px\">El retablo est\u00e1 formado por banco y cuerpo de tres calles separadas por columnas abalaustradas. Las pinturas son de \u00e9poca posterior al retablo, posiblemente del XVIII. En las peque\u00f1as figuras del banco se representa San Acisclo, San Juan Bautista, San Francisco, San Lorenzo, San Antonio de Padua y Santa Victoria. Las pinturas del cuerpo representan a San Miguel, la concepci\u00f3n de Nuestra Se\u00f1ora y Santo Domingo de Guzm\u00e1n<\/p>\n\n\n\n<p class=\"wp-block-paragraph\" style=\"font-size:20px\">El altar es de azulejos, del siglo XVI, es igual al de la capilla del Santo Nombre de Jes\u00fas, instalada al sur el coro de la Catedral.<\/p>\n\n\n<div class=\"wp-block-image\">\n<figure class=\"aligncenter size-large\"><img loading=\"lazy\" decoding=\"async\" width=\"1024\" height=\"377\" src=\"https:\/\/xn--porlascallesdecrdoba-p8b.com\/wp-content\/uploads\/2026\/08\/image-170-1024x377.png\" alt=\"\" class=\"wp-image-6967\" srcset=\"https:\/\/xn--porlascallesdecrdoba-p8b.com\/wp-content\/uploads\/2026\/08\/image-170-1024x377.png 1024w, https:\/\/xn--porlascallesdecrdoba-p8b.com\/wp-content\/uploads\/2026\/08\/image-170-300x110.png 300w, https:\/\/xn--porlascallesdecrdoba-p8b.com\/wp-content\/uploads\/2026\/08\/image-170-768x282.png 768w, https:\/\/xn--porlascallesdecrdoba-p8b.com\/wp-content\/uploads\/2026\/08\/image-170.png 1221w\" sizes=\"auto, (max-width: 1024px) 100vw, 1024px\" \/><\/figure>\n<\/div>\n\n\n<figure class=\"wp-block-gallery has-nested-images columns-default is-cropped wp-block-gallery-1 is-layout-flex wp-block-gallery-is-layout-flex\">\n<figure class=\"wp-block-image size-large\"><a href=\"https:\/\/xn--porlascallesdecrdoba-p8b.com\/?page_id=6899\"><img loading=\"lazy\" decoding=\"async\" width=\"155\" height=\"46\" data-id=\"6435\" src=\"https:\/\/xn--porlascallesdecrdoba-p8b.com\/wp-content\/uploads\/2026\/08\/Captura-de-pantalla-2026-08-10-184924-1.png\" alt=\"\" class=\"wp-image-6435\" srcset=\"https:\/\/xn--porlascallesdecrdoba-p8b.com\/wp-content\/uploads\/2026\/08\/Captura-de-pantalla-2026-08-10-184924-1.png 155w, https:\/\/xn--porlascallesdecrdoba-p8b.com\/wp-content\/uploads\/2026\/08\/Captura-de-pantalla-2026-08-10-184924-1-150x46.png 150w\" sizes=\"auto, (max-width: 155px) 100vw, 155px\" \/><\/a><\/figure>\n\n\n\n<figure class=\"wp-block-image size-full\"><a href=\"https:\/\/xn--porlascallesdecrdoba-p8b.com\/?page_id=6440\"><img loading=\"lazy\" decoding=\"async\" width=\"227\" height=\"59\" data-id=\"6436\" src=\"https:\/\/xn--porlascallesdecrdoba-p8b.com\/wp-content\/uploads\/2026\/08\/Captura-de-pantalla-2026-08-12-184912.png\" alt=\"\" class=\"wp-image-6436\"\/><\/a><\/figure>\n\n\n\n<figure class=\"wp-block-image size-large\"><a href=\"https:\/\/xn--porlascallesdecrdoba-p8b.com\/?page_id=6904\"><img loading=\"lazy\" decoding=\"async\" width=\"158\" height=\"48\" data-id=\"6434\" src=\"https:\/\/xn--porlascallesdecrdoba-p8b.com\/wp-content\/uploads\/2026\/08\/Captura-de-pantalla-2026-08-10-185011.png\" alt=\"\" class=\"wp-image-6434\"\/><\/a><\/figure>\n<\/figure>\n\n\n\n<p class=\"wp-block-paragraph\"><\/p>\n","protected":false},"excerpt":{"rendered":"<p>La capilla de \u00abSan Acacio\u00bb, se fund\u00f3 a inicios del siglo XV por el obispo D. Fernando Gonz\u00e1lez Deza (1398-1426), con el nombre de capilla de las \u201cOnce Mil V\u00edrgenes\u201d, <a class=\"more-link\" href=\"https:\/\/xn--porlascallesdecrdoba-p8b.com\/?page_id=6902\">Seguir leyendo &rarr;<\/a><\/p>\n","protected":false},"author":1,"featured_media":0,"parent":0,"menu_order":0,"comment_status":"closed","ping_status":"closed","template":"","meta":{"footnotes":""},"class_list":["post-6902","page","type-page","status-publish","hentry"],"_links":{"self":[{"href":"https:\/\/xn--porlascallesdecrdoba-p8b.com\/index.php?rest_route=\/wp\/v2\/pages\/6902","targetHints":{"allow":["GET"]}}],"collection":[{"href":"https:\/\/xn--porlascallesdecrdoba-p8b.com\/index.php?rest_route=\/wp\/v2\/pages"}],"about":[{"href":"https:\/\/xn--porlascallesdecrdoba-p8b.com\/index.php?rest_route=\/wp\/v2\/types\/page"}],"author":[{"embeddable":true,"href":"https:\/\/xn--porlascallesdecrdoba-p8b.com\/index.php?rest_route=\/wp\/v2\/users\/1"}],"replies":[{"embeddable":true,"href":"https:\/\/xn--porlascallesdecrdoba-p8b.com\/index.php?rest_route=%2Fwp%2Fv2%2Fcomments&post=6902"}],"version-history":[{"count":20,"href":"https:\/\/xn--porlascallesdecrdoba-p8b.com\/index.php?rest_route=\/wp\/v2\/pages\/6902\/revisions"}],"predecessor-version":[{"id":8007,"href":"https:\/\/xn--porlascallesdecrdoba-p8b.com\/index.php?rest_route=\/wp\/v2\/pages\/6902\/revisions\/8007"}],"wp:attachment":[{"href":"https:\/\/xn--porlascallesdecrdoba-p8b.com\/index.php?rest_route=%2Fwp%2Fv2%2Fmedia&parent=6902"}],"curies":[{"name":"wp","href":"https:\/\/api.w.org\/{rel}","templated":true}]}}

Capilla 8: San Acacio y Once mil Vírgenes y altar de Nta. Sra. de la Concepción

<div class="wp-block-image">
<figure class="alignright size-full is-resized"><img loading="lazy" decoding="async" width="666" height="301" src="https://xn--porlascallesdecrdoba-p8b.com/wp-content/uploads/2026/08/image-166.png" alt="" class="wp-image-6949" style="width:366px;height:auto"/></figure>
</div>


<p class="wp-block-paragraph" style="font-size:20px">La capilla de «San Acacio», se fundó a inicios del siglo XV por el obispo D. Fernando González Deza (1398-1426), con el nombre de capilla de las “Once Mil Vírgenes”, para su enterramiento y el de sus padres.</p>



<figure class="wp-block-image size-large"><img loading="lazy" decoding="async" width="1024" height="683" src="https://xn--porlascallesdecrdoba-p8b.com/wp-content/uploads/2026/08/18-02-27-_207-1024x683.jpg" alt="" class="wp-image-6962" srcset="https://xn--porlascallesdecrdoba-p8b.com/wp-content/uploads/2026/08/18-02-27-_207-1024x683.jpg 1024w, https://xn--porlascallesdecrdoba-p8b.com/wp-content/uploads/2026/08/18-02-27-_207-300x200.jpg 300w, https://xn--porlascallesdecrdoba-p8b.com/wp-content/uploads/2026/08/18-02-27-_207-768x512.jpg 768w, https://xn--porlascallesdecrdoba-p8b.com/wp-content/uploads/2026/08/18-02-27-_207-1536x1024.jpg 1536w, https://xn--porlascallesdecrdoba-p8b.com/wp-content/uploads/2026/08/18-02-27-_207-2048x1365.jpg 2048w, https://xn--porlascallesdecrdoba-p8b.com/wp-content/uploads/2026/08/18-02-27-_207-400x267.jpg 400w" sizes="auto, (max-width: 1024px) 100vw, 1024px" /></figure>



<p class="wp-block-paragraph" style="font-size:20px">La capilla sufrió una amplia reforma en el año 1714, en la que se instaló la cúpula de media naranja, que hace que sea una de las capillas con mayor luminosidad. A esta reforma también pertenece el retablo, obra de Sánchez de Rueda, posee tres calles, en la central una imagen de San Acacio, general romano que al convertirse al cristianismo sería torturado el año 108 y muerto en la cruz. Es el patrón de la localidad cordobesa de Montemayor.</p>


<div class="wp-block-image">
<figure class="aligncenter size-full is-resized"><img loading="lazy" decoding="async" width="727" height="552" src="https://xn--porlascallesdecrdoba-p8b.com/wp-content/uploads/2026/08/image-168.png" alt="" class="wp-image-6955" style="width:611px;height:auto"/></figure>
</div>


<p class="wp-block-paragraph" style="font-size:20px">En el retablo también se encuentran siete pinturas con las, representaciones de la Asunción, la Visitación, San Pedro, San Pablo, San Juan de Dios, una santa no identificada y la Purísima Concepción. Se le atribuyen al violinista y pintor del siglo XVIII, de origen italiano, Juan Pompeyo, que posee cuadros en varias capillas de la Catedral.</p>



<p class="wp-block-paragraph" style="font-size:20px">Bajo la imagen de San Acacio se encuentra un Ecce Homo, procedente de Roma y que por su apariencia le ha dado al recinto el sobrenombre de Capilla de la Sangre.</p>



<p class="wp-block-paragraph" style="font-size:20px">En esta capilla tienen enterramiento los Barones de San Calixto, antiguos propietarios de extensiones de tierras en la localidad cordobesa de Hornachuelos (en donde se conserva el convento de San Calixto).</p>


<div class="wp-block-image">
<figure class="aligncenter size-full is-resized"><img loading="lazy" decoding="async" width="937" height="794" src="https://xn--porlascallesdecrdoba-p8b.com/wp-content/uploads/2026/08/15-04-09-571-r50.jpg" alt="" class="wp-image-6957" style="aspect-ratio:1.1801041810722352;width:606px;height:auto" srcset="https://xn--porlascallesdecrdoba-p8b.com/wp-content/uploads/2026/08/15-04-09-571-r50.jpg 937w, https://xn--porlascallesdecrdoba-p8b.com/wp-content/uploads/2026/08/15-04-09-571-r50-300x254.jpg 300w, https://xn--porlascallesdecrdoba-p8b.com/wp-content/uploads/2026/08/15-04-09-571-r50-768x651.jpg 768w" sizes="auto, (max-width: 937px) 100vw, 937px" /></figure>
</div>

<div class="wp-block-image">
<figure class="alignleft size-full is-resized"><img loading="lazy" decoding="async" width="405" height="448" src="https://xn--porlascallesdecrdoba-p8b.com/wp-content/uploads/2026/08/image-169.png" alt="" class="wp-image-6959" style="width:263px;height:auto"/></figure>
</div>


<p class="wp-block-paragraph" style="font-size:20px">Junto a la lápida de esta familia se encuentra otra, más antigua, de varias piezas de mármol blanco con profusión de relieves, estando en el centro el escudo de la familia Ríos aquí el racionero D. Francisco Fernández Lagos.</p>



<p class="wp-block-paragraph" style="font-size:20px"></p>



<p class="wp-block-paragraph" style="font-size:20px">Frente a esta capilla, y sobre uno de los pilares de la catedral (obra de Hernán Ruiz I), se encuentra el altar de “<strong>Nuestra Señora de la Concepción</strong>”, construido en el siglo XVI, es un retablo pictórico, del siglo XVIII, instalado como altar funerario, a sus pies se encuentra una cripta.</p>


<div class="wp-block-image">
<figure class="alignright size-full is-resized"><img loading="lazy" decoding="async" width="1704" height="2272" src="https://xn--porlascallesdecrdoba-p8b.com/wp-content/uploads/2026/08/15-04-09-594.jpg" alt="" class="wp-image-6964" style="aspect-ratio:0.7500073242902763;width:381px;height:auto"/></figure>
</div>


<p class="wp-block-paragraph" style="font-size:20px">El retablo está formado por banco y cuerpo de tres calles separadas por columnas abalaustradas. Las pinturas son de época posterior al retablo, posiblemente del XVIII. En las pequeñas figuras del banco se representa San Acisclo, San Juan Bautista, San Francisco, San Lorenzo, San Antonio de Padua y Santa Victoria. Las pinturas del cuerpo representan a San Miguel, la concepción de Nuestra Señora y Santo Domingo de Guzmán</p>



<p class="wp-block-paragraph" style="font-size:20px">El altar es de azulejos, del siglo XVI, es igual al de la capilla del Santo Nombre de Jesús, instalada al sur el coro de la Catedral.</p>


<div class="wp-block-image">
<figure class="aligncenter size-large"><img loading="lazy" decoding="async" width="1024" height="377" src="https://xn--porlascallesdecrdoba-p8b.com/wp-content/uploads/2026/08/image-170-1024x377.png" alt="" class="wp-image-6967" srcset="https://xn--porlascallesdecrdoba-p8b.com/wp-content/uploads/2026/08/image-170-1024x377.png 1024w, https://xn--porlascallesdecrdoba-p8b.com/wp-content/uploads/2026/08/image-170-300x110.png 300w, https://xn--porlascallesdecrdoba-p8b.com/wp-content/uploads/2026/08/image-170-768x282.png 768w, https://xn--porlascallesdecrdoba-p8b.com/wp-content/uploads/2026/08/image-170.png 1221w" sizes="auto, (max-width: 1024px) 100vw, 1024px" /></figure>
</div>


<figure class="wp-block-gallery has-nested-images columns-default is-cropped wp-block-gallery-1 is-layout-flex wp-block-gallery-is-layout-flex">
<figure class="wp-block-image size-large"><a href="https://xn--porlascallesdecrdoba-p8b.com/?page_id=6899"><img loading="lazy" decoding="async" width="155" height="46" data-id="6435" src="https://xn--porlascallesdecrdoba-p8b.com/wp-content/uploads/2026/08/Captura-de-pantalla-2026-08-10-184924-1.png" alt="" class="wp-image-6435" srcset="https://xn--porlascallesdecrdoba-p8b.com/wp-content/uploads/2026/08/Captura-de-pantalla-2026-08-10-184924-1.png 155w, https://xn--porlascallesdecrdoba-p8b.com/wp-content/uploads/2026/08/Captura-de-pantalla-2026-08-10-184924-1-150x46.png 150w" sizes="auto, (max-width: 155px) 100vw, 155px" /></a></figure>



<figure class="wp-block-image size-full"><a href="https://xn--porlascallesdecrdoba-p8b.com/?page_id=6440"><img loading="lazy" decoding="async" width="227" height="59" data-id="6436" src="https://xn--porlascallesdecrdoba-p8b.com/wp-content/uploads/2026/08/Captura-de-pantalla-2026-08-12-184912.png" alt="" class="wp-image-6436"/></a></figure>



<figure class="wp-block-image size-large"><a href="https://xn--porlascallesdecrdoba-p8b.com/?page_id=6904"><img loading="lazy" decoding="async" width="158" height="48" data-id="6434" src="https://xn--porlascallesdecrdoba-p8b.com/wp-content/uploads/2026/08/Captura-de-pantalla-2026-08-10-185011.png" alt="" class="wp-image-6434"/></a></figure>
</figure>



<p class="wp-block-paragraph"></p>

<p>La capilla de «San Acacio», se fundó a inicios del siglo XV por el obispo D. Fernando González Deza (1398-1426), con el nombre de capilla de las “Once Mil Vírgenes”, <a class="more-link" href="https://xn--porlascallesdecrdoba-p8b.com/?page_id=6902">Seguir leyendo &rarr;</a></p>
