{"id":6904,"date":"2026-08-20T15:48:05","date_gmt":"2026-08-20T15:48:05","guid":{"rendered":"https:\/\/xn--porlascallesdecrdoba-p8b.com\/?page_id=6904"},"modified":"2026-09-04T16:26:24","modified_gmt":"2026-09-04T16:26:24","slug":"puerta-de-san-miguel","status":"publish","type":"page","link":"https:\/\/xn--porlascallesdecrdoba-p8b.com\/?page_id=6904","title":{"rendered":"Puerta de San Miguel"},"content":{"rendered":"\n<p class=\"wp-block-paragraph\" style=\"font-size:20px\">Pasada la capilla de \u00abSan Acacio\u00bb nos encontramos con el espacio en donde se encontraba la Capilla de San Miguel, espacio donde se abre la puerta del mismo nombre.<\/p>\n\n\n\n<figure class=\"wp-block-image size-full\"><img decoding=\"async\" src=\"https:\/\/xn--porlascallesdecrdoba-p8b.com\/wp-content\/uploads\/2026\/08\/18-02-27-_199.jpg\" alt=\"\" class=\"wp-image-6975\"\/><\/figure>\n\n\n\n<p class=\"wp-block-paragraph\" style=\"font-size:20px\">Su fundaci\u00f3n&nbsp;la promovi\u00f3 uno de los conquistadores de C\u00f3rdoba, Lope Garc\u00eda (+1255), siendo dotada por su viuda do\u00f1a Lambra y sus hijas en 1255 y 1267. El fundador y sus hijos yacen bajo el pavimento de la misma.<\/p>\n\n\n<div class=\"wp-block-image\">\n<figure class=\"aligncenter size-large\"><img loading=\"lazy\" decoding=\"async\" width=\"1024\" height=\"683\" src=\"https:\/\/xn--porlascallesdecrdoba-p8b.com\/wp-content\/uploads\/2026\/08\/18-02-27-_209-1-1024x683.jpg\" alt=\"\" class=\"wp-image-6978\" srcset=\"https:\/\/xn--porlascallesdecrdoba-p8b.com\/wp-content\/uploads\/2026\/08\/18-02-27-_209-1-1024x683.jpg 1024w, https:\/\/xn--porlascallesdecrdoba-p8b.com\/wp-content\/uploads\/2026\/08\/18-02-27-_209-1-300x200.jpg 300w, https:\/\/xn--porlascallesdecrdoba-p8b.com\/wp-content\/uploads\/2026\/08\/18-02-27-_209-1-768x512.jpg 768w, https:\/\/xn--porlascallesdecrdoba-p8b.com\/wp-content\/uploads\/2026\/08\/18-02-27-_209-1-1536x1024.jpg 1536w, https:\/\/xn--porlascallesdecrdoba-p8b.com\/wp-content\/uploads\/2026\/08\/18-02-27-_209-1-2048x1365.jpg 2048w, https:\/\/xn--porlascallesdecrdoba-p8b.com\/wp-content\/uploads\/2026\/08\/18-02-27-_209-1-400x267.jpg 400w\" sizes=\"auto, (max-width: 1024px) 100vw, 1024px\" \/><\/figure>\n<\/div>\n\n\n<p class=\"wp-block-paragraph\" style=\"font-size:20px\">Junto a la puerta un cuadro representa la figura del Arc\u00e1ngel San Miguel, obra de Juan Pompeyo, es el \u00fanico vestigio que nos queda de la que fuera capilla de \u201cSan Miguel\u201d, que daba nombre a la puerta.<\/p>\n\n\n\n<p class=\"wp-block-paragraph\" style=\"font-size:20px\">Esta zona se adorna con una pintura que representa al rey Fernando III el Santo ofreciendo a la Virgen la ciudad de C\u00f3rdoba, reci\u00e9n conquistada, a la Virgen, obra de Antonio Fern\u00e1ndez de Castro (1659-1739), sobrino de Juan de Alfaro, fue racionero de la catedral; el cuadro se encontraba en una capilla de la pared sur, desmontada en el siglo XX.<\/p>\n\n\n<div class=\"wp-block-image\">\n<figure class=\"aligncenter size-large\"><img loading=\"lazy\" decoding=\"async\" width=\"1024\" height=\"683\" src=\"https:\/\/xn--porlascallesdecrdoba-p8b.com\/wp-content\/uploads\/2026\/09\/IMG_1860-1-1024x683.jpg\" alt=\"\" class=\"wp-image-8094\" srcset=\"https:\/\/xn--porlascallesdecrdoba-p8b.com\/wp-content\/uploads\/2026\/09\/IMG_1860-1-1024x683.jpg 1024w, https:\/\/xn--porlascallesdecrdoba-p8b.com\/wp-content\/uploads\/2026\/09\/IMG_1860-1-300x200.jpg 300w, https:\/\/xn--porlascallesdecrdoba-p8b.com\/wp-content\/uploads\/2026\/09\/IMG_1860-1-768x512.jpg 768w, https:\/\/xn--porlascallesdecrdoba-p8b.com\/wp-content\/uploads\/2026\/09\/IMG_1860-1-1536x1024.jpg 1536w, https:\/\/xn--porlascallesdecrdoba-p8b.com\/wp-content\/uploads\/2026\/09\/IMG_1860-1-2048x1365.jpg 2048w, https:\/\/xn--porlascallesdecrdoba-p8b.com\/wp-content\/uploads\/2026\/09\/IMG_1860-1-400x267.jpg 400w\" sizes=\"auto, (max-width: 1024px) 100vw, 1024px\" \/><\/figure>\n<\/div>\n\n\n<p class=\"wp-block-paragraph\" style=\"font-size:20px\">La separaci\u00f3n entre las ampliaciones de Abderrram\u00e1m II y la de Alhakem II la marcan dos columnas adosadas a la pared, junto al cuadro de San Miguel.<\/p>\n\n\n\n<p class=\"wp-block-paragraph\" style=\"font-size:20px\">Aqu\u00ed se instal\u00f3, en fechas recientes, un relieve dedicado al Beato Crist\u00f3bal de Santa Catalina (M\u00e9rida, 1638 \u2013 C\u00f3rdoba 1690), sacerdote franciscano, muy preocupado por los necesitados, fundar\u00eda en C\u00f3rdoba el Hospital Jes\u00fas Nazareno, en el barrio de San Andr\u00e9s.<\/p>\n\n\n\n<p class=\"wp-block-paragraph\" style=\"font-size:20px\">En la segunda l\u00ednea de columnas, sobre el pilar de separaci\u00f3n de la 2\u00aa y 3\u00aa ampliaci\u00f3n de la mezquita, aprovechando el espacio entre dos columnas unidas, se sit\u00faa un peque\u00f1o relieve, en m\u00e1rmol, recuperado de la <strong>capilla de \u201cSan Gregorio\u201d<\/strong>, desmontada del espacio frente a \u00e9l, en el muro oeste.<\/p>\n\n\n<div class=\"wp-block-image\">\n<figure class=\"aligncenter size-full\"><img loading=\"lazy\" decoding=\"async\" width=\"640\" height=\"460\" src=\"https:\/\/xn--porlascallesdecrdoba-p8b.com\/wp-content\/uploads\/2026\/08\/image-172.png\" alt=\"\" class=\"wp-image-7000\" srcset=\"https:\/\/xn--porlascallesdecrdoba-p8b.com\/wp-content\/uploads\/2026\/08\/image-172.png 640w, https:\/\/xn--porlascallesdecrdoba-p8b.com\/wp-content\/uploads\/2026\/08\/image-172-300x216.png 300w\" sizes=\"auto, (max-width: 640px) 100vw, 640px\" \/><\/figure>\n<\/div>\n\n\n<p class=\"wp-block-paragraph\" style=\"font-size:20px\">Algo m\u00e1s a poniente, sobre uno de los pilares de la Capilla de Villaviciosa, se encuentra el altar de \u201c<strong>La Virgen de la O<\/strong>\u201d o de \u201cNuestra Se\u00f1ora del Sol\u201d, fundado en el siglo XV,en su interior se encuentra la pintura de la Virgen, vestida con un manto fileteado de gal\u00f3n de oro y salpicado de lises. El altar se protege con una peque\u00f1a y art\u00edstica verja.<\/p>\n\n\n\n<p class=\"wp-block-paragraph\" style=\"font-size:20px\"><\/p>\n\n\n<div class=\"wp-block-image\">\n<figure class=\"aligncenter size-large is-resized\"><img loading=\"lazy\" decoding=\"async\" width=\"1024\" height=\"683\" src=\"https:\/\/xn--porlascallesdecrdoba-p8b.com\/wp-content\/uploads\/2026\/08\/18-02-27-_198-1024x683.jpg\" alt=\"\" class=\"wp-image-6990\" style=\"aspect-ratio:1.4993476657779794;width:573px;height:auto\" srcset=\"https:\/\/xn--porlascallesdecrdoba-p8b.com\/wp-content\/uploads\/2026\/08\/18-02-27-_198-1024x683.jpg 1024w, https:\/\/xn--porlascallesdecrdoba-p8b.com\/wp-content\/uploads\/2026\/08\/18-02-27-_198-300x200.jpg 300w, https:\/\/xn--porlascallesdecrdoba-p8b.com\/wp-content\/uploads\/2026\/08\/18-02-27-_198-768x512.jpg 768w, https:\/\/xn--porlascallesdecrdoba-p8b.com\/wp-content\/uploads\/2026\/08\/18-02-27-_198-1536x1024.jpg 1536w, https:\/\/xn--porlascallesdecrdoba-p8b.com\/wp-content\/uploads\/2026\/08\/18-02-27-_198-2048x1365.jpg 2048w, https:\/\/xn--porlascallesdecrdoba-p8b.com\/wp-content\/uploads\/2026\/08\/18-02-27-_198-400x267.jpg 400w\" sizes=\"auto, (max-width: 1024px) 100vw, 1024px\" \/><\/figure>\n<\/div>\n\n\n<figure class=\"wp-block-gallery has-nested-images columns-default is-cropped wp-block-gallery-1 is-layout-flex wp-block-gallery-is-layout-flex\">\n<figure class=\"wp-block-image size-large\"><a href=\"https:\/\/xn--porlascallesdecrdoba-p8b.com\/?page_id=6902\"><img loading=\"lazy\" decoding=\"async\" width=\"155\" height=\"46\" data-id=\"6435\" src=\"https:\/\/xn--porlascallesdecrdoba-p8b.com\/wp-content\/uploads\/2026\/08\/Captura-de-pantalla-2026-08-10-184924-1.png\" alt=\"\" class=\"wp-image-6435\" srcset=\"https:\/\/xn--porlascallesdecrdoba-p8b.com\/wp-content\/uploads\/2026\/08\/Captura-de-pantalla-2026-08-10-184924-1.png 155w, https:\/\/xn--porlascallesdecrdoba-p8b.com\/wp-content\/uploads\/2026\/08\/Captura-de-pantalla-2026-08-10-184924-1-150x46.png 150w\" sizes=\"auto, (max-width: 155px) 100vw, 155px\" \/><\/a><\/figure>\n\n\n\n<figure class=\"wp-block-image size-full\"><a href=\"https:\/\/xn--porlascallesdecrdoba-p8b.com\/?page_id=6440\"><img loading=\"lazy\" decoding=\"async\" width=\"227\" height=\"59\" data-id=\"6436\" src=\"https:\/\/xn--porlascallesdecrdoba-p8b.com\/wp-content\/uploads\/2026\/08\/Captura-de-pantalla-2026-08-12-184912.png\" alt=\"\" class=\"wp-image-6436\"\/><\/a><\/figure>\n\n\n\n<figure class=\"wp-block-image size-large\"><a href=\"https:\/\/xn--porlascallesdecrdoba-p8b.com\/?page_id=6906\"><img loading=\"lazy\" decoding=\"async\" width=\"158\" height=\"48\" data-id=\"6434\" src=\"https:\/\/xn--porlascallesdecrdoba-p8b.com\/wp-content\/uploads\/2026\/08\/Captura-de-pantalla-2026-08-10-185011.png\" alt=\"\" class=\"wp-image-6434\"\/><\/a><\/figure>\n<\/figure>\n\n\n\n<p class=\"wp-block-paragraph\"><\/p>\n","protected":false},"excerpt":{"rendered":"<p>Pasada la capilla de \u00abSan Acacio\u00bb nos encontramos con el espacio en donde se encontraba la Capilla de San Miguel, espacio donde se abre la puerta del mismo nombre. Su <a class=\"more-link\" href=\"https:\/\/xn--porlascallesdecrdoba-p8b.com\/?page_id=6904\">Seguir leyendo &rarr;<\/a><\/p>\n","protected":false},"author":1,"featured_media":0,"parent":0,"menu_order":0,"comment_status":"closed","ping_status":"closed","template":"","meta":{"footnotes":""},"class_list":["post-6904","page","type-page","status-publish","hentry"],"_links":{"self":[{"href":"https:\/\/xn--porlascallesdecrdoba-p8b.com\/index.php?rest_route=\/wp\/v2\/pages\/6904","targetHints":{"allow":["GET"]}}],"collection":[{"href":"https:\/\/xn--porlascallesdecrdoba-p8b.com\/index.php?rest_route=\/wp\/v2\/pages"}],"about":[{"href":"https:\/\/xn--porlascallesdecrdoba-p8b.com\/index.php?rest_route=\/wp\/v2\/types\/page"}],"author":[{"embeddable":true,"href":"https:\/\/xn--porlascallesdecrdoba-p8b.com\/index.php?rest_route=\/wp\/v2\/users\/1"}],"replies":[{"embeddable":true,"href":"https:\/\/xn--porlascallesdecrdoba-p8b.com\/index.php?rest_route=%2Fwp%2Fv2%2Fcomments&post=6904"}],"version-history":[{"count":23,"href":"https:\/\/xn--porlascallesdecrdoba-p8b.com\/index.php?rest_route=\/wp\/v2\/pages\/6904\/revisions"}],"predecessor-version":[{"id":8099,"href":"https:\/\/xn--porlascallesdecrdoba-p8b.com\/index.php?rest_route=\/wp\/v2\/pages\/6904\/revisions\/8099"}],"wp:attachment":[{"href":"https:\/\/xn--porlascallesdecrdoba-p8b.com\/index.php?rest_route=%2Fwp%2Fv2%2Fmedia&parent=6904"}],"curies":[{"name":"wp","href":"https:\/\/api.w.org\/{rel}","templated":true}]}}

<p class="wp-block-paragraph" style="font-size:20px">Pasada la capilla de «San Acacio» nos encontramos con el espacio en donde se encontraba la Capilla de San Miguel, espacio donde se abre la puerta del mismo nombre.</p>



<figure class="wp-block-image size-full"><img decoding="async" src="https://xn--porlascallesdecrdoba-p8b.com/wp-content/uploads/2026/08/18-02-27-_199.jpg" alt="" class="wp-image-6975"/></figure>



<p class="wp-block-paragraph" style="font-size:20px">Su fundación&nbsp;la promovió uno de los conquistadores de Córdoba, Lope García (+1255), siendo dotada por su viuda doña Lambra y sus hijas en 1255 y 1267. El fundador y sus hijos yacen bajo el pavimento de la misma.</p>


<div class="wp-block-image">
<figure class="aligncenter size-large"><img loading="lazy" decoding="async" width="1024" height="683" src="https://xn--porlascallesdecrdoba-p8b.com/wp-content/uploads/2026/08/18-02-27-_209-1-1024x683.jpg" alt="" class="wp-image-6978" srcset="https://xn--porlascallesdecrdoba-p8b.com/wp-content/uploads/2026/08/18-02-27-_209-1-1024x683.jpg 1024w, https://xn--porlascallesdecrdoba-p8b.com/wp-content/uploads/2026/08/18-02-27-_209-1-300x200.jpg 300w, https://xn--porlascallesdecrdoba-p8b.com/wp-content/uploads/2026/08/18-02-27-_209-1-768x512.jpg 768w, https://xn--porlascallesdecrdoba-p8b.com/wp-content/uploads/2026/08/18-02-27-_209-1-1536x1024.jpg 1536w, https://xn--porlascallesdecrdoba-p8b.com/wp-content/uploads/2026/08/18-02-27-_209-1-2048x1365.jpg 2048w, https://xn--porlascallesdecrdoba-p8b.com/wp-content/uploads/2026/08/18-02-27-_209-1-400x267.jpg 400w" sizes="auto, (max-width: 1024px) 100vw, 1024px" /></figure>
</div>


<p class="wp-block-paragraph" style="font-size:20px">Junto a la puerta un cuadro representa la figura del Arcángel San Miguel, obra de Juan Pompeyo, es el único vestigio que nos queda de la que fuera capilla de “San Miguel”, que daba nombre a la puerta.</p>



<p class="wp-block-paragraph" style="font-size:20px">Esta zona se adorna con una pintura que representa al rey Fernando III el Santo ofreciendo a la Virgen la ciudad de Córdoba, recién conquistada, a la Virgen, obra de Antonio Fernández de Castro (1659-1739), sobrino de Juan de Alfaro, fue racionero de la catedral; el cuadro se encontraba en una capilla de la pared sur, desmontada en el siglo XX.</p>


<div class="wp-block-image">
<figure class="aligncenter size-large"><img loading="lazy" decoding="async" width="1024" height="683" src="https://xn--porlascallesdecrdoba-p8b.com/wp-content/uploads/2026/09/IMG_1860-1-1024x683.jpg" alt="" class="wp-image-8094" srcset="https://xn--porlascallesdecrdoba-p8b.com/wp-content/uploads/2026/09/IMG_1860-1-1024x683.jpg 1024w, https://xn--porlascallesdecrdoba-p8b.com/wp-content/uploads/2026/09/IMG_1860-1-300x200.jpg 300w, https://xn--porlascallesdecrdoba-p8b.com/wp-content/uploads/2026/09/IMG_1860-1-768x512.jpg 768w, https://xn--porlascallesdecrdoba-p8b.com/wp-content/uploads/2026/09/IMG_1860-1-1536x1024.jpg 1536w, https://xn--porlascallesdecrdoba-p8b.com/wp-content/uploads/2026/09/IMG_1860-1-2048x1365.jpg 2048w, https://xn--porlascallesdecrdoba-p8b.com/wp-content/uploads/2026/09/IMG_1860-1-400x267.jpg 400w" sizes="auto, (max-width: 1024px) 100vw, 1024px" /></figure>
</div>


<p class="wp-block-paragraph" style="font-size:20px">La separación entre las ampliaciones de Abderrramám II y la de Alhakem II la marcan dos columnas adosadas a la pared, junto al cuadro de San Miguel.</p>



<p class="wp-block-paragraph" style="font-size:20px">Aquí se instaló, en fechas recientes, un relieve dedicado al Beato Cristóbal de Santa Catalina (Mérida, 1638 – Córdoba 1690), sacerdote franciscano, muy preocupado por los necesitados, fundaría en Córdoba el Hospital Jesús Nazareno, en el barrio de San Andrés.</p>



<p class="wp-block-paragraph" style="font-size:20px">En la segunda línea de columnas, sobre el pilar de separación de la 2ª y 3ª ampliación de la mezquita, aprovechando el espacio entre dos columnas unidas, se sitúa un pequeño relieve, en mármol, recuperado de la <strong>capilla de “San Gregorio”</strong>, desmontada del espacio frente a él, en el muro oeste.</p>


<div class="wp-block-image">
<figure class="aligncenter size-full"><img loading="lazy" decoding="async" width="640" height="460" src="https://xn--porlascallesdecrdoba-p8b.com/wp-content/uploads/2026/08/image-172.png" alt="" class="wp-image-7000" srcset="https://xn--porlascallesdecrdoba-p8b.com/wp-content/uploads/2026/08/image-172.png 640w, https://xn--porlascallesdecrdoba-p8b.com/wp-content/uploads/2026/08/image-172-300x216.png 300w" sizes="auto, (max-width: 640px) 100vw, 640px" /></figure>
</div>


<p class="wp-block-paragraph" style="font-size:20px">Algo más a poniente, sobre uno de los pilares de la Capilla de Villaviciosa, se encuentra el altar de “<strong>La Virgen de la O</strong>” o de “Nuestra Señora del Sol”, fundado en el siglo XV,en su interior se encuentra la pintura de la Virgen, vestida con un manto fileteado de galón de oro y salpicado de lises. El altar se protege con una pequeña y artística verja.</p>



<p class="wp-block-paragraph" style="font-size:20px"></p>


<div class="wp-block-image">
<figure class="aligncenter size-large is-resized"><img loading="lazy" decoding="async" width="1024" height="683" src="https://xn--porlascallesdecrdoba-p8b.com/wp-content/uploads/2026/08/18-02-27-_198-1024x683.jpg" alt="" class="wp-image-6990" style="aspect-ratio:1.4993476657779794;width:573px;height:auto" srcset="https://xn--porlascallesdecrdoba-p8b.com/wp-content/uploads/2026/08/18-02-27-_198-1024x683.jpg 1024w, https://xn--porlascallesdecrdoba-p8b.com/wp-content/uploads/2026/08/18-02-27-_198-300x200.jpg 300w, https://xn--porlascallesdecrdoba-p8b.com/wp-content/uploads/2026/08/18-02-27-_198-768x512.jpg 768w, https://xn--porlascallesdecrdoba-p8b.com/wp-content/uploads/2026/08/18-02-27-_198-1536x1024.jpg 1536w, https://xn--porlascallesdecrdoba-p8b.com/wp-content/uploads/2026/08/18-02-27-_198-2048x1365.jpg 2048w, https://xn--porlascallesdecrdoba-p8b.com/wp-content/uploads/2026/08/18-02-27-_198-400x267.jpg 400w" sizes="auto, (max-width: 1024px) 100vw, 1024px" /></figure>
</div>


<figure class="wp-block-gallery has-nested-images columns-default is-cropped wp-block-gallery-1 is-layout-flex wp-block-gallery-is-layout-flex">
<figure class="wp-block-image size-large"><a href="https://xn--porlascallesdecrdoba-p8b.com/?page_id=6902"><img loading="lazy" decoding="async" width="155" height="46" data-id="6435" src="https://xn--porlascallesdecrdoba-p8b.com/wp-content/uploads/2026/08/Captura-de-pantalla-2026-08-10-184924-1.png" alt="" class="wp-image-6435" srcset="https://xn--porlascallesdecrdoba-p8b.com/wp-content/uploads/2026/08/Captura-de-pantalla-2026-08-10-184924-1.png 155w, https://xn--porlascallesdecrdoba-p8b.com/wp-content/uploads/2026/08/Captura-de-pantalla-2026-08-10-184924-1-150x46.png 150w" sizes="auto, (max-width: 155px) 100vw, 155px" /></a></figure>



<figure class="wp-block-image size-full"><a href="https://xn--porlascallesdecrdoba-p8b.com/?page_id=6440"><img loading="lazy" decoding="async" width="227" height="59" data-id="6436" src="https://xn--porlascallesdecrdoba-p8b.com/wp-content/uploads/2026/08/Captura-de-pantalla-2026-08-12-184912.png" alt="" class="wp-image-6436"/></a></figure>



<figure class="wp-block-image size-large"><a href="https://xn--porlascallesdecrdoba-p8b.com/?page_id=6906"><img loading="lazy" decoding="async" width="158" height="48" data-id="6434" src="https://xn--porlascallesdecrdoba-p8b.com/wp-content/uploads/2026/08/Captura-de-pantalla-2026-08-10-185011.png" alt="" class="wp-image-6434"/></a></figure>
</figure>



<p class="wp-block-paragraph"></p>
