{"id":6906,"date":"2026-08-20T15:48:25","date_gmt":"2026-08-20T15:48:25","guid":{"rendered":"https:\/\/xn--porlascallesdecrdoba-p8b.com\/?page_id=6906"},"modified":"2026-09-04T16:31:55","modified_gmt":"2026-09-04T16:31:55","slug":"capilla-10-espiritu-santo-s-pedro-martir","status":"publish","type":"page","link":"https:\/\/xn--porlascallesdecrdoba-p8b.com\/?page_id=6906","title":{"rendered":"Capilla 10: Espiritu Santo y altar de San Felipe y Santiago"},"content":{"rendered":"\n<p class=\"wp-block-paragraph\" style=\"font-size:20px\"><\/p>\n\n\n<div class=\"wp-block-image\">\n<figure class=\"alignright size-full is-resized\"><img loading=\"lazy\" decoding=\"async\" width=\"553\" height=\"291\" src=\"https:\/\/xn--porlascallesdecrdoba-p8b.com\/wp-content\/uploads\/2026\/08\/image-173.png\" alt=\"\" class=\"wp-image-7006\" style=\"width:380px;height:auto\"\/><\/figure>\n<\/div>\n\n\n<p class=\"wp-block-paragraph\" style=\"font-size:20px\">Aislada se encuentra la \u00faltima capilla de este muro, la n\u00famero diez, es la de \u201cEsp\u00edritu Santo, San Pedro M\u00e1rtir de Verona y San Lorenzo\u201d, en ella se encuentra un lienzo que representa el martirio de San Lorenzo. Su fundaci\u00f3n data del siglo XIII, con la advocaci\u00f3n de San Lorenzo, para pasar posteriormente a la de \u201cEsp\u00edritu Santo\u201d y en la actualidad se dedica a San Pedro M\u00e1rtir.<\/p>\n\n\n<div class=\"wp-block-image\">\n<figure class=\"alignleft size-full is-resized\"><img loading=\"lazy\" decoding=\"async\" width=\"1704\" height=\"2272\" src=\"https:\/\/xn--porlascallesdecrdoba-p8b.com\/wp-content\/uploads\/2026\/08\/15-04-09-648.jpg\" alt=\"\" class=\"wp-image-7010\" style=\"aspect-ratio:0.7500073242902763;width:417px;height:auto\"\/><\/figure>\n<\/div>\n\n\n<p class=\"wp-block-paragraph\" style=\"font-size:20px\">El techo se cubre con un artesonado similar al de la mezquita,<\/p>\n\n\n\n<p class=\"wp-block-paragraph\" style=\"font-size:20px\">Entre sus adornos destaca un gran facistol, para los libros de canto en el coro y una cajonera;<\/p>\n\n\n\n<p class=\"wp-block-paragraph\" style=\"font-size:20px\">En este lugar tiene su enterramiento el prelado Don Pedro Salazar y G\u00f3ngora, obispo de C\u00f3rdoba entre 1738 y 1742, quien trajo desde Roma el retablo neocl\u00e1sico de finales del XVIII, en donde se representan a los ap\u00f3stoles Pedro y Pablo; como dato anecd\u00f3tico, el altar de esta capilla es el \u00fanico de las capillas que no da cara al centro de la Catedral, como es norma en el resto de las capillas.<\/p>\n\n\n<div class=\"wp-block-image\">\n<figure class=\"aligncenter size-full is-resized\"><img loading=\"lazy\" decoding=\"async\" width=\"816\" height=\"559\" src=\"https:\/\/xn--porlascallesdecrdoba-p8b.com\/wp-content\/uploads\/2026\/08\/image-174.png\" alt=\"\" class=\"wp-image-7009\" style=\"aspect-ratio:1.459770770371215;width:465px;height:auto\" srcset=\"https:\/\/xn--porlascallesdecrdoba-p8b.com\/wp-content\/uploads\/2026\/08\/image-174.png 816w, https:\/\/xn--porlascallesdecrdoba-p8b.com\/wp-content\/uploads\/2026\/08\/image-174-300x206.png 300w, https:\/\/xn--porlascallesdecrdoba-p8b.com\/wp-content\/uploads\/2026\/08\/image-174-768x526.png 768w\" sizes=\"auto, (max-width: 816px) 100vw, 816px\" \/><\/figure>\n<\/div>\n\n\n<p class=\"wp-block-paragraph\" style=\"font-size:20px\"><\/p>\n\n\n<div class=\"wp-block-image\">\n<figure class=\"aligncenter size-full is-resized\"><img loading=\"lazy\" decoding=\"async\" width=\"623\" height=\"478\" src=\"https:\/\/xn--porlascallesdecrdoba-p8b.com\/wp-content\/uploads\/2026\/08\/image-175.png\" alt=\"\" class=\"wp-image-7015\" style=\"width:493px;height:auto\"\/><\/figure>\n<\/div>\n\n\n<p class=\"wp-block-paragraph\" style=\"font-size:20px\">Frente a la capilla se encuentra un peque\u00f1o altar con una pintura que representa a la Concepci\u00f3n con <strong>San Felipe y Santiago<\/strong> el Menor, es obra de Antonio del Castillo en 1660. Bajo \u00e9l una mesa de altar de m\u00e1rmol negro, nos muestra una inscripci\u00f3n relativa a la fundaci\u00f3n realizada por don Gonzalo de Saavedra, Marqu\u00e9s de Vilar, en el a\u00f1o 1720, estando labrado su escudo de armas en el centro.<\/p>\n\n\n<div class=\"wp-block-image\">\n<figure class=\"aligncenter size-large\"><img loading=\"lazy\" decoding=\"async\" width=\"1024\" height=\"683\" src=\"https:\/\/xn--porlascallesdecrdoba-p8b.com\/wp-content\/uploads\/2026\/09\/IMG_1872-1-1024x683.jpg\" alt=\"\" class=\"wp-image-8101\" srcset=\"https:\/\/xn--porlascallesdecrdoba-p8b.com\/wp-content\/uploads\/2026\/09\/IMG_1872-1-1024x683.jpg 1024w, https:\/\/xn--porlascallesdecrdoba-p8b.com\/wp-content\/uploads\/2026\/09\/IMG_1872-1-300x200.jpg 300w, https:\/\/xn--porlascallesdecrdoba-p8b.com\/wp-content\/uploads\/2026\/09\/IMG_1872-1-768x512.jpg 768w, https:\/\/xn--porlascallesdecrdoba-p8b.com\/wp-content\/uploads\/2026\/09\/IMG_1872-1-1536x1024.jpg 1536w, https:\/\/xn--porlascallesdecrdoba-p8b.com\/wp-content\/uploads\/2026\/09\/IMG_1872-1-2048x1365.jpg 2048w, https:\/\/xn--porlascallesdecrdoba-p8b.com\/wp-content\/uploads\/2026\/09\/IMG_1872-1-400x267.jpg 400w\" sizes=\"auto, (max-width: 1024px) 100vw, 1024px\" \/><\/figure>\n<\/div>\n\n\n<p class=\"wp-block-paragraph\" style=\"font-size:20px\">Esta mesa y cuadro se encontraban, hasta finales del siglo XIX, en la capilla de San Felipe y Santiago, en el muro sur de la Catedral, la cual se encuentra desmantelada, motivo por el que pasar\u00eda a este lugar el cuadro a principios del XX.<\/p>\n\n\n\n<p class=\"wp-block-paragraph\" style=\"font-size:20px\">En la esquina suroeste del templo se instala un peque\u00f1o museo dedicado a las piezas localizadas pertenecientes a la bas\u00edlica visigoda del s. VI de San Vicente, sobre la que se construy\u00f3 la primera mezquita. <\/p>\n\n\n\n<figure class=\"wp-block-image size-large\"><img loading=\"lazy\" decoding=\"async\" width=\"1024\" height=\"683\" src=\"https:\/\/xn--porlascallesdecrdoba-p8b.com\/wp-content\/uploads\/2026\/09\/IMG_1875-1024x683.jpg\" alt=\"\" class=\"wp-image-8105\" srcset=\"https:\/\/xn--porlascallesdecrdoba-p8b.com\/wp-content\/uploads\/2026\/09\/IMG_1875-1024x683.jpg 1024w, https:\/\/xn--porlascallesdecrdoba-p8b.com\/wp-content\/uploads\/2026\/09\/IMG_1875-300x200.jpg 300w, https:\/\/xn--porlascallesdecrdoba-p8b.com\/wp-content\/uploads\/2026\/09\/IMG_1875-768x512.jpg 768w, https:\/\/xn--porlascallesdecrdoba-p8b.com\/wp-content\/uploads\/2026\/09\/IMG_1875-1536x1024.jpg 1536w, https:\/\/xn--porlascallesdecrdoba-p8b.com\/wp-content\/uploads\/2026\/09\/IMG_1875-2048x1365.jpg 2048w, https:\/\/xn--porlascallesdecrdoba-p8b.com\/wp-content\/uploads\/2026\/09\/IMG_1875-400x267.jpg 400w\" sizes=\"auto, (max-width: 1024px) 100vw, 1024px\" \/><\/figure>\n\n\n\n<p class=\"wp-block-paragraph\" style=\"font-size:20px\">Aqu\u00ed se abre la \u00faltima puerta del muro oeste, la de San Pedro, y junto a ella se encuentra uno de las mejores pinturas que cuelgan en las paredes de la Catedral <strong>\u201cLa \u00daltima Cena\u201d<\/strong>, una bella pintura de Pablo de C\u00e9spedes (1595), quien fuera racionero de la Catedral (Can\u00f3nigo racionero: el prebendado con derecho a raci\u00f3n, o sea, que dispone de parte de las rentas de la catedral).<\/p>\n\n\n\n<p class=\"wp-block-paragraph\" style=\"font-size:20px\">Su sitio original, hasta 1912, fue la desaparecida capilla del Sant\u00edsimo Sacramento o de la Cena, que, situada entre el mihrab y la capilla de Santa Teresa.<\/p>\n\n\n\n<p class=\"wp-block-paragraph\" style=\"font-size:20px\">De \u00e9l, algunos autores han afirmado que la disposici\u00f3n de los alimentos sobre la mesa corresponde a un ejercicio simb\u00f3lico de relacionar sus propiedades con el poder curativo (del alma) de la comuni\u00f3n. As\u00ed, las naranjas y limones vendr\u00edan a ser un s\u00edmbolo sanador (se cre\u00eda entonces que los c\u00edtricos eran ant\u00eddotos de algunos venenos); la sal (vemos delante la presencia de un salero) lo ser\u00eda de la integridad; y los vasos, de lo fr\u00e1gil que es el ser humano.<\/p>\n\n\n<div class=\"wp-block-image\">\n<figure class=\"aligncenter size-large\"><img loading=\"lazy\" decoding=\"async\" width=\"1024\" height=\"576\" src=\"https:\/\/xn--porlascallesdecrdoba-p8b.com\/wp-content\/uploads\/2026\/09\/20260904_110002-1-1024x576.jpg\" alt=\"\" class=\"wp-image-8108\" srcset=\"https:\/\/xn--porlascallesdecrdoba-p8b.com\/wp-content\/uploads\/2026\/09\/20260904_110002-1-1024x576.jpg 1024w, https:\/\/xn--porlascallesdecrdoba-p8b.com\/wp-content\/uploads\/2026\/09\/20260904_110002-1-300x169.jpg 300w, https:\/\/xn--porlascallesdecrdoba-p8b.com\/wp-content\/uploads\/2026\/09\/20260904_110002-1-768x432.jpg 768w, https:\/\/xn--porlascallesdecrdoba-p8b.com\/wp-content\/uploads\/2026\/09\/20260904_110002-1-1536x864.jpg 1536w, https:\/\/xn--porlascallesdecrdoba-p8b.com\/wp-content\/uploads\/2026\/09\/20260904_110002-1-2048x1152.jpg 2048w\" sizes=\"auto, (max-width: 1024px) 100vw, 1024px\" \/><\/figure>\n<\/div>\n\n\n<figure class=\"wp-block-gallery has-nested-images columns-default is-cropped wp-block-gallery-1 is-layout-flex wp-block-gallery-is-layout-flex\">\n<figure class=\"wp-block-image size-large\"><a href=\"https:\/\/xn--porlascallesdecrdoba-p8b.com\/?page_id=6904\"><img loading=\"lazy\" decoding=\"async\" width=\"155\" height=\"46\" data-id=\"6435\" src=\"https:\/\/xn--porlascallesdecrdoba-p8b.com\/wp-content\/uploads\/2026\/08\/Captura-de-pantalla-2026-08-10-184924-1.png\" alt=\"\" class=\"wp-image-6435\" srcset=\"https:\/\/xn--porlascallesdecrdoba-p8b.com\/wp-content\/uploads\/2026\/08\/Captura-de-pantalla-2026-08-10-184924-1.png 155w, https:\/\/xn--porlascallesdecrdoba-p8b.com\/wp-content\/uploads\/2026\/08\/Captura-de-pantalla-2026-08-10-184924-1-150x46.png 150w\" sizes=\"auto, (max-width: 155px) 100vw, 155px\" \/><\/a><\/figure>\n\n\n\n<figure class=\"wp-block-image size-full\"><a href=\"https:\/\/xn--porlascallesdecrdoba-p8b.com\/?page_id=6440\"><img loading=\"lazy\" decoding=\"async\" width=\"227\" height=\"59\" data-id=\"6436\" src=\"https:\/\/xn--porlascallesdecrdoba-p8b.com\/wp-content\/uploads\/2026\/08\/Captura-de-pantalla-2026-08-12-184912.png\" alt=\"\" class=\"wp-image-6436\"\/><\/a><\/figure>\n\n\n\n<figure class=\"wp-block-image size-large\"><a href=\"https:\/\/xn--porlascallesdecrdoba-p8b.com\/?page_id=8008\"><img loading=\"lazy\" decoding=\"async\" width=\"158\" height=\"48\" data-id=\"6434\" src=\"https:\/\/xn--porlascallesdecrdoba-p8b.com\/wp-content\/uploads\/2026\/08\/Captura-de-pantalla-2026-08-10-185011.png\" alt=\"\" class=\"wp-image-6434\"\/><\/a><\/figure>\n<\/figure>\n\n\n\n<p class=\"wp-block-paragraph\"><\/p>\n\n\n\n<p class=\"wp-block-paragraph\" style=\"font-size:20px\"><\/p>\n\n\n\n<p class=\"wp-block-paragraph\" style=\"font-size:20px\"><\/p>\n\n\n\n<p class=\"wp-block-paragraph\"><\/p>\n","protected":false},"excerpt":{"rendered":"<p>Aislada se encuentra la \u00faltima capilla de este muro, la n\u00famero diez, es la de \u201cEsp\u00edritu Santo, San Pedro M\u00e1rtir de Verona y San Lorenzo\u201d, en ella se encuentra un <a class=\"more-link\" href=\"https:\/\/xn--porlascallesdecrdoba-p8b.com\/?page_id=6906\">Seguir leyendo &rarr;<\/a><\/p>\n","protected":false},"author":1,"featured_media":0,"parent":0,"menu_order":0,"comment_status":"closed","ping_status":"closed","template":"","meta":{"footnotes":""},"class_list":["post-6906","page","type-page","status-publish","hentry"],"_links":{"self":[{"href":"https:\/\/xn--porlascallesdecrdoba-p8b.com\/index.php?rest_route=\/wp\/v2\/pages\/6906","targetHints":{"allow":["GET"]}}],"collection":[{"href":"https:\/\/xn--porlascallesdecrdoba-p8b.com\/index.php?rest_route=\/wp\/v2\/pages"}],"about":[{"href":"https:\/\/xn--porlascallesdecrdoba-p8b.com\/index.php?rest_route=\/wp\/v2\/types\/page"}],"author":[{"embeddable":true,"href":"https:\/\/xn--porlascallesdecrdoba-p8b.com\/index.php?rest_route=\/wp\/v2\/users\/1"}],"replies":[{"embeddable":true,"href":"https:\/\/xn--porlascallesdecrdoba-p8b.com\/index.php?rest_route=%2Fwp%2Fv2%2Fcomments&post=6906"}],"version-history":[{"count":15,"href":"https:\/\/xn--porlascallesdecrdoba-p8b.com\/index.php?rest_route=\/wp\/v2\/pages\/6906\/revisions"}],"predecessor-version":[{"id":8109,"href":"https:\/\/xn--porlascallesdecrdoba-p8b.com\/index.php?rest_route=\/wp\/v2\/pages\/6906\/revisions\/8109"}],"wp:attachment":[{"href":"https:\/\/xn--porlascallesdecrdoba-p8b.com\/index.php?rest_route=%2Fwp%2Fv2%2Fmedia&parent=6906"}],"curies":[{"name":"wp","href":"https:\/\/api.w.org\/{rel}","templated":true}]}}

<p class="wp-block-paragraph" style="font-size:20px"></p>


<div class="wp-block-image">
<figure class="alignright size-full is-resized"><img loading="lazy" decoding="async" width="553" height="291" src="https://xn--porlascallesdecrdoba-p8b.com/wp-content/uploads/2026/08/image-173.png" alt="" class="wp-image-7006" style="width:380px;height:auto"/></figure>
</div>


<p class="wp-block-paragraph" style="font-size:20px">Aislada se encuentra la última capilla de este muro, la número diez, es la de “Espíritu Santo, San Pedro Mártir de Verona y San Lorenzo”, en ella se encuentra un lienzo que representa el martirio de San Lorenzo. Su fundación data del siglo XIII, con la advocación de San Lorenzo, para pasar posteriormente a la de “Espíritu Santo” y en la actualidad se dedica a San Pedro Mártir.</p>


<div class="wp-block-image">
<figure class="alignleft size-full is-resized"><img loading="lazy" decoding="async" width="1704" height="2272" src="https://xn--porlascallesdecrdoba-p8b.com/wp-content/uploads/2026/08/15-04-09-648.jpg" alt="" class="wp-image-7010" style="aspect-ratio:0.7500073242902763;width:417px;height:auto"/></figure>
</div>


<p class="wp-block-paragraph" style="font-size:20px">El techo se cubre con un artesonado similar al de la mezquita,</p>



<p class="wp-block-paragraph" style="font-size:20px">Entre sus adornos destaca un gran facistol, para los libros de canto en el coro y una cajonera;</p>



<p class="wp-block-paragraph" style="font-size:20px">En este lugar tiene su enterramiento el prelado Don Pedro Salazar y Góngora, obispo de Córdoba entre 1738 y 1742, quien trajo desde Roma el retablo neoclásico de finales del XVIII, en donde se representan a los apóstoles Pedro y Pablo; como dato anecdótico, el altar de esta capilla es el único de las capillas que no da cara al centro de la Catedral, como es norma en el resto de las capillas.</p>


<div class="wp-block-image">
<figure class="aligncenter size-full is-resized"><img loading="lazy" decoding="async" width="816" height="559" src="https://xn--porlascallesdecrdoba-p8b.com/wp-content/uploads/2026/08/image-174.png" alt="" class="wp-image-7009" style="aspect-ratio:1.459770770371215;width:465px;height:auto" srcset="https://xn--porlascallesdecrdoba-p8b.com/wp-content/uploads/2026/08/image-174.png 816w, https://xn--porlascallesdecrdoba-p8b.com/wp-content/uploads/2026/08/image-174-300x206.png 300w, https://xn--porlascallesdecrdoba-p8b.com/wp-content/uploads/2026/08/image-174-768x526.png 768w" sizes="auto, (max-width: 816px) 100vw, 816px" /></figure>
</div>


<p class="wp-block-paragraph" style="font-size:20px"></p>


<div class="wp-block-image">
<figure class="aligncenter size-full is-resized"><img loading="lazy" decoding="async" width="623" height="478" src="https://xn--porlascallesdecrdoba-p8b.com/wp-content/uploads/2026/08/image-175.png" alt="" class="wp-image-7015" style="width:493px;height:auto"/></figure>
</div>


<p class="wp-block-paragraph" style="font-size:20px">Frente a la capilla se encuentra un pequeño altar con una pintura que representa a la Concepción con <strong>San Felipe y Santiago</strong> el Menor, es obra de Antonio del Castillo en 1660. Bajo él una mesa de altar de mármol negro, nos muestra una inscripción relativa a la fundación realizada por don Gonzalo de Saavedra, Marqués de Vilar, en el año 1720, estando labrado su escudo de armas en el centro.</p>


<div class="wp-block-image">
<figure class="aligncenter size-large"><img loading="lazy" decoding="async" width="1024" height="683" src="https://xn--porlascallesdecrdoba-p8b.com/wp-content/uploads/2026/09/IMG_1872-1-1024x683.jpg" alt="" class="wp-image-8101" srcset="https://xn--porlascallesdecrdoba-p8b.com/wp-content/uploads/2026/09/IMG_1872-1-1024x683.jpg 1024w, https://xn--porlascallesdecrdoba-p8b.com/wp-content/uploads/2026/09/IMG_1872-1-300x200.jpg 300w, https://xn--porlascallesdecrdoba-p8b.com/wp-content/uploads/2026/09/IMG_1872-1-768x512.jpg 768w, https://xn--porlascallesdecrdoba-p8b.com/wp-content/uploads/2026/09/IMG_1872-1-1536x1024.jpg 1536w, https://xn--porlascallesdecrdoba-p8b.com/wp-content/uploads/2026/09/IMG_1872-1-2048x1365.jpg 2048w, https://xn--porlascallesdecrdoba-p8b.com/wp-content/uploads/2026/09/IMG_1872-1-400x267.jpg 400w" sizes="auto, (max-width: 1024px) 100vw, 1024px" /></figure>
</div>


<p class="wp-block-paragraph" style="font-size:20px">Esta mesa y cuadro se encontraban, hasta finales del siglo XIX, en la capilla de San Felipe y Santiago, en el muro sur de la Catedral, la cual se encuentra desmantelada, motivo por el que pasaría a este lugar el cuadro a principios del XX.</p>



<p class="wp-block-paragraph" style="font-size:20px">En la esquina suroeste del templo se instala un pequeño museo dedicado a las piezas localizadas pertenecientes a la basílica visigoda del s. VI de San Vicente, sobre la que se construyó la primera mezquita. </p>



<figure class="wp-block-image size-large"><img loading="lazy" decoding="async" width="1024" height="683" src="https://xn--porlascallesdecrdoba-p8b.com/wp-content/uploads/2026/09/IMG_1875-1024x683.jpg" alt="" class="wp-image-8105" srcset="https://xn--porlascallesdecrdoba-p8b.com/wp-content/uploads/2026/09/IMG_1875-1024x683.jpg 1024w, https://xn--porlascallesdecrdoba-p8b.com/wp-content/uploads/2026/09/IMG_1875-300x200.jpg 300w, https://xn--porlascallesdecrdoba-p8b.com/wp-content/uploads/2026/09/IMG_1875-768x512.jpg 768w, https://xn--porlascallesdecrdoba-p8b.com/wp-content/uploads/2026/09/IMG_1875-1536x1024.jpg 1536w, https://xn--porlascallesdecrdoba-p8b.com/wp-content/uploads/2026/09/IMG_1875-2048x1365.jpg 2048w, https://xn--porlascallesdecrdoba-p8b.com/wp-content/uploads/2026/09/IMG_1875-400x267.jpg 400w" sizes="auto, (max-width: 1024px) 100vw, 1024px" /></figure>



<p class="wp-block-paragraph" style="font-size:20px">Aquí se abre la última puerta del muro oeste, la de San Pedro, y junto a ella se encuentra uno de las mejores pinturas que cuelgan en las paredes de la Catedral <strong>“La Última Cena”</strong>, una bella pintura de Pablo de Céspedes (1595), quien fuera racionero de la Catedral (Canónigo racionero: el prebendado con derecho a ración, o sea, que dispone de parte de las rentas de la catedral).</p>



<p class="wp-block-paragraph" style="font-size:20px">Su sitio original, hasta 1912, fue la desaparecida capilla del Santísimo Sacramento o de la Cena, que, situada entre el mihrab y la capilla de Santa Teresa.</p>



<p class="wp-block-paragraph" style="font-size:20px">De él, algunos autores han afirmado que la disposición de los alimentos sobre la mesa corresponde a un ejercicio simbólico de relacionar sus propiedades con el poder curativo (del alma) de la comunión. Así, las naranjas y limones vendrían a ser un símbolo sanador (se creía entonces que los cítricos eran antídotos de algunos venenos); la sal (vemos delante la presencia de un salero) lo sería de la integridad; y los vasos, de lo frágil que es el ser humano.</p>


<div class="wp-block-image">
<figure class="aligncenter size-large"><img loading="lazy" decoding="async" width="1024" height="576" src="https://xn--porlascallesdecrdoba-p8b.com/wp-content/uploads/2026/09/20260904_110002-1-1024x576.jpg" alt="" class="wp-image-8108" srcset="https://xn--porlascallesdecrdoba-p8b.com/wp-content/uploads/2026/09/20260904_110002-1-1024x576.jpg 1024w, https://xn--porlascallesdecrdoba-p8b.com/wp-content/uploads/2026/09/20260904_110002-1-300x169.jpg 300w, https://xn--porlascallesdecrdoba-p8b.com/wp-content/uploads/2026/09/20260904_110002-1-768x432.jpg 768w, https://xn--porlascallesdecrdoba-p8b.com/wp-content/uploads/2026/09/20260904_110002-1-1536x864.jpg 1536w, https://xn--porlascallesdecrdoba-p8b.com/wp-content/uploads/2026/09/20260904_110002-1-2048x1152.jpg 2048w" sizes="auto, (max-width: 1024px) 100vw, 1024px" /></figure>
</div>


<figure class="wp-block-gallery has-nested-images columns-default is-cropped wp-block-gallery-1 is-layout-flex wp-block-gallery-is-layout-flex">
<figure class="wp-block-image size-large"><a href="https://xn--porlascallesdecrdoba-p8b.com/?page_id=6904"><img loading="lazy" decoding="async" width="155" height="46" data-id="6435" src="https://xn--porlascallesdecrdoba-p8b.com/wp-content/uploads/2026/08/Captura-de-pantalla-2026-08-10-184924-1.png" alt="" class="wp-image-6435" srcset="https://xn--porlascallesdecrdoba-p8b.com/wp-content/uploads/2026/08/Captura-de-pantalla-2026-08-10-184924-1.png 155w, https://xn--porlascallesdecrdoba-p8b.com/wp-content/uploads/2026/08/Captura-de-pantalla-2026-08-10-184924-1-150x46.png 150w" sizes="auto, (max-width: 155px) 100vw, 155px" /></a></figure>



<figure class="wp-block-image size-full"><a href="https://xn--porlascallesdecrdoba-p8b.com/?page_id=6440"><img loading="lazy" decoding="async" width="227" height="59" data-id="6436" src="https://xn--porlascallesdecrdoba-p8b.com/wp-content/uploads/2026/08/Captura-de-pantalla-2026-08-12-184912.png" alt="" class="wp-image-6436"/></a></figure>



<figure class="wp-block-image size-large"><a href="https://xn--porlascallesdecrdoba-p8b.com/?page_id=8008"><img loading="lazy" decoding="async" width="158" height="48" data-id="6434" src="https://xn--porlascallesdecrdoba-p8b.com/wp-content/uploads/2026/08/Captura-de-pantalla-2026-08-10-185011.png" alt="" class="wp-image-6434"/></a></figure>
</figure>



<p class="wp-block-paragraph"></p>



<p class="wp-block-paragraph" style="font-size:20px"></p>



<p class="wp-block-paragraph" style="font-size:20px"></p>



<p class="wp-block-paragraph"></p>

<p>Aislada se encuentra la última capilla de este muro, la número diez, es la de “Espíritu Santo, San Pedro Mártir de Verona y San Lorenzo”, en ella se encuentra un <a class="more-link" href="https://xn--porlascallesdecrdoba-p8b.com/?page_id=6906">Seguir leyendo &rarr;</a></p>
