{"id":7222,"date":"2026-08-23T04:26:30","date_gmt":"2026-08-23T04:26:30","guid":{"rendered":"https:\/\/xn--porlascallesdecrdoba-p8b.com\/?page_id=7222"},"modified":"2026-09-04T05:17:49","modified_gmt":"2026-09-04T05:17:49","slug":"junio-galion","status":"publish","type":"page","link":"https:\/\/xn--porlascallesdecrdoba-p8b.com\/?page_id=7222","title":{"rendered":"Junio Gali\u00f3n"},"content":{"rendered":"<div class=\"wp-block-image\">\n<figure class=\"alignright size-full is-resized\"><img loading=\"lazy\" decoding=\"async\" width=\"592\" height=\"572\" src=\"https:\/\/xn--porlascallesdecrdoba-p8b.com\/wp-content\/uploads\/2026\/08\/image-210.png\" alt=\"\" class=\"wp-image-7246\" style=\"aspect-ratio:1.034965990111181;width:437px;height:auto\" srcset=\"https:\/\/xn--porlascallesdecrdoba-p8b.com\/wp-content\/uploads\/2026\/08\/image-210.png 592w, https:\/\/xn--porlascallesdecrdoba-p8b.com\/wp-content\/uploads\/2026\/08\/image-210-300x290.png 300w\" sizes=\"auto, (max-width: 592px) 100vw, 592px\" \/><\/figure>\n<\/div>\n\n\n<p class=\"has-green-color has-text-color has-link-color wp-elements-026a87a1c3c5f18fae5c4e572cebf706 wp-block-paragraph\" style=\"font-size:14px\"><strong><a href=\"https:\/\/earth.google.com\/web\/search\/Calle+Junio+Gali%c3%b3n,+C%c3%b3rdoba\/@37.881741,-4.7765675,106.61478923a,650.27436671d,35y,0h,0t,0r\/data=CosBGl0SVwokMHhkNmQyMDgyN2YwY2FhZDk6MHg0MzUzNTJhNzkyNDIyM2JlGWtFm-Pc8EJAIcGLvoI0GxPAKh1DYWxsZSBKdW5pbyBHYWxpw7NuLCBDw7NyZG9iYRgCIAEiJgokCT8e4Zzj80JAEevczJLb7UJAGZCVYzV15hLAIUZN86hsahPAQgIIAToDCgEwQgIIAEoNCP___________wEQAA?authuser=0\" target=\"_blank\" rel=\"noreferrer noopener\">Pincha para localizar la calle en Google Earth<\/a><\/strong><\/p>\n\n\n\n<p class=\"wp-block-paragraph\" style=\"font-size:20px\">Entre los edificios 3 y 7 de la calle \u00abSan Eulogio\u00bb, se encuentra una acceso adintelado con un front\u00f3n partido por una hornacina con una figura de San Rafael, es una obra contempor\u00e1nea, este acceso fue abierto en el a\u00f1o 2007 al adquirirse una propiedad privada, derribarla, y poner en valor un antiguo acceso desde este lugar a la Axerqu\u00eda, a la calle San Fernando, el cual hab\u00eda sido creado en el a\u00f1o 1965.<\/p>\n\n\n\n<p class=\"wp-block-paragraph\" style=\"font-size:20px\">Este acceso, desde su inicio fue dedicado a \u201c<strong>Junio Gali\u00f3n<\/strong>\u201d, hermano de Lucio Anneo S\u00e9neca, nacido tambi\u00e9n en C\u00f3rdoba, quien con sus padres y hermanos emigraron a Roma, donde obtuvo el estatus senatorial. Este cordob\u00e9s es el \u00fanico espa\u00f1ol que aparece en los textos de la Biblia, estando relacionado con Pablo de Tarso.<\/p>\n\n\n\n<p class=\"wp-block-paragraph\" style=\"font-size:20px\">El padre, Marco Anneo S\u00e9neca (C\u00f3rdoba 54 a.C. \u2013 Roma 39 d.C.) formaba parte de la clase social alta, <em>Ordo equester <\/em>(\u201cclase ecuestre\u201d), fue procurador imperial, adem\u00e1s de ret\u00f3rico, cr\u00edtico literario e historiador, es conocido como \u201cS\u00e9neca el Viejo\u201d, para diferenciarlo de su hijo Lucio Anneo Novato, \u00abS\u00e9neca el Joven\u00bb, tutor de Ner\u00f3n, y el m\u00e1s conocido de la familia. Marco Anneo comparti\u00f3 su vida entre Roma y C\u00f3rdoba, donde en una de sus estancias, de unos diez a\u00f1os, casar\u00eda con Helvia, procedente de una familia cordobesa antigua y de costumbres austeras, una esposa culta y con afici\u00f3n por los estudios liberales. De este matrimonio nacieron tres hijos: Lucio Anneo Novato, Lucio Anneo S\u00e9neca y Marco Anneo Mela, \u00e9ste \u00faltimo padre del poeta Lucano.<\/p>\n\n\n<div class=\"wp-block-image\">\n<figure class=\"aligncenter size-large is-resized\"><img loading=\"lazy\" decoding=\"async\" width=\"1024\" height=\"659\" src=\"https:\/\/xn--porlascallesdecrdoba-p8b.com\/wp-content\/uploads\/2026\/08\/20260823_123011-1024x659.jpg\" alt=\"\" class=\"wp-image-7255\" style=\"width:493px;height:auto\" srcset=\"https:\/\/xn--porlascallesdecrdoba-p8b.com\/wp-content\/uploads\/2026\/08\/20260823_123011-1024x659.jpg 1024w, https:\/\/xn--porlascallesdecrdoba-p8b.com\/wp-content\/uploads\/2026\/08\/20260823_123011-300x193.jpg 300w, https:\/\/xn--porlascallesdecrdoba-p8b.com\/wp-content\/uploads\/2026\/08\/20260823_123011-768x494.jpg 768w, https:\/\/xn--porlascallesdecrdoba-p8b.com\/wp-content\/uploads\/2026\/08\/20260823_123011-1536x988.jpg 1536w, https:\/\/xn--porlascallesdecrdoba-p8b.com\/wp-content\/uploads\/2026\/08\/20260823_123011-2048x1317.jpg 2048w\" sizes=\"auto, (max-width: 1024px) 100vw, 1024px\" \/><figcaption class=\"wp-element-caption\">Relieve en el pasaje<\/figcaption><\/figure>\n<\/div>\n\n\n<p class=\"wp-block-paragraph\" style=\"font-size:20px\">En tiempos de Roma, era normal que un alto cargo \u201cadoptara\u201d a un joven para que heredase su posici\u00f3n social, no se puede comparar a las actuales adopciones, no significaba desafecci\u00f3n alguna con su propia familia. Este fue el caso del hijo mayor, Novato, que fue adoptado por Junio Gali\u00f3n el Declamador y desde ese momento cambiar\u00e1 su nombre por el de Lucio Junio Gali\u00f3n, destacando desde joven en la escuela de Ret\u00f3rica y Elocuencia de su padre adoptivo y en las Letras.<\/p>\n\n\n\n<p class=\"wp-block-paragraph\" style=\"font-size:20px\">El historiador&nbsp;Alberto Monterroso, estudioso de \u00e9ste personaje, nos dice que Junio Gali\u00f3n \u00abpadre\u00bb, ten\u00eda gran amistad con Marco Anneo S\u00e9neca \u00abel viejo\u00bb, era un gran orador que gan\u00f3 fama en la Roma imperial. Fue amigo de la poderosa familia&nbsp;Mesala<strong>&nbsp;<\/strong>y del emperador Tiberio, un v\u00ednculo que terminar\u00eda envenen\u00e1ndose en los a\u00f1os oscuros del c\u00e9sar y que le costar\u00eda el destierro a la isla de Lesbos. Su oratoria estaba cargada de ingenio, iron\u00eda y humor.<\/p>\n\n\n<div class=\"wp-block-image\">\n<figure class=\"alignright size-full is-resized\"><img loading=\"lazy\" decoding=\"async\" width=\"491\" height=\"423\" src=\"https:\/\/xn--porlascallesdecrdoba-p8b.com\/wp-content\/uploads\/2026\/08\/Captura-de-pantalla-2026-08-23-183021.png\" alt=\"\" class=\"wp-image-7257\" style=\"aspect-ratio:1.1607624395109157;width:421px;height:auto\" srcset=\"https:\/\/xn--porlascallesdecrdoba-p8b.com\/wp-content\/uploads\/2026\/08\/Captura-de-pantalla-2026-08-23-183021.png 491w, https:\/\/xn--porlascallesdecrdoba-p8b.com\/wp-content\/uploads\/2026\/08\/Captura-de-pantalla-2026-08-23-183021-300x258.png 300w\" sizes=\"auto, (max-width: 491px) 100vw, 491px\" \/><\/figure>\n<\/div>\n\n\n<p class=\"wp-block-paragraph\" style=\"font-size:20px\">Lucio Junio Gali\u00f3n se form\u00f3 en Roma, all\u00ed hizo carrera como pol\u00edtico, mantuvo buena relaci\u00f3n con el emperador Claudio, \u00e9ste lo envi\u00f3 como proc\u00f3nsul a la por entonces regi\u00f3n senatorial de Acaya, abarcaba la pen\u00ednsula del Peloponeso y gran parte de la Grecia meridional siendo su capital Corintio, existe una evidencia arqueol\u00f3gica de ello en una inscripci\u00f3n encontrada en Delfos a finales del siglo XIX, en la que se habla de Gali\u00f3n como proc\u00f3nsul. En Corintio, a mediados del siglo I, coincidir\u00eda con Pablo de Tarso (el ap\u00f3stol&nbsp;San Pablo). En esta ciudad San Pablo tuvo una discordia con los jud\u00edos<strong>&nbsp;<\/strong>locales que acab\u00f3 llev\u00e1ndolo ante el proc\u00f3nsul, con el fin de que le prohibiese continuar su evangelizaci\u00f3n. Este pasaje aparece en \u00abLos Hechos de los Ap\u00f3stoles 18, 12-18\u00bb de Lucas:<\/p>\n\n\n\n<p class=\"wp-block-paragraph\" style=\"font-size:20px\">\u201c<em>Siendo Gali\u00f3n gobernador de Acaya, los jud\u00edos de com\u00fan acuerdo se enfrentaron con Pablo y lo condujeron al tribunal, acus\u00e1ndolo de inducir a la gente a ofrecer a Dios un culto contrario a la ley. Pablo estaba por hablar, cuando Gali\u00f3n se dirigi\u00f3 a los jud\u00edos:&nbsp; Si se tratara de alg\u00fan delito o de una acci\u00f3n criminal, yo los atender\u00eda como es debido.Pero como se trata de discusiones sobre palabras y nombres y sobre la ley jud\u00eda, arr\u00e9glense ustedes. No quiero ser juez de esos asuntos.<\/em><\/p>\n\n\n<div class=\"wp-block-image\">\n<figure class=\"alignleft size-large is-resized\"><img loading=\"lazy\" decoding=\"async\" width=\"576\" height=\"1024\" src=\"https:\/\/xn--porlascallesdecrdoba-p8b.com\/wp-content\/uploads\/2026\/08\/20260823_123104-576x1024.jpg\" alt=\"\" class=\"wp-image-7259\" style=\"aspect-ratio:0.5625013732943684;width:317px;height:auto\" srcset=\"https:\/\/xn--porlascallesdecrdoba-p8b.com\/wp-content\/uploads\/2026\/08\/20260823_123104-576x1024.jpg 576w, https:\/\/xn--porlascallesdecrdoba-p8b.com\/wp-content\/uploads\/2026\/08\/20260823_123104-169x300.jpg 169w, https:\/\/xn--porlascallesdecrdoba-p8b.com\/wp-content\/uploads\/2026\/08\/20260823_123104-768x1365.jpg 768w, https:\/\/xn--porlascallesdecrdoba-p8b.com\/wp-content\/uploads\/2026\/08\/20260823_123104-864x1536.jpg 864w, https:\/\/xn--porlascallesdecrdoba-p8b.com\/wp-content\/uploads\/2026\/08\/20260823_123104-1152x2048.jpg 1152w, https:\/\/xn--porlascallesdecrdoba-p8b.com\/wp-content\/uploads\/2026\/08\/20260823_123104-scaled.jpg 1440w\" sizes=\"auto, (max-width: 576px) 100vw, 576px\" \/><\/figure>\n<\/div>\n\n\n<p class=\"wp-block-paragraph\" style=\"font-size:20px\"><em>Y los despidi\u00f3 del tribunal. Entonces (los griegos) tomaron a S\u00f3stenes, jefe de la sinagoga, y le dieron una paliza delante del tribunal, mientras Gali\u00f3n se desentend\u00eda de todo. Pablo se qued\u00f3 all\u00ed bastante tiempo. Despu\u00e9s se despidi\u00f3 de los hermanos y se embarc\u00f3 para Siria en compa\u00f1\u00eda de Priscila y \u00c1quila.<\/em>\u201d<\/p>\n\n\n\n<p class=\"wp-block-paragraph\" style=\"font-size:20px\">Junio Gali\u00f3n se desentendi\u00f3 de esa demanda<strong>&nbsp;<\/strong>y lo que cuenta el texto es que les dijo que \u00e9l actuar\u00eda en el caso de que se acusase a Pablo de Tarso de alg\u00fan crimen o depravaci\u00f3n, pero \u00ab<em>no por cuestiones de palabras y nombres, de vuestra propia ley<\/em>\u00bb. Les espet\u00f3 finalmente que&nbsp;all\u00e1 ellos con sus conflictos religiosos&nbsp;y mand\u00f3 echarlos a todos de la sala, lo que dio lugar a una importante ri\u00f1a.<\/p>\n\n\n\n<p class=\"wp-block-paragraph\" style=\"font-size:20px\">Por diversas cartas se sabe que los tres hermanos estuvieron unidos durante su vida, al parecer Gali\u00f3n regresar\u00eda a Roma en el a\u00f1o 54, junto a su hermano S\u00e9neca vivir\u00edan las tormentas del gobierno de Ner\u00f3n. Seg\u00fan algunos historiadores todos los Anneos, incluido Lucano, tuvieron la misma forma de morir, desangrados bajo el imperio de Ner\u00f3n.<\/p>\n\n\n\n<figure class=\"wp-block-gallery has-nested-images columns-default is-cropped wp-block-gallery-1 is-layout-flex wp-block-gallery-is-layout-flex\">\n<figure class=\"wp-block-image size-large\"><a href=\"https:\/\/xn--porlascallesdecrdoba-p8b.com\/?page_id=6537\"><img loading=\"lazy\" decoding=\"async\" width=\"218\" height=\"72\" data-id=\"6503\" src=\"https:\/\/xn--porlascallesdecrdoba-p8b.com\/wp-content\/uploads\/2026\/08\/Captura-de-pantalla-2026-08-14-215034.png\" alt=\"\" class=\"wp-image-6503\"\/><\/a><\/figure>\n\n\n\n<figure class=\"wp-block-image size-full\"><a href=\"https:\/\/xn--porlascallesdecrdoba-p8b.com\/?page_id=5727\"><img loading=\"lazy\" decoding=\"async\" width=\"211\" height=\"63\" data-id=\"6505\" src=\"https:\/\/xn--porlascallesdecrdoba-p8b.com\/wp-content\/uploads\/2026\/08\/Captura-de-pantalla-2026-08-14-215040.png\" alt=\"\" class=\"wp-image-6505\"\/><\/a><\/figure>\n\n\n\n<figure class=\"wp-block-image size-large\"><a href=\"https:\/\/xn--porlascallesdecrdoba-p8b.com\/?page_id=7224\"><img loading=\"lazy\" decoding=\"async\" width=\"214\" height=\"64\" data-id=\"6504\" src=\"https:\/\/xn--porlascallesdecrdoba-p8b.com\/wp-content\/uploads\/2026\/08\/Captura-de-pantalla-2026-08-14-215047.png\" alt=\"\" class=\"wp-image-6504\"\/><\/a><\/figure>\n<\/figure>\n\n\n\n<p class=\"wp-block-paragraph\"><\/p>\n","protected":false},"excerpt":{"rendered":"<p>Pincha para localizar la calle en Google Earth Entre los edificios 3 y 7 de la calle \u00abSan Eulogio\u00bb, se encuentra una acceso adintelado con un front\u00f3n partido por una <a class=\"more-link\" href=\"https:\/\/xn--porlascallesdecrdoba-p8b.com\/?page_id=7222\">Seguir leyendo &rarr;<\/a><\/p>\n","protected":false},"author":1,"featured_media":0,"parent":0,"menu_order":0,"comment_status":"closed","ping_status":"closed","template":"","meta":{"footnotes":""},"class_list":["post-7222","page","type-page","status-publish","hentry"],"_links":{"self":[{"href":"https:\/\/xn--porlascallesdecrdoba-p8b.com\/index.php?rest_route=\/wp\/v2\/pages\/7222","targetHints":{"allow":["GET"]}}],"collection":[{"href":"https:\/\/xn--porlascallesdecrdoba-p8b.com\/index.php?rest_route=\/wp\/v2\/pages"}],"about":[{"href":"https:\/\/xn--porlascallesdecrdoba-p8b.com\/index.php?rest_route=\/wp\/v2\/types\/page"}],"author":[{"embeddable":true,"href":"https:\/\/xn--porlascallesdecrdoba-p8b.com\/index.php?rest_route=\/wp\/v2\/users\/1"}],"replies":[{"embeddable":true,"href":"https:\/\/xn--porlascallesdecrdoba-p8b.com\/index.php?rest_route=%2Fwp%2Fv2%2Fcomments&post=7222"}],"version-history":[{"count":20,"href":"https:\/\/xn--porlascallesdecrdoba-p8b.com\/index.php?rest_route=\/wp\/v2\/pages\/7222\/revisions"}],"predecessor-version":[{"id":8040,"href":"https:\/\/xn--porlascallesdecrdoba-p8b.com\/index.php?rest_route=\/wp\/v2\/pages\/7222\/revisions\/8040"}],"wp:attachment":[{"href":"https:\/\/xn--porlascallesdecrdoba-p8b.com\/index.php?rest_route=%2Fwp%2Fv2%2Fmedia&parent=7222"}],"curies":[{"name":"wp","href":"https:\/\/api.w.org\/{rel}","templated":true}]}}

Junio Galión

<div class="wp-block-image">
<figure class="alignright size-full is-resized"><img loading="lazy" decoding="async" width="592" height="572" src="https://xn--porlascallesdecrdoba-p8b.com/wp-content/uploads/2026/08/image-210.png" alt="" class="wp-image-7246" style="aspect-ratio:1.034965990111181;width:437px;height:auto" srcset="https://xn--porlascallesdecrdoba-p8b.com/wp-content/uploads/2026/08/image-210.png 592w, https://xn--porlascallesdecrdoba-p8b.com/wp-content/uploads/2026/08/image-210-300x290.png 300w" sizes="auto, (max-width: 592px) 100vw, 592px" /></figure>
</div>


<p class="has-green-color has-text-color has-link-color wp-elements-026a87a1c3c5f18fae5c4e572cebf706 wp-block-paragraph" style="font-size:14px"><strong><a href="https://earth.google.com/web/search/Calle+Junio+Gali%c3%b3n,+C%c3%b3rdoba/@37.881741,-4.7765675,106.61478923a,650.27436671d,35y,0h,0t,0r/data=CosBGl0SVwokMHhkNmQyMDgyN2YwY2FhZDk6MHg0MzUzNTJhNzkyNDIyM2JlGWtFm-Pc8EJAIcGLvoI0GxPAKh1DYWxsZSBKdW5pbyBHYWxpw7NuLCBDw7NyZG9iYRgCIAEiJgokCT8e4Zzj80JAEevczJLb7UJAGZCVYzV15hLAIUZN86hsahPAQgIIAToDCgEwQgIIAEoNCP___________wEQAA?authuser=0" target="_blank" rel="noreferrer noopener">Pincha para localizar la calle en Google Earth</a></strong></p>



<p class="wp-block-paragraph" style="font-size:20px">Entre los edificios 3 y 7 de la calle «San Eulogio», se encuentra una acceso adintelado con un frontón partido por una hornacina con una figura de San Rafael, es una obra contemporánea, este acceso fue abierto en el año 2007 al adquirirse una propiedad privada, derribarla, y poner en valor un antiguo acceso desde este lugar a la Axerquía, a la calle San Fernando, el cual había sido creado en el año 1965.</p>



<p class="wp-block-paragraph" style="font-size:20px">Este acceso, desde su inicio fue dedicado a “<strong>Junio Galión</strong>”, hermano de Lucio Anneo Séneca, nacido también en Córdoba, quien con sus padres y hermanos emigraron a Roma, donde obtuvo el estatus senatorial. Este cordobés es el único español que aparece en los textos de la Biblia, estando relacionado con Pablo de Tarso.</p>



<p class="wp-block-paragraph" style="font-size:20px">El padre, Marco Anneo Séneca (Córdoba 54 a.C. – Roma 39 d.C.) formaba parte de la clase social alta, <em>Ordo equester </em>(“clase ecuestre”), fue procurador imperial, además de retórico, crítico literario e historiador, es conocido como “Séneca el Viejo”, para diferenciarlo de su hijo Lucio Anneo Novato, «Séneca el Joven», tutor de Nerón, y el más conocido de la familia. Marco Anneo compartió su vida entre Roma y Córdoba, donde en una de sus estancias, de unos diez años, casaría con Helvia, procedente de una familia cordobesa antigua y de costumbres austeras, una esposa culta y con afición por los estudios liberales. De este matrimonio nacieron tres hijos: Lucio Anneo Novato, Lucio Anneo Séneca y Marco Anneo Mela, éste último padre del poeta Lucano.</p>


<div class="wp-block-image">
<figure class="aligncenter size-large is-resized"><img loading="lazy" decoding="async" width="1024" height="659" src="https://xn--porlascallesdecrdoba-p8b.com/wp-content/uploads/2026/08/20260823_123011-1024x659.jpg" alt="" class="wp-image-7255" style="width:493px;height:auto" srcset="https://xn--porlascallesdecrdoba-p8b.com/wp-content/uploads/2026/08/20260823_123011-1024x659.jpg 1024w, https://xn--porlascallesdecrdoba-p8b.com/wp-content/uploads/2026/08/20260823_123011-300x193.jpg 300w, https://xn--porlascallesdecrdoba-p8b.com/wp-content/uploads/2026/08/20260823_123011-768x494.jpg 768w, https://xn--porlascallesdecrdoba-p8b.com/wp-content/uploads/2026/08/20260823_123011-1536x988.jpg 1536w, https://xn--porlascallesdecrdoba-p8b.com/wp-content/uploads/2026/08/20260823_123011-2048x1317.jpg 2048w" sizes="auto, (max-width: 1024px) 100vw, 1024px" /><figcaption class="wp-element-caption">Relieve en el pasaje</figcaption></figure>
</div>


<p class="wp-block-paragraph" style="font-size:20px">En tiempos de Roma, era normal que un alto cargo “adoptara” a un joven para que heredase su posición social, no se puede comparar a las actuales adopciones, no significaba desafección alguna con su propia familia. Este fue el caso del hijo mayor, Novato, que fue adoptado por Junio Galión el Declamador y desde ese momento cambiará su nombre por el de Lucio Junio Galión, destacando desde joven en la escuela de Retórica y Elocuencia de su padre adoptivo y en las Letras.</p>



<p class="wp-block-paragraph" style="font-size:20px">El historiador&nbsp;Alberto Monterroso, estudioso de éste personaje, nos dice que Junio Galión «padre», tenía gran amistad con Marco Anneo Séneca «el viejo», era un gran orador que ganó fama en la Roma imperial. Fue amigo de la poderosa familia&nbsp;Mesala<strong>&nbsp;</strong>y del emperador Tiberio, un vínculo que terminaría envenenándose en los años oscuros del césar y que le costaría el destierro a la isla de Lesbos. Su oratoria estaba cargada de ingenio, ironía y humor.</p>


<div class="wp-block-image">
<figure class="alignright size-full is-resized"><img loading="lazy" decoding="async" width="491" height="423" src="https://xn--porlascallesdecrdoba-p8b.com/wp-content/uploads/2026/08/Captura-de-pantalla-2026-08-23-183021.png" alt="" class="wp-image-7257" style="aspect-ratio:1.1607624395109157;width:421px;height:auto" srcset="https://xn--porlascallesdecrdoba-p8b.com/wp-content/uploads/2026/08/Captura-de-pantalla-2026-08-23-183021.png 491w, https://xn--porlascallesdecrdoba-p8b.com/wp-content/uploads/2026/08/Captura-de-pantalla-2026-08-23-183021-300x258.png 300w" sizes="auto, (max-width: 491px) 100vw, 491px" /></figure>
</div>


<p class="wp-block-paragraph" style="font-size:20px">Lucio Junio Galión se formó en Roma, allí hizo carrera como político, mantuvo buena relación con el emperador Claudio, éste lo envió como procónsul a la por entonces región senatorial de Acaya, abarcaba la península del Peloponeso y gran parte de la Grecia meridional siendo su capital Corintio, existe una evidencia arqueológica de ello en una inscripción encontrada en Delfos a finales del siglo XIX, en la que se habla de Galión como procónsul. En Corintio, a mediados del siglo I, coincidiría con Pablo de Tarso (el apóstol&nbsp;San Pablo). En esta ciudad San Pablo tuvo una discordia con los judíos<strong>&nbsp;</strong>locales que acabó llevándolo ante el procónsul, con el fin de que le prohibiese continuar su evangelización. Este pasaje aparece en «Los Hechos de los Apóstoles 18, 12-18» de Lucas:</p>



<p class="wp-block-paragraph" style="font-size:20px">“<em>Siendo Galión gobernador de Acaya, los judíos de común acuerdo se enfrentaron con Pablo y lo condujeron al tribunal, acusándolo de inducir a la gente a ofrecer a Dios un culto contrario a la ley. Pablo estaba por hablar, cuando Galión se dirigió a los judíos:&nbsp; Si se tratara de algún delito o de una acción criminal, yo los atendería como es debido.Pero como se trata de discusiones sobre palabras y nombres y sobre la ley judía, arréglense ustedes. No quiero ser juez de esos asuntos.</em></p>


<div class="wp-block-image">
<figure class="alignleft size-large is-resized"><img loading="lazy" decoding="async" width="576" height="1024" src="https://xn--porlascallesdecrdoba-p8b.com/wp-content/uploads/2026/08/20260823_123104-576x1024.jpg" alt="" class="wp-image-7259" style="aspect-ratio:0.5625013732943684;width:317px;height:auto" srcset="https://xn--porlascallesdecrdoba-p8b.com/wp-content/uploads/2026/08/20260823_123104-576x1024.jpg 576w, https://xn--porlascallesdecrdoba-p8b.com/wp-content/uploads/2026/08/20260823_123104-169x300.jpg 169w, https://xn--porlascallesdecrdoba-p8b.com/wp-content/uploads/2026/08/20260823_123104-768x1365.jpg 768w, https://xn--porlascallesdecrdoba-p8b.com/wp-content/uploads/2026/08/20260823_123104-864x1536.jpg 864w, https://xn--porlascallesdecrdoba-p8b.com/wp-content/uploads/2026/08/20260823_123104-1152x2048.jpg 1152w, https://xn--porlascallesdecrdoba-p8b.com/wp-content/uploads/2026/08/20260823_123104-scaled.jpg 1440w" sizes="auto, (max-width: 576px) 100vw, 576px" /></figure>
</div>


<p class="wp-block-paragraph" style="font-size:20px"><em>Y los despidió del tribunal. Entonces (los griegos) tomaron a Sóstenes, jefe de la sinagoga, y le dieron una paliza delante del tribunal, mientras Galión se desentendía de todo. Pablo se quedó allí bastante tiempo. Después se despidió de los hermanos y se embarcó para Siria en compañía de Priscila y Áquila.</em>”</p>



<p class="wp-block-paragraph" style="font-size:20px">Junio Galión se desentendió de esa demanda<strong>&nbsp;</strong>y lo que cuenta el texto es que les dijo que él actuaría en el caso de que se acusase a Pablo de Tarso de algún crimen o depravación, pero «<em>no por cuestiones de palabras y nombres, de vuestra propia ley</em>». Les espetó finalmente que&nbsp;allá ellos con sus conflictos religiosos&nbsp;y mandó echarlos a todos de la sala, lo que dio lugar a una importante riña.</p>



<p class="wp-block-paragraph" style="font-size:20px">Por diversas cartas se sabe que los tres hermanos estuvieron unidos durante su vida, al parecer Galión regresaría a Roma en el año 54, junto a su hermano Séneca vivirían las tormentas del gobierno de Nerón. Según algunos historiadores todos los Anneos, incluido Lucano, tuvieron la misma forma de morir, desangrados bajo el imperio de Nerón.</p>



<figure class="wp-block-gallery has-nested-images columns-default is-cropped wp-block-gallery-1 is-layout-flex wp-block-gallery-is-layout-flex">
<figure class="wp-block-image size-large"><a href="https://xn--porlascallesdecrdoba-p8b.com/?page_id=6537"><img loading="lazy" decoding="async" width="218" height="72" data-id="6503" src="https://xn--porlascallesdecrdoba-p8b.com/wp-content/uploads/2026/08/Captura-de-pantalla-2026-08-14-215034.png" alt="" class="wp-image-6503"/></a></figure>



<figure class="wp-block-image size-full"><a href="https://xn--porlascallesdecrdoba-p8b.com/?page_id=5727"><img loading="lazy" decoding="async" width="211" height="63" data-id="6505" src="https://xn--porlascallesdecrdoba-p8b.com/wp-content/uploads/2026/08/Captura-de-pantalla-2026-08-14-215040.png" alt="" class="wp-image-6505"/></a></figure>



<figure class="wp-block-image size-large"><a href="https://xn--porlascallesdecrdoba-p8b.com/?page_id=7224"><img loading="lazy" decoding="async" width="214" height="64" data-id="6504" src="https://xn--porlascallesdecrdoba-p8b.com/wp-content/uploads/2026/08/Captura-de-pantalla-2026-08-14-215047.png" alt="" class="wp-image-6504"/></a></figure>
</figure>



<p class="wp-block-paragraph"></p>

<p>Pincha para localizar la calle en Google Earth Entre los edificios 3 y 7 de la calle «San Eulogio», se encuentra una acceso adintelado con un frontón partido por una <a class="more-link" href="https://xn--porlascallesdecrdoba-p8b.com/?page_id=7222">Seguir leyendo &rarr;</a></p>
