{"id":7227,"date":"2026-08-23T04:28:47","date_gmt":"2026-08-23T04:28:47","guid":{"rendered":"https:\/\/xn--porlascallesdecrdoba-p8b.com\/?page_id=7227"},"modified":"2026-09-04T05:14:49","modified_gmt":"2026-09-04T05:14:49","slug":"antonio-del-castillo-3","status":"publish","type":"page","link":"https:\/\/xn--porlascallesdecrdoba-p8b.com\/?page_id=7227","title":{"rendered":"Calle Antonio del Castillo"},"content":{"rendered":"<div class=\"wp-block-image\">\n<figure class=\"alignright size-full is-resized\"><img loading=\"lazy\" decoding=\"async\" width=\"673\" height=\"455\" src=\"https:\/\/xn--porlascallesdecrdoba-p8b.com\/wp-content\/uploads\/2026\/08\/Plano-7227-A-Castillo.png\" alt=\"\" class=\"wp-image-7304\" style=\"aspect-ratio:1.4791881310529569;width:443px;height:auto\"\/><\/figure>\n<\/div>\n\n\n<p class=\"wp-block-paragraph\"><a href=\"https:\/\/earth.google.com\/web\/search\/calle+antonio+del+castillo,+c%c3%b3rdoba,+espa%c3%b1a\/@37.88173798,-4.77756068,109.57661356a,650.24033453d,35y,0h,0t,0r\/data=CpsBGm0SZwokMHhkNmNkZjdkN2Q2MTFmODU6MHg1YzgxYzZlMjU4YjM2N2I4GWsXib_c8EJAISrU5HM4HBPAKi1jYWxsZSBhbnRvbmlvIGRlbCBjYXN0aWxsbywgY8OzcmRvYmEsIGVzcGHDsWEYAiABIiYKJAleh0BlD_FCQBECUYSMsPBCQBnnVtEqSxgTwCF4U4_HZSATwEICCAE6AwoBMEICCABKDQj___________8BEAA?authuser=0\" target=\"_blank\" rel=\"noreferrer noopener\">Pincha para localizar la calle en Google Earth<\/a><\/p>\n\n\n\n<p class=\"wp-block-paragraph\" style=\"font-size:20px\">La calle que va desde la plaza de S\u00e9neca hasta la de Jer\u00f3nimo P\u00e1ez est\u00e1 dedicada al pintor Antonio del Castillo Saavedra, naci\u00f3 en C\u00f3rdoba el a\u00f1o 1616, era hijo de un pintor extreme\u00f1o afincado en C\u00f3rdoba. Su padre fue su maestro, y por influencia de Zurbar\u00e1n en su pintura se piensa que pudo tener contacto con su taller de Sevilla. Sus primeros a\u00f1os fueron dif\u00edciles, consiguiendo trabajar como pintor de im\u00e1genes. En el a\u00f1o 1640 ya si pod\u00eda vivir de su pintura, teniendo fama local, siete a\u00f1os m\u00e1s tarde se instala en C\u00f3rdoba el pintor sevillano Juan de Vald\u00e9s Leal, con quien estableci\u00f3 una fruct\u00edfera relaci\u00f3n. Tras una epidemia de peste en 1649, se acent\u00faa en C\u00f3rdoba la devoci\u00f3n a San Rafael, ganando Castillo un concurso de poes\u00eda convocado para exaltar al Arc\u00e1ngel en 1651, tras ello, el Cabildo Municipal le encarga un lienzo del Arc\u00e1ngel (actualmente en el edificio principal del Ayuntamiento).<\/p>\n\n\n\n<p class=\"wp-block-paragraph\" style=\"font-size:20px\"><\/p>\n\n\n<div class=\"wp-block-image\">\n<figure class=\"aligncenter size-full is-resized\"><img loading=\"lazy\" decoding=\"async\" width=\"650\" height=\"472\" src=\"https:\/\/xn--porlascallesdecrdoba-p8b.com\/wp-content\/uploads\/2026\/08\/image-215.png\" alt=\"\" class=\"wp-image-7321\" style=\"aspect-ratio:1.3771642334558214;width:536px;height:auto\" srcset=\"https:\/\/xn--porlascallesdecrdoba-p8b.com\/wp-content\/uploads\/2026\/08\/image-215.png 650w, https:\/\/xn--porlascallesdecrdoba-p8b.com\/wp-content\/uploads\/2026\/08\/image-215-300x218.png 300w\" sizes=\"auto, (max-width: 650px) 100vw, 650px\" \/><\/figure>\n<\/div>\n\n\n<p class=\"wp-block-paragraph\" style=\"font-size:20px\">Tiene una amplia colecci\u00f3n de temas religiosos como el<em> Calvario de la Inquisici\u00f3n&nbsp;<\/em>(Museo de Bellas Artes de C\u00f3rdoba). Realizar\u00e1 varias obras para conventos locales, como los del San Pablo, expuestos hoy en el Museo de Bellas Artes de la ciudad. En la catedral tiene varias obras, como el \u201c<em>Martirio de San Pelagio<\/em>\u201d, en la capilla del mismo nombre, junto al coro.<\/p>\n\n\n<div class=\"wp-block-image\">\n<figure class=\"aligncenter size-full is-resized\"><img loading=\"lazy\" decoding=\"async\" width=\"2230\" height=\"1462\" src=\"https:\/\/xn--porlascallesdecrdoba-p8b.com\/wp-content\/uploads\/2026\/08\/085-271-001.jpg\" alt=\"\" class=\"wp-image-7314\" style=\"aspect-ratio:1.5253530358100458;width:581px;height:auto\"\/><figcaption class=\"wp-element-caption\">\u201c<em>Martirio de San Pelagio<\/em>\u201d<\/figcaption><\/figure>\n<\/div>\n\n\n<p class=\"wp-block-paragraph\" style=\"font-size:20px\">La \u00faltima etapa de su vida vivi\u00f3 en la calle \u201cMu\u00f1ices\u201d, del barrio de la Magdalena, zona de residencia de la que por aquel entonces era la \u00e9lite cordobesa. En 1666, seg\u00fan Antonio Palomino (1655-1726), viaj\u00f3 a Sevilla, donde descubri\u00f3 la pintura de Murillo&nbsp;y la belleza de sus colores, \u201cque a \u00e9l le faltaba, sobr\u00e1ndole tanto el dibujo\u201d, la influencia de Murillo se muestra en sus \u00faltimas obras, seg\u00fan Palomino, singularmente en un&nbsp;<em>San Francisco<\/em>&nbsp;de medio. Posee una colecci\u00f3n de seis paisajes de la Historia de Jos\u00e9 (Antiguo Testamento) expuesta en el Museo del Prado de Madrid. Falleci\u00f3 el 2 de febrero de 1668, en la vivienda de la calle Mu\u00f1ices. Su fama la alcanz\u00f3 en vida, pues en el acta de defunci\u00f3n, localizada en la iglesia de San Pedro, figura el reconocimiento de <em>\u00abeminente pintor\u00bb.<\/em><\/p>\n\n\n\n<p class=\"wp-block-paragraph\" style=\"font-size:20px\"><\/p>\n\n\n<div class=\"wp-block-image\">\n<figure class=\"aligncenter size-full is-resized\"><img loading=\"lazy\" decoding=\"async\" width=\"1004\" height=\"583\" src=\"https:\/\/xn--porlascallesdecrdoba-p8b.com\/wp-content\/uploads\/2026\/08\/image-212.png\" alt=\"\" class=\"wp-image-7306\" style=\"aspect-ratio:1.7221661621257989;width:670px;height:auto\" srcset=\"https:\/\/xn--porlascallesdecrdoba-p8b.com\/wp-content\/uploads\/2026\/08\/image-212.png 1004w, https:\/\/xn--porlascallesdecrdoba-p8b.com\/wp-content\/uploads\/2026\/08\/image-212-300x174.png 300w, https:\/\/xn--porlascallesdecrdoba-p8b.com\/wp-content\/uploads\/2026\/08\/image-212-768x446.png 768w\" sizes=\"auto, (max-width: 1004px) 100vw, 1004px\" \/><\/figure>\n<\/div>\n\n\n<p class=\"wp-block-paragraph\" style=\"font-size:20px\">El nombre de esta calle no aparece en los planos hasta el municipal de 1884, realizado por el top\u00f3grafo Dionisio de Casa\u00f1al y Zapatero, apareciendo sin nombre la calle en los planos anteriores.<\/p>\n\n\n\n<p class=\"wp-block-paragraph\" style=\"font-size:20px\">En la calle \u201cAntonio del Castillo\u201d, se conservan varias casas con fachada modernista de finales del XIX inicios del XX. Podemos apreciar el lateral del \u201cPalacete de Burgos\u201d, y como se encuentra dividido en tres viviendas siendo, la parte m\u00e1s cercana a \u201cJer\u00f3nimo P\u00e1ez\u201d, de dos plantas y la contigua de tres.<\/p>\n\n\n<div class=\"wp-block-image\">\n<figure class=\"aligncenter size-full\"><img loading=\"lazy\" decoding=\"async\" width=\"606\" height=\"486\" src=\"https:\/\/xn--porlascallesdecrdoba-p8b.com\/wp-content\/uploads\/2026\/08\/image-214.png\" alt=\"\" class=\"wp-image-7309\"\/><\/figure>\n<\/div>\n\n\n<p class=\"wp-block-paragraph\" style=\"font-size:20px\">En la otra esquina de la Casa de Burgos se encuentra un edificio con paredes a tres calles, en \u00e9l se encuentra el restaurante \u00abLa Cavea\u00bb, el nombre lo toma el establecimiento por estar construido sobre el que fuera teatro romano, parte de sus restos se pueden ver en el edificio nuevo del Museo Arqueol\u00f3gico, concretamente sobre la \u201c<em>cavea<\/em>\u201d del teatro, uno de los mayores de la Hispania romana, se calcula que la \u201cescena\u201d estar\u00eda unos siete metros por debajo del lugar que ocupa el edificio .<\/p>\n\n\n<div class=\"wp-block-image\">\n<figure class=\"aligncenter size-full is-resized\"><img loading=\"lazy\" decoding=\"async\" width=\"887\" height=\"463\" src=\"https:\/\/xn--porlascallesdecrdoba-p8b.com\/wp-content\/uploads\/2026\/08\/image-217.png\" alt=\"\" class=\"wp-image-7329\" style=\"aspect-ratio:1.9158091674462114;width:586px;height:auto\" srcset=\"https:\/\/xn--porlascallesdecrdoba-p8b.com\/wp-content\/uploads\/2026\/08\/image-217.png 887w, https:\/\/xn--porlascallesdecrdoba-p8b.com\/wp-content\/uploads\/2026\/08\/image-217-300x157.png 300w, https:\/\/xn--porlascallesdecrdoba-p8b.com\/wp-content\/uploads\/2026\/08\/image-217-768x401.png 768w\" sizes=\"auto, (max-width: 887px) 100vw, 887px\" \/><\/figure>\n<\/div>\n\n\n<p class=\"wp-block-paragraph\" style=\"font-size:20px\"><\/p>\n\n\n<div class=\"wp-block-image\">\n<figure class=\"aligncenter size-large is-resized\"><img loading=\"lazy\" decoding=\"async\" width=\"1024\" height=\"576\" src=\"https:\/\/xn--porlascallesdecrdoba-p8b.com\/wp-content\/uploads\/2026\/08\/20260823_122551-1-1024x576.jpg\" alt=\"\" class=\"wp-image-7312\" style=\"aspect-ratio:1.777818853974122;width:738px;height:auto\" srcset=\"https:\/\/xn--porlascallesdecrdoba-p8b.com\/wp-content\/uploads\/2026\/08\/20260823_122551-1-1024x576.jpg 1024w, https:\/\/xn--porlascallesdecrdoba-p8b.com\/wp-content\/uploads\/2026\/08\/20260823_122551-1-300x169.jpg 300w, https:\/\/xn--porlascallesdecrdoba-p8b.com\/wp-content\/uploads\/2026\/08\/20260823_122551-1-768x432.jpg 768w, https:\/\/xn--porlascallesdecrdoba-p8b.com\/wp-content\/uploads\/2026\/08\/20260823_122551-1-1536x864.jpg 1536w, https:\/\/xn--porlascallesdecrdoba-p8b.com\/wp-content\/uploads\/2026\/08\/20260823_122551-1-2048x1152.jpg 2048w\" sizes=\"auto, (max-width: 1024px) 100vw, 1024px\" \/><\/figure>\n<\/div>\n\n\n<figure class=\"wp-block-gallery has-nested-images columns-default is-cropped wp-block-gallery-1 is-layout-flex wp-block-gallery-is-layout-flex\">\n<figure class=\"wp-block-image size-large\"><a href=\"https:\/\/xn--porlascallesdecrdoba-p8b.com\/?page_id=7224\"><img loading=\"lazy\" decoding=\"async\" width=\"218\" height=\"72\" data-id=\"6503\" src=\"https:\/\/xn--porlascallesdecrdoba-p8b.com\/wp-content\/uploads\/2026\/08\/Captura-de-pantalla-2026-08-14-215034.png\" alt=\"\" class=\"wp-image-6503\"\/><\/a><\/figure>\n\n\n\n<figure class=\"wp-block-image size-full\"><a href=\"https:\/\/xn--porlascallesdecrdoba-p8b.com\/?page_id=5727\"><img loading=\"lazy\" decoding=\"async\" width=\"211\" height=\"63\" data-id=\"6505\" src=\"https:\/\/xn--porlascallesdecrdoba-p8b.com\/wp-content\/uploads\/2026\/08\/Captura-de-pantalla-2026-08-14-215040.png\" alt=\"\" class=\"wp-image-6505\"\/><\/a><\/figure>\n\n\n\n<figure class=\"wp-block-image size-large\"><a href=\"https:\/\/xn--porlascallesdecrdoba-p8b.com\/?page_id=7232\"><img loading=\"lazy\" decoding=\"async\" width=\"214\" height=\"64\" data-id=\"6504\" src=\"https:\/\/xn--porlascallesdecrdoba-p8b.com\/wp-content\/uploads\/2026\/08\/Captura-de-pantalla-2026-08-14-215047.png\" alt=\"\" class=\"wp-image-6504\"\/><\/a><\/figure>\n<\/figure>\n\n\n\n<p class=\"wp-block-paragraph\"><\/p>\n\n\n\n<p class=\"wp-block-paragraph\"><\/p>\n","protected":false},"excerpt":{"rendered":"<p>Pincha para localizar la calle en Google Earth La calle que va desde la plaza de S\u00e9neca hasta la de Jer\u00f3nimo P\u00e1ez est\u00e1 dedicada al pintor Antonio del Castillo Saavedra, <a class=\"more-link\" href=\"https:\/\/xn--porlascallesdecrdoba-p8b.com\/?page_id=7227\">Seguir leyendo &rarr;<\/a><\/p>\n","protected":false},"author":1,"featured_media":0,"parent":0,"menu_order":0,"comment_status":"closed","ping_status":"closed","template":"","meta":{"footnotes":""},"class_list":["post-7227","page","type-page","status-publish","hentry"],"_links":{"self":[{"href":"https:\/\/xn--porlascallesdecrdoba-p8b.com\/index.php?rest_route=\/wp\/v2\/pages\/7227","targetHints":{"allow":["GET"]}}],"collection":[{"href":"https:\/\/xn--porlascallesdecrdoba-p8b.com\/index.php?rest_route=\/wp\/v2\/pages"}],"about":[{"href":"https:\/\/xn--porlascallesdecrdoba-p8b.com\/index.php?rest_route=\/wp\/v2\/types\/page"}],"author":[{"embeddable":true,"href":"https:\/\/xn--porlascallesdecrdoba-p8b.com\/index.php?rest_route=\/wp\/v2\/users\/1"}],"replies":[{"embeddable":true,"href":"https:\/\/xn--porlascallesdecrdoba-p8b.com\/index.php?rest_route=%2Fwp%2Fv2%2Fcomments&post=7227"}],"version-history":[{"count":13,"href":"https:\/\/xn--porlascallesdecrdoba-p8b.com\/index.php?rest_route=\/wp\/v2\/pages\/7227\/revisions"}],"predecessor-version":[{"id":8037,"href":"https:\/\/xn--porlascallesdecrdoba-p8b.com\/index.php?rest_route=\/wp\/v2\/pages\/7227\/revisions\/8037"}],"wp:attachment":[{"href":"https:\/\/xn--porlascallesdecrdoba-p8b.com\/index.php?rest_route=%2Fwp%2Fv2%2Fmedia&parent=7227"}],"curies":[{"name":"wp","href":"https:\/\/api.w.org\/{rel}","templated":true}]}}

<div class="wp-block-image">
<figure class="alignright size-full is-resized"><img loading="lazy" decoding="async" width="673" height="455" src="https://xn--porlascallesdecrdoba-p8b.com/wp-content/uploads/2026/08/Plano-7227-A-Castillo.png" alt="" class="wp-image-7304" style="aspect-ratio:1.4791881310529569;width:443px;height:auto"/></figure>
</div>


<p class="wp-block-paragraph"><a href="https://earth.google.com/web/search/calle+antonio+del+castillo,+c%c3%b3rdoba,+espa%c3%b1a/@37.88173798,-4.77756068,109.57661356a,650.24033453d,35y,0h,0t,0r/data=CpsBGm0SZwokMHhkNmNkZjdkN2Q2MTFmODU6MHg1YzgxYzZlMjU4YjM2N2I4GWsXib_c8EJAISrU5HM4HBPAKi1jYWxsZSBhbnRvbmlvIGRlbCBjYXN0aWxsbywgY8OzcmRvYmEsIGVzcGHDsWEYAiABIiYKJAleh0BlD_FCQBECUYSMsPBCQBnnVtEqSxgTwCF4U4_HZSATwEICCAE6AwoBMEICCABKDQj___________8BEAA?authuser=0" target="_blank" rel="noreferrer noopener">Pincha para localizar la calle en Google Earth</a></p>



<p class="wp-block-paragraph" style="font-size:20px">La calle que va desde la plaza de Séneca hasta la de Jerónimo Páez está dedicada al pintor Antonio del Castillo Saavedra, nació en Córdoba el año 1616, era hijo de un pintor extremeño afincado en Córdoba. Su padre fue su maestro, y por influencia de Zurbarán en su pintura se piensa que pudo tener contacto con su taller de Sevilla. Sus primeros años fueron difíciles, consiguiendo trabajar como pintor de imágenes. En el año 1640 ya si podía vivir de su pintura, teniendo fama local, siete años más tarde se instala en Córdoba el pintor sevillano Juan de Valdés Leal, con quien estableció una fructífera relación. Tras una epidemia de peste en 1649, se acentúa en Córdoba la devoción a San Rafael, ganando Castillo un concurso de poesía convocado para exaltar al Arcángel en 1651, tras ello, el Cabildo Municipal le encarga un lienzo del Arcángel (actualmente en el edificio principal del Ayuntamiento).</p>



<p class="wp-block-paragraph" style="font-size:20px"></p>


<div class="wp-block-image">
<figure class="aligncenter size-full is-resized"><img loading="lazy" decoding="async" width="650" height="472" src="https://xn--porlascallesdecrdoba-p8b.com/wp-content/uploads/2026/08/image-215.png" alt="" class="wp-image-7321" style="aspect-ratio:1.3771642334558214;width:536px;height:auto" srcset="https://xn--porlascallesdecrdoba-p8b.com/wp-content/uploads/2026/08/image-215.png 650w, https://xn--porlascallesdecrdoba-p8b.com/wp-content/uploads/2026/08/image-215-300x218.png 300w" sizes="auto, (max-width: 650px) 100vw, 650px" /></figure>
</div>


<p class="wp-block-paragraph" style="font-size:20px">Tiene una amplia colección de temas religiosos como el<em> Calvario de la Inquisición&nbsp;</em>(Museo de Bellas Artes de Córdoba). Realizará varias obras para conventos locales, como los del San Pablo, expuestos hoy en el Museo de Bellas Artes de la ciudad. En la catedral tiene varias obras, como el “<em>Martirio de San Pelagio</em>”, en la capilla del mismo nombre, junto al coro.</p>


<div class="wp-block-image">
<figure class="aligncenter size-full is-resized"><img loading="lazy" decoding="async" width="2230" height="1462" src="https://xn--porlascallesdecrdoba-p8b.com/wp-content/uploads/2026/08/085-271-001.jpg" alt="" class="wp-image-7314" style="aspect-ratio:1.5253530358100458;width:581px;height:auto"/><figcaption class="wp-element-caption">“<em>Martirio de San Pelagio</em>”</figcaption></figure>
</div>


<p class="wp-block-paragraph" style="font-size:20px">La última etapa de su vida vivió en la calle “Muñices”, del barrio de la Magdalena, zona de residencia de la que por aquel entonces era la élite cordobesa. En 1666, según Antonio Palomino (1655-1726), viajó a Sevilla, donde descubrió la pintura de Murillo&nbsp;y la belleza de sus colores, “que a él le faltaba, sobrándole tanto el dibujo”, la influencia de Murillo se muestra en sus últimas obras, según Palomino, singularmente en un&nbsp;<em>San Francisco</em>&nbsp;de medio. Posee una colección de seis paisajes de la Historia de José (Antiguo Testamento) expuesta en el Museo del Prado de Madrid. Falleció el 2 de febrero de 1668, en la vivienda de la calle Muñices. Su fama la alcanzó en vida, pues en el acta de defunción, localizada en la iglesia de San Pedro, figura el reconocimiento de <em>«eminente pintor».</em></p>



<p class="wp-block-paragraph" style="font-size:20px"></p>


<div class="wp-block-image">
<figure class="aligncenter size-full is-resized"><img loading="lazy" decoding="async" width="1004" height="583" src="https://xn--porlascallesdecrdoba-p8b.com/wp-content/uploads/2026/08/image-212.png" alt="" class="wp-image-7306" style="aspect-ratio:1.7221661621257989;width:670px;height:auto" srcset="https://xn--porlascallesdecrdoba-p8b.com/wp-content/uploads/2026/08/image-212.png 1004w, https://xn--porlascallesdecrdoba-p8b.com/wp-content/uploads/2026/08/image-212-300x174.png 300w, https://xn--porlascallesdecrdoba-p8b.com/wp-content/uploads/2026/08/image-212-768x446.png 768w" sizes="auto, (max-width: 1004px) 100vw, 1004px" /></figure>
</div>


<p class="wp-block-paragraph" style="font-size:20px">El nombre de esta calle no aparece en los planos hasta el municipal de 1884, realizado por el topógrafo Dionisio de Casañal y Zapatero, apareciendo sin nombre la calle en los planos anteriores.</p>



<p class="wp-block-paragraph" style="font-size:20px">En la calle “Antonio del Castillo”, se conservan varias casas con fachada modernista de finales del XIX inicios del XX. Podemos apreciar el lateral del “Palacete de Burgos”, y como se encuentra dividido en tres viviendas siendo, la parte más cercana a “Jerónimo Páez”, de dos plantas y la contigua de tres.</p>


<div class="wp-block-image">
<figure class="aligncenter size-full"><img loading="lazy" decoding="async" width="606" height="486" src="https://xn--porlascallesdecrdoba-p8b.com/wp-content/uploads/2026/08/image-214.png" alt="" class="wp-image-7309"/></figure>
</div>


<p class="wp-block-paragraph" style="font-size:20px">En la otra esquina de la Casa de Burgos se encuentra un edificio con paredes a tres calles, en él se encuentra el restaurante «La Cavea», el nombre lo toma el establecimiento por estar construido sobre el que fuera teatro romano, parte de sus restos se pueden ver en el edificio nuevo del Museo Arqueológico, concretamente sobre la “<em>cavea</em>” del teatro, uno de los mayores de la Hispania romana, se calcula que la “escena” estaría unos siete metros por debajo del lugar que ocupa el edificio .</p>


<div class="wp-block-image">
<figure class="aligncenter size-full is-resized"><img loading="lazy" decoding="async" width="887" height="463" src="https://xn--porlascallesdecrdoba-p8b.com/wp-content/uploads/2026/08/image-217.png" alt="" class="wp-image-7329" style="aspect-ratio:1.9158091674462114;width:586px;height:auto" srcset="https://xn--porlascallesdecrdoba-p8b.com/wp-content/uploads/2026/08/image-217.png 887w, https://xn--porlascallesdecrdoba-p8b.com/wp-content/uploads/2026/08/image-217-300x157.png 300w, https://xn--porlascallesdecrdoba-p8b.com/wp-content/uploads/2026/08/image-217-768x401.png 768w" sizes="auto, (max-width: 887px) 100vw, 887px" /></figure>
</div>


<p class="wp-block-paragraph" style="font-size:20px"></p>


<div class="wp-block-image">
<figure class="aligncenter size-large is-resized"><img loading="lazy" decoding="async" width="1024" height="576" src="https://xn--porlascallesdecrdoba-p8b.com/wp-content/uploads/2026/08/20260823_122551-1-1024x576.jpg" alt="" class="wp-image-7312" style="aspect-ratio:1.777818853974122;width:738px;height:auto" srcset="https://xn--porlascallesdecrdoba-p8b.com/wp-content/uploads/2026/08/20260823_122551-1-1024x576.jpg 1024w, https://xn--porlascallesdecrdoba-p8b.com/wp-content/uploads/2026/08/20260823_122551-1-300x169.jpg 300w, https://xn--porlascallesdecrdoba-p8b.com/wp-content/uploads/2026/08/20260823_122551-1-768x432.jpg 768w, https://xn--porlascallesdecrdoba-p8b.com/wp-content/uploads/2026/08/20260823_122551-1-1536x864.jpg 1536w, https://xn--porlascallesdecrdoba-p8b.com/wp-content/uploads/2026/08/20260823_122551-1-2048x1152.jpg 2048w" sizes="auto, (max-width: 1024px) 100vw, 1024px" /></figure>
</div>


<figure class="wp-block-gallery has-nested-images columns-default is-cropped wp-block-gallery-1 is-layout-flex wp-block-gallery-is-layout-flex">
<figure class="wp-block-image size-large"><a href="https://xn--porlascallesdecrdoba-p8b.com/?page_id=7224"><img loading="lazy" decoding="async" width="218" height="72" data-id="6503" src="https://xn--porlascallesdecrdoba-p8b.com/wp-content/uploads/2026/08/Captura-de-pantalla-2026-08-14-215034.png" alt="" class="wp-image-6503"/></a></figure>



<figure class="wp-block-image size-full"><a href="https://xn--porlascallesdecrdoba-p8b.com/?page_id=5727"><img loading="lazy" decoding="async" width="211" height="63" data-id="6505" src="https://xn--porlascallesdecrdoba-p8b.com/wp-content/uploads/2026/08/Captura-de-pantalla-2026-08-14-215040.png" alt="" class="wp-image-6505"/></a></figure>



<figure class="wp-block-image size-large"><a href="https://xn--porlascallesdecrdoba-p8b.com/?page_id=7232"><img loading="lazy" decoding="async" width="214" height="64" data-id="6504" src="https://xn--porlascallesdecrdoba-p8b.com/wp-content/uploads/2026/08/Captura-de-pantalla-2026-08-14-215047.png" alt="" class="wp-image-6504"/></a></figure>
</figure>



<p class="wp-block-paragraph"></p>



<p class="wp-block-paragraph"></p>

<p>Pincha para localizar la calle en Google Earth La calle que va desde la plaza de Séneca hasta la de Jerónimo Páez está dedicada al pintor Antonio del Castillo Saavedra, <a class="more-link" href="https://xn--porlascallesdecrdoba-p8b.com/?page_id=7227">Seguir leyendo &rarr;</a></p>
