{"id":7236,"date":"2026-08-23T04:34:42","date_gmt":"2026-08-23T04:34:42","guid":{"rendered":"https:\/\/xn--porlascallesdecrdoba-p8b.com\/?page_id=7236"},"modified":"2026-09-04T05:07:26","modified_gmt":"2026-09-04T05:07:26","slug":"museo-arqueologico-i","status":"publish","type":"page","link":"https:\/\/xn--porlascallesdecrdoba-p8b.com\/?page_id=7236","title":{"rendered":"Museo Arqueol\u00f3gico, su historia"},"content":{"rendered":"\n<p class=\"wp-block-paragraph\"><a href=\"https:\/\/earth.google.com\/web\/search\/museo+arqueologico,+C%c3%b3rdoba\/@37.88196239,-4.77814345,116.23014842a,650.27105594d,35y,0h,0t,0r\/data=CooBGlwSVgokMHhkNmQyMDgyOWViYzBlYmY6MHhjNWRlNDAxNTgyZjVhZGVkGUQjjivk8EJAIQa_aOrQHBPAKhxtdXNlbyBhcnF1ZW9sb2dpY28sIEPDs3Jkb2JhGAIgASImCiQJDf_ScSnxQkARltWAMZrwQkAZ6Icy7_EWE8AhyFvzWS8jE8BCAggBOgMKATBCAggASg0I____________ARAA?authuser=0\" target=\"_blank\" rel=\"noreferrer noopener\">Pincha para localizarlo en Google Earth<\/a><\/p>\n\n\n\n<p class=\"wp-block-paragraph\" style=\"font-size:20px\">Actualmente (a\u00f1o 2026), las colecciones principales del museo se encuentran en el edifico de la ampliaci\u00f3n, el cual fue inaugurado el 31 de enero de 2011.<\/p>\n\n\n\n<p class=\"wp-block-paragraph\" style=\"font-size:20px\">Del texto \u201c<em>Museo Arqueol\u00f3gico de C\u00f3rdoba: un relato que contin\u00faa (o 150 a\u00f1os no son nada)<\/em>\u201d de M.\u00aa Dolores Baena Alc\u00e1ntara, directora del museo, sacamos la siguiente informaci\u00f3n:<\/p>\n\n\n<div class=\"wp-block-image\">\n<figure class=\"alignright size-full is-resized\"><img loading=\"lazy\" decoding=\"async\" width=\"472\" height=\"626\" src=\"https:\/\/xn--porlascallesdecrdoba-p8b.com\/wp-content\/uploads\/2026\/08\/image-244.png\" alt=\"\" class=\"wp-image-7517\" style=\"aspect-ratio:0.7539874697351671;width:248px;height:auto\" srcset=\"https:\/\/xn--porlascallesdecrdoba-p8b.com\/wp-content\/uploads\/2026\/08\/image-244.png 472w, https:\/\/xn--porlascallesdecrdoba-p8b.com\/wp-content\/uploads\/2026\/08\/image-244-226x300.png 226w\" sizes=\"auto, (max-width: 472px) 100vw, 472px\" \/><\/figure>\n<\/div>\n\n\n<p class=\"has-black-color has-text-color has-link-color wp-elements-459d3e721ab4dc8cc7d8a7a77e9edb70 wp-block-paragraph\" style=\"font-size:20px\">\u00ab<em>En 1844, las piezas arqueol\u00f3gicas procedentes de las desamortizaciones de los conventos cordobeses y de la reuni\u00f3n de antiguas colecciones de la ciudad se custodian en el Museo Provincial de Bellas Artes, formando la \u201cColecci\u00f3n de Antig\u00fcedades\u201d, m\u00e1s tarde denominada \u201cSecci\u00f3n de Antig\u00fcedades. <a>El Museo de Bellas Artes sufrir\u00e1 diversos traslados y con \u00e9l la colecci\u00f3n de piezas arqueol\u00f3gicas, la primera sede fue el Colegio de la Asunci\u00f3n; en 1849 se traslad\u00f3 a la Diputaci\u00f3n Provincial y en 1862 pasa al Hospital de la Caridad, donde continua en la actualidad. <\/a>Durante la convivencia de los dos Museos en un mismo espacio, aunque con \u201cconsignaciones independientes\u201d, distintos directores del Museo de Bellas Artes como Diego Monroy, Jos\u00e9 Salo y Rafael Romero Barros contribuyeron de forma activa al incremento de la \u201cColecci\u00f3n de Antig\u00fcedades<\/em>\u201d: Romero Barros hizo participar al Museo en la Exposici\u00f3n de Paris de 1878.<\/p>\n\n\n\n<p class=\"wp-block-paragraph\" style=\"font-size:20px\">El hallazgo de diversas piezas, entre ellas varias \u00edberas, procedentes de Fuente T\u00f3jar y Almedinilla van a representar un papel imprescindible en la creaci\u00f3n del museo, pues es un hecho distintivo que el origen de su creaci\u00f3n est\u00e1 en relaci\u00f3n con dos expediciones arqueol\u00f3gicas realizadas en 1866 y 1867 por el conservador del Museo de Antig\u00fcedades Luis Maraver y Alfaro.<\/p>\n\n\n\n<p class=\"wp-block-paragraph\" style=\"font-size:20px\">La propuesta de creaci\u00f3n de un museo arqueol\u00f3gico hab\u00eda sido presentada en 1866 a la Comisi\u00f3n Provincial de Monumentos por Maraver. Dicha Comisi\u00f3n decide dirigirse a personas de diferentes poblaciones de la provincia para que enviaran piezas arqueol\u00f3gicas que tuvieran o pudieran comprar de cara a incrementar las colecciones del futuro museo. Un Decreto de Marzo de 1867 crea los museos arqueol\u00f3gicos provinciales, aunque en el caso de C\u00f3rdoba continuara junto al de Bellas Artes.<\/p>\n\n\n\n<p class=\"wp-block-paragraph\" style=\"font-size:20px\">El a\u00f1o 1867 el Sr. Maraver denunci\u00f3 nuevamente la inseguridad en que se hallaban las antig\u00fcedades por falta de vitrinas, de portero y de local adecuado, consecuente en sus prop\u00f3sitos, intento en 1868 adquirir para Museo Arqueol\u00f3gico el Oratorio de San Felipe, pero no consigui\u00f3 que la Comandancia Militar que lo ocupaba, fuese trasladada al Convento de la Concepci\u00f3n, ni al de las Due\u00f1as.<\/p>\n\n\n<div class=\"wp-block-image\">\n<figure class=\"alignright size-full is-resized\"><img loading=\"lazy\" decoding=\"async\" width=\"720\" height=\"496\" src=\"https:\/\/xn--porlascallesdecrdoba-p8b.com\/wp-content\/uploads\/2026\/08\/image-272.png\" alt=\"\" class=\"wp-image-7625\" style=\"aspect-ratio:1.4516586333994896;width:430px;height:auto\" srcset=\"https:\/\/xn--porlascallesdecrdoba-p8b.com\/wp-content\/uploads\/2026\/08\/image-272.png 720w, https:\/\/xn--porlascallesdecrdoba-p8b.com\/wp-content\/uploads\/2026\/08\/image-272-300x207.png 300w\" sizes=\"auto, (max-width: 720px) 100vw, 720px\" \/><figcaption class=\"wp-element-caption\">Plaza de San Juan, 4<\/figcaption><\/figure>\n<\/div>\n\n\n<p class=\"wp-block-paragraph\" style=\"font-size:20px\">En 1881 es nombrado conservador-director del Arqueol\u00f3gico Rafael Romero Barros, que tambi\u00e9n era director del Museo de Bellas Artes, cargos que ocup\u00f3 hasta su fallecimiento. Le sucede su hijo, Enrique Romero de Torres, arque\u00f3logo y secretario de la Comisi\u00f3n de Monumentos, quien intenta la compra de la colecci\u00f3n arqueol\u00f3gica de Villaceballos, la m\u00e1s importante desde el siglo XVI en esta ciudad, aunque finalmente fue vendida al marqu\u00e9s de Casa-Loring, y se encuentra hoy en M\u00e1laga.<\/p>\n\n\n<div class=\"wp-block-image\">\n<figure class=\"alignleft size-full is-resized\"><img loading=\"lazy\" decoding=\"async\" width=\"813\" height=\"554\" src=\"https:\/\/xn--porlascallesdecrdoba-p8b.com\/wp-content\/uploads\/2026\/08\/image-273.png\" alt=\"\" class=\"wp-image-7628\" style=\"aspect-ratio:1.4675533134602154;width:464px;height:auto\" srcset=\"https:\/\/xn--porlascallesdecrdoba-p8b.com\/wp-content\/uploads\/2026\/08\/image-273.png 813w, https:\/\/xn--porlascallesdecrdoba-p8b.com\/wp-content\/uploads\/2026\/08\/image-273-300x204.png 300w, https:\/\/xn--porlascallesdecrdoba-p8b.com\/wp-content\/uploads\/2026\/08\/image-273-768x523.png 768w\" sizes=\"auto, (max-width: 813px) 100vw, 813px\" \/><figcaption class=\"wp-element-caption\">Samuel de los Santos<\/figcaption><\/figure>\n<\/div>\n\n\n<p class=\"wp-block-paragraph\" style=\"font-size:20px\">En el a\u00f1o 1917 se alquila, para sede del museo, la casa numero 4 de la plaza de San Juan, pero el espacio de esa casa era insuficiente, por lo que en 1925 se traslada a la calle Samuel de los Santos y Gener (actual edificio de Casa \u00c1rabe). Samuel de los Santos Gener fue una clave en la investigaci\u00f3n arqueol\u00f3gica de C\u00f3rdoba e imprescindible en la historia de este Museo, en 1926 es nombrado director titular del Museo hasta su jubilaci\u00f3n en 1958.<\/p>\n\n\n\n<p class=\"wp-block-paragraph\" style=\"font-size:20px\">El periodo que abarca la direcci\u00f3n de Samuel de los Santos ser\u00e1 uno de los de mayor incremento de la colecci\u00f3n con 10.000 piezas registradas. \u00c9l ser\u00e1 quien elegir\u00e1 la actual sede del Museo y planificar\u00e1 su distribuci\u00f3n dentro del concepto que hoy tenemos de Programa Museol\u00f3gico, junto al arquitecto F\u00e9lix Hern\u00e1ndez llegaron a examinar unos veinte edificios entre 1940 y 1941, eligiendo finalmente la casa de la plaza de Jer\u00f3nimo P\u00e1ez, convertido en esas fechas en casa de vecinos, el Estado la adquiri\u00f3 en 1942.<\/p>\n\n\n\n<p class=\"wp-block-paragraph\" style=\"font-size:20px\">La Orden del Ministerio de Educaci\u00f3n Nacional, de 23 de diciembre de 1944, autoriza la adaptaci\u00f3n del palacio para Museo, las obras las dirigir\u00e1 F\u00e9lix Hern\u00e1ndez entre 1945 y 1959.<\/p>\n\n\n\n<p class=\"wp-block-paragraph\" style=\"font-size:20px\">En 1947, al vaciar de tierra un peque\u00f1o patio, se descubre el grader\u00edo de \u00e9poca romana, actualmente conservado en el Patio III. Este grader\u00edo fue interpretado por Samuel de los Santos como parte del teatro romano.<\/p>\n\n\n<div class=\"wp-block-image\">\n<figure class=\"aligncenter size-full is-resized\"><img loading=\"lazy\" decoding=\"async\" width=\"958\" height=\"457\" src=\"https:\/\/xn--porlascallesdecrdoba-p8b.com\/wp-content\/uploads\/2026\/08\/image-275.png\" alt=\"\" class=\"wp-image-7633\" style=\"aspect-ratio:2.096384555541907;width:524px;height:auto\" srcset=\"https:\/\/xn--porlascallesdecrdoba-p8b.com\/wp-content\/uploads\/2026\/08\/image-275.png 958w, https:\/\/xn--porlascallesdecrdoba-p8b.com\/wp-content\/uploads\/2026\/08\/image-275-300x143.png 300w, https:\/\/xn--porlascallesdecrdoba-p8b.com\/wp-content\/uploads\/2026\/08\/image-275-768x366.png 768w\" sizes=\"auto, (max-width: 958px) 100vw, 958px\" \/><\/figure>\n<\/div>\n\n\n<p class=\"wp-block-paragraph\" style=\"font-size:20px\">En septiembre de 1959 gana la oposici\u00f3n a la plaza de la direcci\u00f3n del Museo Arqueol\u00f3gico Provincial de C\u00f3rdoba, Ana M\u00aa Vicent Zaragoza, al que dedic\u00f3 su vida profesional hasta su jubilaci\u00f3n en 1987, ser\u00e1 la encargada de finalizar la instalaci\u00f3n del Museo y su inauguraci\u00f3n. Durante su direcci\u00f3n las colecciones se incrementaron de forma considerable, en cantidad y calidad, siendo considerado como uno de los Museos Arqueol\u00f3gicos m\u00e1s completos de Espa\u00f1a, a la vez que era una de las instituciones culturales m\u00e1s importantes de la ciudad.<\/p>\n\n\n\n<p class=\"wp-block-paragraph\" style=\"font-size:20px\">Ana M\u00aa Vicent crea el SIAUCO, Servicio de Investigaci\u00f3n de la Arqueolog\u00eda Urbana de C\u00f3rdoba, con un equipo de conservador, restaurador, dibujante y ayudante, realizando el Museo, entre 1962 y 1988, un gran n\u00famero de excavaciones y prospecciones en la provincia y en solares urbanos, motivando la renovaci\u00f3n radical del panorama arqueol\u00f3gico de C\u00f3rdoba, por entonces ning\u00fan museo organizaba excavaciones, pues no era un cometido asignado.<\/p>\n\n\n\n<p class=\"wp-block-paragraph\" style=\"font-size:20px\">Con el crecimiento de colecciones y aumento de funciones, se empieza a plantear un proyecto museogr\u00e1fico dedicado a ampliar el Museo. Con el fin de ampliar el museo propuso la adquisici\u00f3n por el Estado de las casas colindantes, con el fin, tambi\u00e9n, de excavar en busca del teatro, actualmente esta zona es el nuevo edificio del museo y en su s\u00f3tano se conservan restos del teatro romano de Colonia Patricia. Las nuevas instalaciones fueron inauguradas en el a\u00f1o 2011.<\/p>\n\n\n\n<figure class=\"wp-block-gallery has-nested-images columns-default is-cropped wp-block-gallery-1 is-layout-flex wp-block-gallery-is-layout-flex\">\n<figure class=\"wp-block-image size-large\"><a href=\"https:\/\/xn--porlascallesdecrdoba-p8b.com\/?page_id=7490\"><img loading=\"lazy\" decoding=\"async\" width=\"218\" height=\"72\" data-id=\"6503\" src=\"https:\/\/xn--porlascallesdecrdoba-p8b.com\/wp-content\/uploads\/2026\/08\/Captura-de-pantalla-2026-08-14-215034.png\" alt=\"\" class=\"wp-image-6503\"\/><\/a><\/figure>\n\n\n\n<figure class=\"wp-block-image size-full\"><a href=\"https:\/\/xn--porlascallesdecrdoba-p8b.com\/?page_id=5727\"><img loading=\"lazy\" decoding=\"async\" width=\"211\" height=\"63\" data-id=\"6505\" src=\"https:\/\/xn--porlascallesdecrdoba-p8b.com\/wp-content\/uploads\/2026\/08\/Captura-de-pantalla-2026-08-14-215040.png\" alt=\"\" class=\"wp-image-6505\"\/><\/a><\/figure>\n\n\n\n<figure class=\"wp-block-image size-large\"><a href=\"https:\/\/xn--porlascallesdecrdoba-p8b.com\/?page_id=7238\"><img loading=\"lazy\" decoding=\"async\" width=\"214\" height=\"64\" data-id=\"6504\" src=\"https:\/\/xn--porlascallesdecrdoba-p8b.com\/wp-content\/uploads\/2026\/08\/Captura-de-pantalla-2026-08-14-215047.png\" alt=\"\" class=\"wp-image-6504\"\/><\/a><\/figure>\n<\/figure>\n\n\n\n<p class=\"wp-block-paragraph\"><\/p>\n","protected":false},"excerpt":{"rendered":"<p>Pincha para localizarlo en Google Earth Actualmente (a\u00f1o 2026), las colecciones principales del museo se encuentran en el edifico de la ampliaci\u00f3n, el cual fue inaugurado el 31 de enero <a class=\"more-link\" href=\"https:\/\/xn--porlascallesdecrdoba-p8b.com\/?page_id=7236\">Seguir leyendo &rarr;<\/a><\/p>\n","protected":false},"author":1,"featured_media":0,"parent":0,"menu_order":0,"comment_status":"closed","ping_status":"closed","template":"","meta":{"footnotes":""},"class_list":["post-7236","page","type-page","status-publish","hentry"],"_links":{"self":[{"href":"https:\/\/xn--porlascallesdecrdoba-p8b.com\/index.php?rest_route=\/wp\/v2\/pages\/7236","targetHints":{"allow":["GET"]}}],"collection":[{"href":"https:\/\/xn--porlascallesdecrdoba-p8b.com\/index.php?rest_route=\/wp\/v2\/pages"}],"about":[{"href":"https:\/\/xn--porlascallesdecrdoba-p8b.com\/index.php?rest_route=\/wp\/v2\/types\/page"}],"author":[{"embeddable":true,"href":"https:\/\/xn--porlascallesdecrdoba-p8b.com\/index.php?rest_route=\/wp\/v2\/users\/1"}],"replies":[{"embeddable":true,"href":"https:\/\/xn--porlascallesdecrdoba-p8b.com\/index.php?rest_route=%2Fwp%2Fv2%2Fcomments&post=7236"}],"version-history":[{"count":23,"href":"https:\/\/xn--porlascallesdecrdoba-p8b.com\/index.php?rest_route=\/wp\/v2\/pages\/7236\/revisions"}],"predecessor-version":[{"id":8033,"href":"https:\/\/xn--porlascallesdecrdoba-p8b.com\/index.php?rest_route=\/wp\/v2\/pages\/7236\/revisions\/8033"}],"wp:attachment":[{"href":"https:\/\/xn--porlascallesdecrdoba-p8b.com\/index.php?rest_route=%2Fwp%2Fv2%2Fmedia&parent=7236"}],"curies":[{"name":"wp","href":"https:\/\/api.w.org\/{rel}","templated":true}]}}

Museo Arqueológico, su historia

<p class="wp-block-paragraph"><a href="https://earth.google.com/web/search/museo+arqueologico,+C%c3%b3rdoba/@37.88196239,-4.77814345,116.23014842a,650.27105594d,35y,0h,0t,0r/data=CooBGlwSVgokMHhkNmQyMDgyOWViYzBlYmY6MHhjNWRlNDAxNTgyZjVhZGVkGUQjjivk8EJAIQa_aOrQHBPAKhxtdXNlbyBhcnF1ZW9sb2dpY28sIEPDs3Jkb2JhGAIgASImCiQJDf_ScSnxQkARltWAMZrwQkAZ6Icy7_EWE8AhyFvzWS8jE8BCAggBOgMKATBCAggASg0I____________ARAA?authuser=0" target="_blank" rel="noreferrer noopener">Pincha para localizarlo en Google Earth</a></p>



<p class="wp-block-paragraph" style="font-size:20px">Actualmente (año 2026), las colecciones principales del museo se encuentran en el edifico de la ampliación, el cual fue inaugurado el 31 de enero de 2011.</p>



<p class="wp-block-paragraph" style="font-size:20px">Del texto “<em>Museo Arqueológico de Córdoba: un relato que continúa (o 150 años no son nada)</em>” de M.ª Dolores Baena Alcántara, directora del museo, sacamos la siguiente información:</p>


<div class="wp-block-image">
<figure class="alignright size-full is-resized"><img loading="lazy" decoding="async" width="472" height="626" src="https://xn--porlascallesdecrdoba-p8b.com/wp-content/uploads/2026/08/image-244.png" alt="" class="wp-image-7517" style="aspect-ratio:0.7539874697351671;width:248px;height:auto" srcset="https://xn--porlascallesdecrdoba-p8b.com/wp-content/uploads/2026/08/image-244.png 472w, https://xn--porlascallesdecrdoba-p8b.com/wp-content/uploads/2026/08/image-244-226x300.png 226w" sizes="auto, (max-width: 472px) 100vw, 472px" /></figure>
</div>


<p class="has-black-color has-text-color has-link-color wp-elements-459d3e721ab4dc8cc7d8a7a77e9edb70 wp-block-paragraph" style="font-size:20px">«<em>En 1844, las piezas arqueológicas procedentes de las desamortizaciones de los conventos cordobeses y de la reunión de antiguas colecciones de la ciudad se custodian en el Museo Provincial de Bellas Artes, formando la “Colección de Antigüedades”, más tarde denominada “Sección de Antigüedades. <a>El Museo de Bellas Artes sufrirá diversos traslados y con él la colección de piezas arqueológicas, la primera sede fue el Colegio de la Asunción; en 1849 se trasladó a la Diputación Provincial y en 1862 pasa al Hospital de la Caridad, donde continua en la actualidad. </a>Durante la convivencia de los dos Museos en un mismo espacio, aunque con “consignaciones independientes”, distintos directores del Museo de Bellas Artes como Diego Monroy, José Salo y Rafael Romero Barros contribuyeron de forma activa al incremento de la “Colección de Antigüedades</em>”: Romero Barros hizo participar al Museo en la Exposición de Paris de 1878.</p>



<p class="wp-block-paragraph" style="font-size:20px">El hallazgo de diversas piezas, entre ellas varias íberas, procedentes de Fuente Tójar y Almedinilla van a representar un papel imprescindible en la creación del museo, pues es un hecho distintivo que el origen de su creación está en relación con dos expediciones arqueológicas realizadas en 1866 y 1867 por el conservador del Museo de Antigüedades Luis Maraver y Alfaro.</p>



<p class="wp-block-paragraph" style="font-size:20px">La propuesta de creación de un museo arqueológico había sido presentada en 1866 a la Comisión Provincial de Monumentos por Maraver. Dicha Comisión decide dirigirse a personas de diferentes poblaciones de la provincia para que enviaran piezas arqueológicas que tuvieran o pudieran comprar de cara a incrementar las colecciones del futuro museo. Un Decreto de Marzo de 1867 crea los museos arqueológicos provinciales, aunque en el caso de Córdoba continuara junto al de Bellas Artes.</p>



<p class="wp-block-paragraph" style="font-size:20px">El año 1867 el Sr. Maraver denunció nuevamente la inseguridad en que se hallaban las antigüedades por falta de vitrinas, de portero y de local adecuado, consecuente en sus propósitos, intento en 1868 adquirir para Museo Arqueológico el Oratorio de San Felipe, pero no consiguió que la Comandancia Militar que lo ocupaba, fuese trasladada al Convento de la Concepción, ni al de las Dueñas.</p>


<div class="wp-block-image">
<figure class="alignright size-full is-resized"><img loading="lazy" decoding="async" width="720" height="496" src="https://xn--porlascallesdecrdoba-p8b.com/wp-content/uploads/2026/08/image-272.png" alt="" class="wp-image-7625" style="aspect-ratio:1.4516586333994896;width:430px;height:auto" srcset="https://xn--porlascallesdecrdoba-p8b.com/wp-content/uploads/2026/08/image-272.png 720w, https://xn--porlascallesdecrdoba-p8b.com/wp-content/uploads/2026/08/image-272-300x207.png 300w" sizes="auto, (max-width: 720px) 100vw, 720px" /><figcaption class="wp-element-caption">Plaza de San Juan, 4</figcaption></figure>
</div>


<p class="wp-block-paragraph" style="font-size:20px">En 1881 es nombrado conservador-director del Arqueológico Rafael Romero Barros, que también era director del Museo de Bellas Artes, cargos que ocupó hasta su fallecimiento. Le sucede su hijo, Enrique Romero de Torres, arqueólogo y secretario de la Comisión de Monumentos, quien intenta la compra de la colección arqueológica de Villaceballos, la más importante desde el siglo XVI en esta ciudad, aunque finalmente fue vendida al marqués de Casa-Loring, y se encuentra hoy en Málaga.</p>


<div class="wp-block-image">
<figure class="alignleft size-full is-resized"><img loading="lazy" decoding="async" width="813" height="554" src="https://xn--porlascallesdecrdoba-p8b.com/wp-content/uploads/2026/08/image-273.png" alt="" class="wp-image-7628" style="aspect-ratio:1.4675533134602154;width:464px;height:auto" srcset="https://xn--porlascallesdecrdoba-p8b.com/wp-content/uploads/2026/08/image-273.png 813w, https://xn--porlascallesdecrdoba-p8b.com/wp-content/uploads/2026/08/image-273-300x204.png 300w, https://xn--porlascallesdecrdoba-p8b.com/wp-content/uploads/2026/08/image-273-768x523.png 768w" sizes="auto, (max-width: 813px) 100vw, 813px" /><figcaption class="wp-element-caption">Samuel de los Santos</figcaption></figure>
</div>


<p class="wp-block-paragraph" style="font-size:20px">En el año 1917 se alquila, para sede del museo, la casa numero 4 de la plaza de San Juan, pero el espacio de esa casa era insuficiente, por lo que en 1925 se traslada a la calle Samuel de los Santos y Gener (actual edificio de Casa Árabe). Samuel de los Santos Gener fue una clave en la investigación arqueológica de Córdoba e imprescindible en la historia de este Museo, en 1926 es nombrado director titular del Museo hasta su jubilación en 1958.</p>



<p class="wp-block-paragraph" style="font-size:20px">El periodo que abarca la dirección de Samuel de los Santos será uno de los de mayor incremento de la colección con 10.000 piezas registradas. Él será quien elegirá la actual sede del Museo y planificará su distribución dentro del concepto que hoy tenemos de Programa Museológico, junto al arquitecto Félix Hernández llegaron a examinar unos veinte edificios entre 1940 y 1941, eligiendo finalmente la casa de la plaza de Jerónimo Páez, convertido en esas fechas en casa de vecinos, el Estado la adquirió en 1942.</p>



<p class="wp-block-paragraph" style="font-size:20px">La Orden del Ministerio de Educación Nacional, de 23 de diciembre de 1944, autoriza la adaptación del palacio para Museo, las obras las dirigirá Félix Hernández entre 1945 y 1959.</p>



<p class="wp-block-paragraph" style="font-size:20px">En 1947, al vaciar de tierra un pequeño patio, se descubre el graderío de época romana, actualmente conservado en el Patio III. Este graderío fue interpretado por Samuel de los Santos como parte del teatro romano.</p>


<div class="wp-block-image">
<figure class="aligncenter size-full is-resized"><img loading="lazy" decoding="async" width="958" height="457" src="https://xn--porlascallesdecrdoba-p8b.com/wp-content/uploads/2026/08/image-275.png" alt="" class="wp-image-7633" style="aspect-ratio:2.096384555541907;width:524px;height:auto" srcset="https://xn--porlascallesdecrdoba-p8b.com/wp-content/uploads/2026/08/image-275.png 958w, https://xn--porlascallesdecrdoba-p8b.com/wp-content/uploads/2026/08/image-275-300x143.png 300w, https://xn--porlascallesdecrdoba-p8b.com/wp-content/uploads/2026/08/image-275-768x366.png 768w" sizes="auto, (max-width: 958px) 100vw, 958px" /></figure>
</div>


<p class="wp-block-paragraph" style="font-size:20px">En septiembre de 1959 gana la oposición a la plaza de la dirección del Museo Arqueológico Provincial de Córdoba, Ana Mª Vicent Zaragoza, al que dedicó su vida profesional hasta su jubilación en 1987, será la encargada de finalizar la instalación del Museo y su inauguración. Durante su dirección las colecciones se incrementaron de forma considerable, en cantidad y calidad, siendo considerado como uno de los Museos Arqueológicos más completos de España, a la vez que era una de las instituciones culturales más importantes de la ciudad.</p>



<p class="wp-block-paragraph" style="font-size:20px">Ana Mª Vicent crea el SIAUCO, Servicio de Investigación de la Arqueología Urbana de Córdoba, con un equipo de conservador, restaurador, dibujante y ayudante, realizando el Museo, entre 1962 y 1988, un gran número de excavaciones y prospecciones en la provincia y en solares urbanos, motivando la renovación radical del panorama arqueológico de Córdoba, por entonces ningún museo organizaba excavaciones, pues no era un cometido asignado.</p>



<p class="wp-block-paragraph" style="font-size:20px">Con el crecimiento de colecciones y aumento de funciones, se empieza a plantear un proyecto museográfico dedicado a ampliar el Museo. Con el fin de ampliar el museo propuso la adquisición por el Estado de las casas colindantes, con el fin, también, de excavar en busca del teatro, actualmente esta zona es el nuevo edificio del museo y en su sótano se conservan restos del teatro romano de Colonia Patricia. Las nuevas instalaciones fueron inauguradas en el año 2011.</p>



<figure class="wp-block-gallery has-nested-images columns-default is-cropped wp-block-gallery-1 is-layout-flex wp-block-gallery-is-layout-flex">
<figure class="wp-block-image size-large"><a href="https://xn--porlascallesdecrdoba-p8b.com/?page_id=7490"><img loading="lazy" decoding="async" width="218" height="72" data-id="6503" src="https://xn--porlascallesdecrdoba-p8b.com/wp-content/uploads/2026/08/Captura-de-pantalla-2026-08-14-215034.png" alt="" class="wp-image-6503"/></a></figure>



<figure class="wp-block-image size-full"><a href="https://xn--porlascallesdecrdoba-p8b.com/?page_id=5727"><img loading="lazy" decoding="async" width="211" height="63" data-id="6505" src="https://xn--porlascallesdecrdoba-p8b.com/wp-content/uploads/2026/08/Captura-de-pantalla-2026-08-14-215040.png" alt="" class="wp-image-6505"/></a></figure>



<figure class="wp-block-image size-large"><a href="https://xn--porlascallesdecrdoba-p8b.com/?page_id=7238"><img loading="lazy" decoding="async" width="214" height="64" data-id="6504" src="https://xn--porlascallesdecrdoba-p8b.com/wp-content/uploads/2026/08/Captura-de-pantalla-2026-08-14-215047.png" alt="" class="wp-image-6504"/></a></figure>
</figure>



<p class="wp-block-paragraph"></p>

<p>Pincha para localizarlo en Google Earth Actualmente (año 2026), las colecciones principales del museo se encuentran en el edifico de la ampliación, el cual fue inaugurado el 31 de enero <a class="more-link" href="https://xn--porlascallesdecrdoba-p8b.com/?page_id=7236">Seguir leyendo &rarr;</a></p>
