{"id":7241,"date":"2026-08-23T04:35:52","date_gmt":"2026-08-23T04:35:52","guid":{"rendered":"https:\/\/xn--porlascallesdecrdoba-p8b.com\/?page_id=7241"},"modified":"2026-09-04T05:05:40","modified_gmt":"2026-09-04T05:05:40","slug":"teatro-romano-2","status":"publish","type":"page","link":"https:\/\/xn--porlascallesdecrdoba-p8b.com\/?page_id=7241","title":{"rendered":"Teatro Romano"},"content":{"rendered":"<div class=\"wp-block-image\">\n<figure class=\"alignright size-full\"><img loading=\"lazy\" decoding=\"async\" width=\"472\" height=\"248\" src=\"https:\/\/xn--porlascallesdecrdoba-p8b.com\/wp-content\/uploads\/2026\/08\/image-243.png\" alt=\"\" class=\"wp-image-7515\" srcset=\"https:\/\/xn--porlascallesdecrdoba-p8b.com\/wp-content\/uploads\/2026\/08\/image-243.png 472w, https:\/\/xn--porlascallesdecrdoba-p8b.com\/wp-content\/uploads\/2026\/08\/image-243-300x158.png 300w\" sizes=\"auto, (max-width: 472px) 100vw, 472px\" \/><figcaption class=\"wp-element-caption\">Detalle maqueta explana junto al teatro<\/figcaption><\/figure>\n<\/div>\n\n\n<p class=\"wp-block-paragraph\"><a href=\"https:\/\/earth.google.com\/web\/search\/teatro+romano,+C%c3%b3rdoba\/@37.88189188,-4.77838219,120.56800918a,650.27173389d,35y,0h,0t,0r\/data=CoUBGlcSUQokMHhkNmNkZjAwMzdlMzdjOTM6MHhhOGY5YTk1MmI5YTI4YmZjGf1O7tLh8EJAId_xkqQQHRPAKhd0ZWF0cm8gcm9tYW5vLCBDw7NyZG9iYRgCIAEiJgokCXLeGB4w8UJAEbamW5yh8EJAGap8pUC7FRPAIXaZ5mToIRPAQgIIAToDCgEwQgIIAEoNCP___________wEQAA?authuser=0\" target=\"_blank\" rel=\"noreferrer noopener\">Pincha para localizarlo en Google Earth<\/a><\/p>\n\n\n\n<p class=\"wp-block-paragraph\" style=\"font-size:20px\">El teatro pudo ser construido a la vez que la ampliaci\u00f3n de la ciudad realizada por Augusto, a\u00f1o 5 a.C., pudiendo ser muy parecido al teatro de \u201cMarcelo\u201d, que se conserva en Roma, pues son de la misma \u00e9poca. Para su construcci\u00f3n se escogi\u00f3 una zona en fuerte pendiente fuera de la primitiva muralla, \u00e9sta cerraba al sur la ciudad en la zona del Convento de Santa Ana, con un gran desnivel de varios metros hasta el r\u00edo. Para su construcci\u00f3n se recort\u00f3 la ladera y se hicieron grandes cimientos para sostener el grader\u00edo, se planific\u00f3 y urbaniz\u00f3 toda la zona, se construyeron importantes cloacas que recog\u00eda el agua desde la meseta, a su alrededor se levantaron tres plazas a modo de terrazas semicirculares escalonadas, que daban acceso al teatro.<\/p>\n\n\n\n<figure class=\"wp-block-image size-full\"><img loading=\"lazy\" decoding=\"async\" width=\"1004\" height=\"452\" src=\"https:\/\/xn--porlascallesdecrdoba-p8b.com\/wp-content\/uploads\/2026\/08\/image-229.png\" alt=\"\" class=\"wp-image-7360\" srcset=\"https:\/\/xn--porlascallesdecrdoba-p8b.com\/wp-content\/uploads\/2026\/08\/image-229.png 1004w, https:\/\/xn--porlascallesdecrdoba-p8b.com\/wp-content\/uploads\/2026\/08\/image-229-300x135.png 300w, https:\/\/xn--porlascallesdecrdoba-p8b.com\/wp-content\/uploads\/2026\/08\/image-229-768x346.png 768w\" sizes=\"auto, (max-width: 1004px) 100vw, 1004px\" \/><\/figure>\n\n\n\n<p class=\"wp-block-paragraph\" style=\"font-size:20px\">Su aforo era de unos 15.000 espectadores. y estar\u00eda en uso hasta el siglo&nbsp;III, cuando un terremoto lo da\u00f1\u00f3 gravemente. Durante el siglo&nbsp;IV se intentar\u00eda restaurar, pero los expolios y el uso de las piedras para otras construcciones acabaron finalmente frustrando la idea y acabar\u00eda siendo un vertedero y las piezas del teatro se utilizaron como cantera de materiales para nuevas edificaciones, el m\u00e1rmol que no se pudo reutilizar, se rompi\u00f3 y se transform\u00f3 en cal en hornos instalaos in situ, en los siglos V y VI.<\/p>\n\n\n<div class=\"wp-block-image\">\n<figure class=\"aligncenter size-large is-resized\"><img loading=\"lazy\" decoding=\"async\" width=\"1024\" height=\"577\" src=\"https:\/\/xn--porlascallesdecrdoba-p8b.com\/wp-content\/uploads\/2026\/08\/image-269-1024x577.png\" alt=\"\" class=\"wp-image-7613\" style=\"width:717px;height:auto\" srcset=\"https:\/\/xn--porlascallesdecrdoba-p8b.com\/wp-content\/uploads\/2026\/08\/image-269-1024x577.png 1024w, https:\/\/xn--porlascallesdecrdoba-p8b.com\/wp-content\/uploads\/2026\/08\/image-269-300x169.png 300w, https:\/\/xn--porlascallesdecrdoba-p8b.com\/wp-content\/uploads\/2026\/08\/image-269-768x433.png 768w, https:\/\/xn--porlascallesdecrdoba-p8b.com\/wp-content\/uploads\/2026\/08\/image-269.png 1095w\" sizes=\"auto, (max-width: 1024px) 100vw, 1024px\" \/><figcaption class=\"wp-element-caption\">Dibujo en el Museo Arqueol\u00f3gico<\/figcaption><\/figure>\n<\/div>\n\n\n<p class=\"wp-block-paragraph\" style=\"font-size:20px\"><\/p>\n\n\n<div class=\"wp-block-image\">\n<figure class=\"alignright size-full is-resized\"><img loading=\"lazy\" decoding=\"async\" width=\"963\" height=\"540\" src=\"https:\/\/xn--porlascallesdecrdoba-p8b.com\/wp-content\/uploads\/2026\/08\/image-270.png\" alt=\"\" class=\"wp-image-7616\" style=\"aspect-ratio:1.7833507488679903;width:506px;height:auto\" srcset=\"https:\/\/xn--porlascallesdecrdoba-p8b.com\/wp-content\/uploads\/2026\/08\/image-270.png 963w, https:\/\/xn--porlascallesdecrdoba-p8b.com\/wp-content\/uploads\/2026\/08\/image-270-300x168.png 300w, https:\/\/xn--porlascallesdecrdoba-p8b.com\/wp-content\/uploads\/2026\/08\/image-270-768x431.png 768w\" sizes=\"auto, (max-width: 963px) 100vw, 963px\" \/><\/figure>\n<\/div>\n\n\n<p class=\"wp-block-paragraph\" style=\"font-size:20px\">Su aforo era de unos 15.000 espectadores. y estar\u00eda en uso hasta el siglo&nbsp;III, cuando un terremoto lo da\u00f1\u00f3 gravemente. Durante el siglo&nbsp;IV se intentar\u00eda restaurar, pero los expolios y el uso de las piedras para otras construcciones acabaron finalmente frustrando la idea y acabar\u00eda siendo un vertedero y las piezas del teatro se utilizaron como cantera de materiales para nuevas edificaciones, el m\u00e1rmol que no se pudo reutilizar, se rompi\u00f3 y se transform\u00f3 en cal en hornos instalaos in situ, en los siglos V y VI.<\/p>\n\n\n<div class=\"wp-block-image\">\n<figure class=\"aligncenter size-full is-resized\"><img loading=\"lazy\" decoding=\"async\" width=\"995\" height=\"557\" src=\"https:\/\/xn--porlascallesdecrdoba-p8b.com\/wp-content\/uploads\/2026\/08\/image-271.png\" alt=\"\" class=\"wp-image-7617\" style=\"aspect-ratio:1.7863996371375737;width:538px;height:auto\" srcset=\"https:\/\/xn--porlascallesdecrdoba-p8b.com\/wp-content\/uploads\/2026\/08\/image-271.png 995w, https:\/\/xn--porlascallesdecrdoba-p8b.com\/wp-content\/uploads\/2026\/08\/image-271-300x168.png 300w, https:\/\/xn--porlascallesdecrdoba-p8b.com\/wp-content\/uploads\/2026\/08\/image-271-768x430.png 768w\" sizes=\"auto, (max-width: 995px) 100vw, 995px\" \/><\/figure>\n<\/div>\n\n\n<p class=\"wp-block-paragraph\" style=\"font-size:20px\"><\/p>\n\n\n\n<figure class=\"wp-block-gallery has-nested-images columns-default is-cropped wp-block-gallery-1 is-layout-flex wp-block-gallery-is-layout-flex\">\n<figure class=\"wp-block-image size-large\"><a href=\"https:\/\/xn--porlascallesdecrdoba-p8b.com\/?page_id=7238\"><img loading=\"lazy\" decoding=\"async\" width=\"218\" height=\"72\" data-id=\"6503\" src=\"https:\/\/xn--porlascallesdecrdoba-p8b.com\/wp-content\/uploads\/2026\/08\/Captura-de-pantalla-2026-08-14-215034.png\" alt=\"\" class=\"wp-image-6503\"\/><\/a><\/figure>\n\n\n\n<figure class=\"wp-block-image size-full\"><a href=\"https:\/\/xn--porlascallesdecrdoba-p8b.com\/?page_id=5727\"><img loading=\"lazy\" decoding=\"async\" width=\"211\" height=\"63\" data-id=\"6505\" src=\"https:\/\/xn--porlascallesdecrdoba-p8b.com\/wp-content\/uploads\/2026\/08\/Captura-de-pantalla-2026-08-14-215040.png\" alt=\"\" class=\"wp-image-6505\"\/><\/a><\/figure>\n\n\n\n<figure class=\"wp-block-image size-large\"><a href=\"https:\/\/xn--porlascallesdecrdoba-p8b.com\/?page_id=7243\"><img loading=\"lazy\" decoding=\"async\" width=\"214\" height=\"64\" data-id=\"6504\" src=\"https:\/\/xn--porlascallesdecrdoba-p8b.com\/wp-content\/uploads\/2026\/08\/Captura-de-pantalla-2026-08-14-215047.png\" alt=\"\" class=\"wp-image-6504\"\/><\/a><\/figure>\n<\/figure>\n\n\n\n<p class=\"wp-block-paragraph\"><\/p>\n","protected":false},"excerpt":{"rendered":"<p>Pincha para localizarlo en Google Earth El teatro pudo ser construido a la vez que la ampliaci\u00f3n de la ciudad realizada por Augusto, a\u00f1o 5 a.C., pudiendo ser muy parecido <a class=\"more-link\" href=\"https:\/\/xn--porlascallesdecrdoba-p8b.com\/?page_id=7241\">Seguir leyendo &rarr;<\/a><\/p>\n","protected":false},"author":1,"featured_media":0,"parent":0,"menu_order":0,"comment_status":"closed","ping_status":"closed","template":"","meta":{"footnotes":""},"class_list":["post-7241","page","type-page","status-publish","hentry"],"_links":{"self":[{"href":"https:\/\/xn--porlascallesdecrdoba-p8b.com\/index.php?rest_route=\/wp\/v2\/pages\/7241","targetHints":{"allow":["GET"]}}],"collection":[{"href":"https:\/\/xn--porlascallesdecrdoba-p8b.com\/index.php?rest_route=\/wp\/v2\/pages"}],"about":[{"href":"https:\/\/xn--porlascallesdecrdoba-p8b.com\/index.php?rest_route=\/wp\/v2\/types\/page"}],"author":[{"embeddable":true,"href":"https:\/\/xn--porlascallesdecrdoba-p8b.com\/index.php?rest_route=\/wp\/v2\/users\/1"}],"replies":[{"embeddable":true,"href":"https:\/\/xn--porlascallesdecrdoba-p8b.com\/index.php?rest_route=%2Fwp%2Fv2%2Fcomments&post=7241"}],"version-history":[{"count":8,"href":"https:\/\/xn--porlascallesdecrdoba-p8b.com\/index.php?rest_route=\/wp\/v2\/pages\/7241\/revisions"}],"predecessor-version":[{"id":8032,"href":"https:\/\/xn--porlascallesdecrdoba-p8b.com\/index.php?rest_route=\/wp\/v2\/pages\/7241\/revisions\/8032"}],"wp:attachment":[{"href":"https:\/\/xn--porlascallesdecrdoba-p8b.com\/index.php?rest_route=%2Fwp%2Fv2%2Fmedia&parent=7241"}],"curies":[{"name":"wp","href":"https:\/\/api.w.org\/{rel}","templated":true}]}}

<div class="wp-block-image">
<figure class="alignright size-full"><img loading="lazy" decoding="async" width="472" height="248" src="https://xn--porlascallesdecrdoba-p8b.com/wp-content/uploads/2026/08/image-243.png" alt="" class="wp-image-7515" srcset="https://xn--porlascallesdecrdoba-p8b.com/wp-content/uploads/2026/08/image-243.png 472w, https://xn--porlascallesdecrdoba-p8b.com/wp-content/uploads/2026/08/image-243-300x158.png 300w" sizes="auto, (max-width: 472px) 100vw, 472px" /><figcaption class="wp-element-caption">Detalle maqueta explana junto al teatro</figcaption></figure>
</div>


<p class="wp-block-paragraph"><a href="https://earth.google.com/web/search/teatro+romano,+C%c3%b3rdoba/@37.88189188,-4.77838219,120.56800918a,650.27173389d,35y,0h,0t,0r/data=CoUBGlcSUQokMHhkNmNkZjAwMzdlMzdjOTM6MHhhOGY5YTk1MmI5YTI4YmZjGf1O7tLh8EJAId_xkqQQHRPAKhd0ZWF0cm8gcm9tYW5vLCBDw7NyZG9iYRgCIAEiJgokCXLeGB4w8UJAEbamW5yh8EJAGap8pUC7FRPAIXaZ5mToIRPAQgIIAToDCgEwQgIIAEoNCP___________wEQAA?authuser=0" target="_blank" rel="noreferrer noopener">Pincha para localizarlo en Google Earth</a></p>



<p class="wp-block-paragraph" style="font-size:20px">El teatro pudo ser construido a la vez que la ampliación de la ciudad realizada por Augusto, año 5 a.C., pudiendo ser muy parecido al teatro de “Marcelo”, que se conserva en Roma, pues son de la misma época. Para su construcción se escogió una zona en fuerte pendiente fuera de la primitiva muralla, ésta cerraba al sur la ciudad en la zona del Convento de Santa Ana, con un gran desnivel de varios metros hasta el río. Para su construcción se recortó la ladera y se hicieron grandes cimientos para sostener el graderío, se planificó y urbanizó toda la zona, se construyeron importantes cloacas que recogía el agua desde la meseta, a su alrededor se levantaron tres plazas a modo de terrazas semicirculares escalonadas, que daban acceso al teatro.</p>



<figure class="wp-block-image size-full"><img loading="lazy" decoding="async" width="1004" height="452" src="https://xn--porlascallesdecrdoba-p8b.com/wp-content/uploads/2026/08/image-229.png" alt="" class="wp-image-7360" srcset="https://xn--porlascallesdecrdoba-p8b.com/wp-content/uploads/2026/08/image-229.png 1004w, https://xn--porlascallesdecrdoba-p8b.com/wp-content/uploads/2026/08/image-229-300x135.png 300w, https://xn--porlascallesdecrdoba-p8b.com/wp-content/uploads/2026/08/image-229-768x346.png 768w" sizes="auto, (max-width: 1004px) 100vw, 1004px" /></figure>



<p class="wp-block-paragraph" style="font-size:20px">Su aforo era de unos 15.000 espectadores. y estaría en uso hasta el siglo&nbsp;III, cuando un terremoto lo dañó gravemente. Durante el siglo&nbsp;IV se intentaría restaurar, pero los expolios y el uso de las piedras para otras construcciones acabaron finalmente frustrando la idea y acabaría siendo un vertedero y las piezas del teatro se utilizaron como cantera de materiales para nuevas edificaciones, el mármol que no se pudo reutilizar, se rompió y se transformó en cal en hornos instalaos in situ, en los siglos V y VI.</p>


<div class="wp-block-image">
<figure class="aligncenter size-large is-resized"><img loading="lazy" decoding="async" width="1024" height="577" src="https://xn--porlascallesdecrdoba-p8b.com/wp-content/uploads/2026/08/image-269-1024x577.png" alt="" class="wp-image-7613" style="width:717px;height:auto" srcset="https://xn--porlascallesdecrdoba-p8b.com/wp-content/uploads/2026/08/image-269-1024x577.png 1024w, https://xn--porlascallesdecrdoba-p8b.com/wp-content/uploads/2026/08/image-269-300x169.png 300w, https://xn--porlascallesdecrdoba-p8b.com/wp-content/uploads/2026/08/image-269-768x433.png 768w, https://xn--porlascallesdecrdoba-p8b.com/wp-content/uploads/2026/08/image-269.png 1095w" sizes="auto, (max-width: 1024px) 100vw, 1024px" /><figcaption class="wp-element-caption">Dibujo en el Museo Arqueológico</figcaption></figure>
</div>


<p class="wp-block-paragraph" style="font-size:20px"></p>


<div class="wp-block-image">
<figure class="alignright size-full is-resized"><img loading="lazy" decoding="async" width="963" height="540" src="https://xn--porlascallesdecrdoba-p8b.com/wp-content/uploads/2026/08/image-270.png" alt="" class="wp-image-7616" style="aspect-ratio:1.7833507488679903;width:506px;height:auto" srcset="https://xn--porlascallesdecrdoba-p8b.com/wp-content/uploads/2026/08/image-270.png 963w, https://xn--porlascallesdecrdoba-p8b.com/wp-content/uploads/2026/08/image-270-300x168.png 300w, https://xn--porlascallesdecrdoba-p8b.com/wp-content/uploads/2026/08/image-270-768x431.png 768w" sizes="auto, (max-width: 963px) 100vw, 963px" /></figure>
</div>


<p class="wp-block-paragraph" style="font-size:20px">Su aforo era de unos 15.000 espectadores. y estaría en uso hasta el siglo&nbsp;III, cuando un terremoto lo dañó gravemente. Durante el siglo&nbsp;IV se intentaría restaurar, pero los expolios y el uso de las piedras para otras construcciones acabaron finalmente frustrando la idea y acabaría siendo un vertedero y las piezas del teatro se utilizaron como cantera de materiales para nuevas edificaciones, el mármol que no se pudo reutilizar, se rompió y se transformó en cal en hornos instalaos in situ, en los siglos V y VI.</p>


<div class="wp-block-image">
<figure class="aligncenter size-full is-resized"><img loading="lazy" decoding="async" width="995" height="557" src="https://xn--porlascallesdecrdoba-p8b.com/wp-content/uploads/2026/08/image-271.png" alt="" class="wp-image-7617" style="aspect-ratio:1.7863996371375737;width:538px;height:auto" srcset="https://xn--porlascallesdecrdoba-p8b.com/wp-content/uploads/2026/08/image-271.png 995w, https://xn--porlascallesdecrdoba-p8b.com/wp-content/uploads/2026/08/image-271-300x168.png 300w, https://xn--porlascallesdecrdoba-p8b.com/wp-content/uploads/2026/08/image-271-768x430.png 768w" sizes="auto, (max-width: 995px) 100vw, 995px" /></figure>
</div>


<p class="wp-block-paragraph" style="font-size:20px"></p>



<figure class="wp-block-gallery has-nested-images columns-default is-cropped wp-block-gallery-1 is-layout-flex wp-block-gallery-is-layout-flex">
<figure class="wp-block-image size-large"><a href="https://xn--porlascallesdecrdoba-p8b.com/?page_id=7238"><img loading="lazy" decoding="async" width="218" height="72" data-id="6503" src="https://xn--porlascallesdecrdoba-p8b.com/wp-content/uploads/2026/08/Captura-de-pantalla-2026-08-14-215034.png" alt="" class="wp-image-6503"/></a></figure>



<figure class="wp-block-image size-full"><a href="https://xn--porlascallesdecrdoba-p8b.com/?page_id=5727"><img loading="lazy" decoding="async" width="211" height="63" data-id="6505" src="https://xn--porlascallesdecrdoba-p8b.com/wp-content/uploads/2026/08/Captura-de-pantalla-2026-08-14-215040.png" alt="" class="wp-image-6505"/></a></figure>



<figure class="wp-block-image size-large"><a href="https://xn--porlascallesdecrdoba-p8b.com/?page_id=7243"><img loading="lazy" decoding="async" width="214" height="64" data-id="6504" src="https://xn--porlascallesdecrdoba-p8b.com/wp-content/uploads/2026/08/Captura-de-pantalla-2026-08-14-215047.png" alt="" class="wp-image-6504"/></a></figure>
</figure>



<p class="wp-block-paragraph"></p>

<p>Pincha para localizarlo en Google Earth El teatro pudo ser construido a la vez que la ampliación de la ciudad realizada por Augusto, año 5 a.C., pudiendo ser muy parecido <a class="more-link" href="https://xn--porlascallesdecrdoba-p8b.com/?page_id=7241">Seguir leyendo &rarr;</a></p>
