{"id":7243,"date":"2026-08-23T04:36:03","date_gmt":"2026-08-23T04:36:03","guid":{"rendered":"https:\/\/xn--porlascallesdecrdoba-p8b.com\/?page_id=7243"},"modified":"2026-09-04T05:03:30","modified_gmt":"2026-09-04T05:03:30","slug":"teatro-romano-3","status":"publish","type":"page","link":"https:\/\/xn--porlascallesdecrdoba-p8b.com\/?page_id=7243","title":{"rendered":"Marqu\u00e9s de Villar"},"content":{"rendered":"<div class=\"wp-block-image\">\n<figure class=\"alignright size-full is-resized\"><img loading=\"lazy\" decoding=\"async\" width=\"900\" height=\"621\" src=\"https:\/\/xn--porlascallesdecrdoba-p8b.com\/wp-content\/uploads\/2026\/08\/Plano-7243-M-villar.png\" alt=\"\" class=\"wp-image-7672\" style=\"aspect-ratio:1.4493163868995387;width:479px;height:auto\" srcset=\"https:\/\/xn--porlascallesdecrdoba-p8b.com\/wp-content\/uploads\/2026\/08\/Plano-7243-M-villar.png 900w, https:\/\/xn--porlascallesdecrdoba-p8b.com\/wp-content\/uploads\/2026\/08\/Plano-7243-M-villar-300x207.png 300w, https:\/\/xn--porlascallesdecrdoba-p8b.com\/wp-content\/uploads\/2026\/08\/Plano-7243-M-villar-768x530.png 768w\" sizes=\"auto, (max-width: 900px) 100vw, 900px\" \/><\/figure>\n<\/div>\n\n\n<p class=\"wp-block-paragraph\"><a href=\"https:\/\/earth.google.com\/web\/search\/cmarqu%c3%a9s+de+villar,+C%c3%b3rdoba\/@37.88207413,-4.7774542,113.05462847a,650.26996802d,35y,0h,0t,0r\/data=CowBGl4SWAokMHhkNmNkZjdkN2I1MjEwZWQ6MHg2MjAwMDUxMDQ5MjkxN2VjGd2TLMzn8EJAISxKZHodHBPAKh5jIG1hcnF1w6lzIGRlIHZpbGxhciwgQ8OzcmRvYmEYAiABIiYKJAl1ODgeMPFCQBF6SjycofBCQBkrmfc9uxUTwCH1fJRn6CETwEICCAE6AwoBMEICCABKDQj___________8BEAA?authuser=0\">Pincha para localizar la calle en Google Earth<\/a><\/p>\n\n\n\n<p class=\"wp-block-paragraph\" style=\"font-size:20px\">Desde la plaza de \u201cJer\u00f3nimo P\u00e1ez\u201d tomaremos la calle con la que hace esquina el palacio, es <strong>\u201cMarqu\u00e9s de Villar\u201d<\/strong>, nombre que toma de Juan P\u00e9rez de Saavedra y Feij\u00f3o, I marqu\u00e9s del Villar, quien fue asesinado en esta calle como consecuencia de una discusi\u00f3n, viv\u00eda en la casa que a\u00fan se conserva en la cercana plaza \u201cS\u00e9neca\u201d. Al morir sin descendencia, el t\u00edtulo lo heredar\u00e1 su hermano Luis, quien ser\u00eda bisabuelo del escritor rom\u00e1ntico y pol\u00edtico liberal del siglo XIX, \u00c1ngel de Saavedra, m\u00e1s conocido como el Duque de Rivas.<\/p>\n\n\n\n<p class=\"wp-block-paragraph\" style=\"font-size:20px\">Seg\u00fan la profesora M\u00aa \u00c1ngeles Jordano, en 1481 esta calle era conoc\u00eda como \u201cBarrera del Comendador Moscoso\u201d, el primer tramo, tras el recodo que hace la calle, cambia el nombre por el de \u201cCostanilla de Baena\u201d. Ya en el plano de 1811 aparece con el top\u00f3nimo actual.<\/p>\n\n\n\n<p class=\"wp-block-paragraph\" style=\"font-size:20px\">Ambrosio de Morales en sus \u201cPaseos por C\u00f3rdoba\u201d nos dice que \u201c<em>la tarde del 13 de abril de 1717, hubo funci\u00f3n de toros en el Campo de la Merced y en ella trab\u00f3se una cuesti\u00f3n entre algunos toreros y unos negros o morenos esclavos de los nobles, entre ellos uno del Marqu\u00e9s del Villar, que no sali\u00f3 bien parado en la pol\u00e9mica; dicho se\u00f1or sali\u00f3 a la defensa de su sirviente, otros tres nobles tomaron la de los otros y trab\u00f3se entre ellos una segunda cuesti\u00f3n m\u00e1s grave que la primera por la clase de personas que en ella figuraban; sin embargo, en la causa resulta quien atestig\u00fce que despu\u00e9s se hicieron amigos, y en se\u00f1al de tales se dieron mutuamente las manos. Todo, al parecer, qued\u00f3 en calma y aquella noche se march\u00f3 el Marqu\u00e9s, como de costumbre, de tertulia a casa de un amigo y primo, morador en la hoy casa de los se\u00f1ores Trevillas (<\/em>casa de los P\u00e1ez<em>); al salir en las callejas del Corpus Christi lo estaban esperando tres hombres que arremetieron contra \u00e9l a estocadas, hiri\u00e9ndolo mortalmente y corriendo despu\u00e9s hacia el Horno del Cristo, seg\u00fan una mujer que al ruido se asom\u00f3 dando voces de socorro y diciendo despu\u00e9s hacia d\u00f3nde hu\u00edan: el Marqu\u00e9s, vi\u00e9ndose tan mal parado, intent\u00f3 irse a su casa, llegando hasta la gran puerta que d\u00e1 entrada al picadero y jard\u00edn, donde cay\u00f3, indicando antes de espirar los nombres de los tres citados caballeros, que en seguida fueron presos por la autoridad como presuntos autores de aquel alevoso asesinato: el cad\u00e1ver fu\u00e9 sepultado con gran pompa en el enterramiento familiar que ten\u00eda en la parroquia de Santo Domingo de Silos. Desde \u00e9ste tiempo se llama este sitio callejas del Marqu\u00e9s del Villar, en cuya memoria colocaron tambi\u00e9n un hermoso Nazareno en lienzo, que vimos desaparecer en 1841\u201d.<\/em><\/p>\n\n\n\n<p class=\"wp-block-paragraph\" style=\"font-size:20px\"><em>A<\/em>nteriormente la calle recib\u00eda el nombre de \u201cCuestezuela de Baena\u201d, por ser este el apellido de un vecino, posteriormente tom\u00f3 el nombre de una ermita que aqu\u00ed hab\u00eda, \u201cSan Benito\u201d, pero tras la fundaci\u00f3n del convento del \u201cCorpus Christi\u201d, pas\u00f3 a denominarse \u201ccallejas del Corpus Christi\u201d.<\/p>\n\n\n\n<p class=\"wp-block-paragraph\" style=\"font-size:20px\">En esta calle encontramos una portada barroca de una iglesia, se encuentra en la pared del Museo Arqueol\u00f3gico y fue trasladada a este lugar procedente de la localidad cordobesa de Lucena, pues el derribo del convento de Santa Ana de dicha localidad coincidi\u00f3 con las obras de adaptaci\u00f3n a museo. Esta pieza fue inventariada por Samuel de los Santos, quien detalla en el Inventario General, que una de las columnas salom\u00f3nicas se quebr\u00f3 al descargarla del cami\u00f3n. La puerta de madera original fue eliminada el a\u00f1o 2004 debido a su deterioro. Su fin era ser una salida del museo desde el denominado \u201cPatio de los Aromas\u201d.<\/p>\n\n\n<div class=\"wp-block-image\">\n<figure class=\"alignleft size-full is-resized\"><img loading=\"lazy\" decoding=\"async\" width=\"341\" height=\"566\" src=\"https:\/\/xn--porlascallesdecrdoba-p8b.com\/wp-content\/uploads\/2026\/08\/image-280.png\" alt=\"\" class=\"wp-image-7674\" style=\"aspect-ratio:0.6024791563138424;width:279px;height:auto\" srcset=\"https:\/\/xn--porlascallesdecrdoba-p8b.com\/wp-content\/uploads\/2026\/08\/image-280.png 341w, https:\/\/xn--porlascallesdecrdoba-p8b.com\/wp-content\/uploads\/2026\/08\/image-280-181x300.png 181w\" sizes=\"auto, (max-width: 341px) 100vw, 341px\" \/><\/figure>\n<\/div>\n\n\n<p class=\"wp-block-paragraph\" style=\"font-size:20px\"><\/p>\n\n\n\n<p class=\"wp-block-paragraph\" style=\"font-size:20px\">La barroca portada de m\u00e1rmol de diversos colores est\u00e1 enmarcada por dos columnas salom\u00f3nicas con capitel corintio que, sustentan un entablamento partido al centro preside la portada, una hornacina con la imagen de Santa Ana, ense\u00f1ando a leer a su nieta, la Virgen Mar\u00eda.<\/p>\n\n\n\n<p class=\"wp-block-paragraph\" style=\"font-size:20px\">Junto a esta portada se encuentra una reja que cierra una calle en escalera, sin salida, es un callej\u00f3n de median\u00eda de los edificios, entre los que se encuentra el museo y, al final, el colegio \u201cSanta Victoria\u201d.<\/p>\n\n\n\n<p class=\"wp-block-paragraph\" style=\"font-size:20px\">Finaliza \u201cMarqu\u00e9s del Villar\u201d en la calle \u201cAmbrosio de Morales\u201d, perteneciente ya en la collaci\u00f3n de Santo Domingo.<\/p>\n\n\n\n<figure class=\"wp-block-gallery has-nested-images columns-default is-cropped wp-block-gallery-1 is-layout-flex wp-block-gallery-is-layout-flex\">\n<figure class=\"wp-block-image size-large\"><a href=\"https:\/\/xn--porlascallesdecrdoba-p8b.com\/?page_id=7241\"><img loading=\"lazy\" decoding=\"async\" width=\"218\" height=\"72\" data-id=\"6503\" src=\"https:\/\/xn--porlascallesdecrdoba-p8b.com\/wp-content\/uploads\/2026\/08\/Captura-de-pantalla-2026-08-14-215034.png\" alt=\"\" class=\"wp-image-6503\"\/><\/a><\/figure>\n\n\n\n<figure class=\"wp-block-image size-full\"><a href=\"https:\/\/xn--porlascallesdecrdoba-p8b.com\/?page_id=5727\"><img loading=\"lazy\" decoding=\"async\" width=\"211\" height=\"63\" data-id=\"6505\" src=\"https:\/\/xn--porlascallesdecrdoba-p8b.com\/wp-content\/uploads\/2026\/08\/Captura-de-pantalla-2026-08-14-215040.png\" alt=\"\" class=\"wp-image-6505\"\/><\/a><\/figure>\n\n\n\n<figure class=\"wp-block-image size-large\"><a href=\"https:\/\/xn--porlascallesdecrdoba-p8b.com\/?page_id=769\"><img loading=\"lazy\" decoding=\"async\" width=\"214\" height=\"64\" data-id=\"6504\" src=\"https:\/\/xn--porlascallesdecrdoba-p8b.com\/wp-content\/uploads\/2026\/08\/Captura-de-pantalla-2026-08-14-215047.png\" alt=\"\" class=\"wp-image-6504\"\/><\/a><\/figure>\n<\/figure>\n\n\n\n<p class=\"wp-block-paragraph\"><\/p>\n","protected":false},"excerpt":{"rendered":"<p>Pincha para localizar la calle en Google Earth Desde la plaza de \u201cJer\u00f3nimo P\u00e1ez\u201d tomaremos la calle con la que hace esquina el palacio, es \u201cMarqu\u00e9s de Villar\u201d, nombre que <a class=\"more-link\" href=\"https:\/\/xn--porlascallesdecrdoba-p8b.com\/?page_id=7243\">Seguir leyendo &rarr;<\/a><\/p>\n","protected":false},"author":1,"featured_media":0,"parent":0,"menu_order":0,"comment_status":"closed","ping_status":"closed","template":"","meta":{"footnotes":""},"class_list":["post-7243","page","type-page","status-publish","hentry"],"_links":{"self":[{"href":"https:\/\/xn--porlascallesdecrdoba-p8b.com\/index.php?rest_route=\/wp\/v2\/pages\/7243","targetHints":{"allow":["GET"]}}],"collection":[{"href":"https:\/\/xn--porlascallesdecrdoba-p8b.com\/index.php?rest_route=\/wp\/v2\/pages"}],"about":[{"href":"https:\/\/xn--porlascallesdecrdoba-p8b.com\/index.php?rest_route=\/wp\/v2\/types\/page"}],"author":[{"embeddable":true,"href":"https:\/\/xn--porlascallesdecrdoba-p8b.com\/index.php?rest_route=\/wp\/v2\/users\/1"}],"replies":[{"embeddable":true,"href":"https:\/\/xn--porlascallesdecrdoba-p8b.com\/index.php?rest_route=%2Fwp%2Fv2%2Fcomments&post=7243"}],"version-history":[{"count":13,"href":"https:\/\/xn--porlascallesdecrdoba-p8b.com\/index.php?rest_route=\/wp\/v2\/pages\/7243\/revisions"}],"predecessor-version":[{"id":8030,"href":"https:\/\/xn--porlascallesdecrdoba-p8b.com\/index.php?rest_route=\/wp\/v2\/pages\/7243\/revisions\/8030"}],"wp:attachment":[{"href":"https:\/\/xn--porlascallesdecrdoba-p8b.com\/index.php?rest_route=%2Fwp%2Fv2%2Fmedia&parent=7243"}],"curies":[{"name":"wp","href":"https:\/\/api.w.org\/{rel}","templated":true}]}}

Marqués de Villar

<div class="wp-block-image">
<figure class="alignright size-full is-resized"><img loading="lazy" decoding="async" width="900" height="621" src="https://xn--porlascallesdecrdoba-p8b.com/wp-content/uploads/2026/08/Plano-7243-M-villar.png" alt="" class="wp-image-7672" style="aspect-ratio:1.4493163868995387;width:479px;height:auto" srcset="https://xn--porlascallesdecrdoba-p8b.com/wp-content/uploads/2026/08/Plano-7243-M-villar.png 900w, https://xn--porlascallesdecrdoba-p8b.com/wp-content/uploads/2026/08/Plano-7243-M-villar-300x207.png 300w, https://xn--porlascallesdecrdoba-p8b.com/wp-content/uploads/2026/08/Plano-7243-M-villar-768x530.png 768w" sizes="auto, (max-width: 900px) 100vw, 900px" /></figure>
</div>


<p class="wp-block-paragraph"><a href="https://earth.google.com/web/search/cmarqu%c3%a9s+de+villar,+C%c3%b3rdoba/@37.88207413,-4.7774542,113.05462847a,650.26996802d,35y,0h,0t,0r/data=CowBGl4SWAokMHhkNmNkZjdkN2I1MjEwZWQ6MHg2MjAwMDUxMDQ5MjkxN2VjGd2TLMzn8EJAISxKZHodHBPAKh5jIG1hcnF1w6lzIGRlIHZpbGxhciwgQ8OzcmRvYmEYAiABIiYKJAl1ODgeMPFCQBF6SjycofBCQBkrmfc9uxUTwCH1fJRn6CETwEICCAE6AwoBMEICCABKDQj___________8BEAA?authuser=0">Pincha para localizar la calle en Google Earth</a></p>



<p class="wp-block-paragraph" style="font-size:20px">Desde la plaza de “Jerónimo Páez” tomaremos la calle con la que hace esquina el palacio, es <strong>“Marqués de Villar”</strong>, nombre que toma de Juan Pérez de Saavedra y Feijóo, I marqués del Villar, quien fue asesinado en esta calle como consecuencia de una discusión, vivía en la casa que aún se conserva en la cercana plaza “Séneca”. Al morir sin descendencia, el título lo heredará su hermano Luis, quien sería bisabuelo del escritor romántico y político liberal del siglo XIX, Ángel de Saavedra, más conocido como el Duque de Rivas.</p>



<p class="wp-block-paragraph" style="font-size:20px">Según la profesora Mª Ángeles Jordano, en 1481 esta calle era conocía como “Barrera del Comendador Moscoso”, el primer tramo, tras el recodo que hace la calle, cambia el nombre por el de “Costanilla de Baena”. Ya en el plano de 1811 aparece con el topónimo actual.</p>



<p class="wp-block-paragraph" style="font-size:20px">Ambrosio de Morales en sus “Paseos por Córdoba” nos dice que “<em>la tarde del 13 de abril de 1717, hubo función de toros en el Campo de la Merced y en ella trabóse una cuestión entre algunos toreros y unos negros o morenos esclavos de los nobles, entre ellos uno del Marqués del Villar, que no salió bien parado en la polémica; dicho señor salió a la defensa de su sirviente, otros tres nobles tomaron la de los otros y trabóse entre ellos una segunda cuestión más grave que la primera por la clase de personas que en ella figuraban; sin embargo, en la causa resulta quien atestigüe que después se hicieron amigos, y en señal de tales se dieron mutuamente las manos. Todo, al parecer, quedó en calma y aquella noche se marchó el Marqués, como de costumbre, de tertulia a casa de un amigo y primo, morador en la hoy casa de los señores Trevillas (</em>casa de los Páez<em>); al salir en las callejas del Corpus Christi lo estaban esperando tres hombres que arremetieron contra él a estocadas, hiriéndolo mortalmente y corriendo después hacia el Horno del Cristo, según una mujer que al ruido se asomó dando voces de socorro y diciendo después hacia dónde huían: el Marqués, viéndose tan mal parado, intentó irse a su casa, llegando hasta la gran puerta que dá entrada al picadero y jardín, donde cayó, indicando antes de espirar los nombres de los tres citados caballeros, que en seguida fueron presos por la autoridad como presuntos autores de aquel alevoso asesinato: el cadáver fué sepultado con gran pompa en el enterramiento familiar que tenía en la parroquia de Santo Domingo de Silos. Desde éste tiempo se llama este sitio callejas del Marqués del Villar, en cuya memoria colocaron también un hermoso Nazareno en lienzo, que vimos desaparecer en 1841”.</em></p>



<p class="wp-block-paragraph" style="font-size:20px"><em>A</em>nteriormente la calle recibía el nombre de “Cuestezuela de Baena”, por ser este el apellido de un vecino, posteriormente tomó el nombre de una ermita que aquí había, “San Benito”, pero tras la fundación del convento del “Corpus Christi”, pasó a denominarse “callejas del Corpus Christi”.</p>



<p class="wp-block-paragraph" style="font-size:20px">En esta calle encontramos una portada barroca de una iglesia, se encuentra en la pared del Museo Arqueológico y fue trasladada a este lugar procedente de la localidad cordobesa de Lucena, pues el derribo del convento de Santa Ana de dicha localidad coincidió con las obras de adaptación a museo. Esta pieza fue inventariada por Samuel de los Santos, quien detalla en el Inventario General, que una de las columnas salomónicas se quebró al descargarla del camión. La puerta de madera original fue eliminada el año 2004 debido a su deterioro. Su fin era ser una salida del museo desde el denominado “Patio de los Aromas”.</p>


<div class="wp-block-image">
<figure class="alignleft size-full is-resized"><img loading="lazy" decoding="async" width="341" height="566" src="https://xn--porlascallesdecrdoba-p8b.com/wp-content/uploads/2026/08/image-280.png" alt="" class="wp-image-7674" style="aspect-ratio:0.6024791563138424;width:279px;height:auto" srcset="https://xn--porlascallesdecrdoba-p8b.com/wp-content/uploads/2026/08/image-280.png 341w, https://xn--porlascallesdecrdoba-p8b.com/wp-content/uploads/2026/08/image-280-181x300.png 181w" sizes="auto, (max-width: 341px) 100vw, 341px" /></figure>
</div>


<p class="wp-block-paragraph" style="font-size:20px"></p>



<p class="wp-block-paragraph" style="font-size:20px">La barroca portada de mármol de diversos colores está enmarcada por dos columnas salomónicas con capitel corintio que, sustentan un entablamento partido al centro preside la portada, una hornacina con la imagen de Santa Ana, enseñando a leer a su nieta, la Virgen María.</p>



<p class="wp-block-paragraph" style="font-size:20px">Junto a esta portada se encuentra una reja que cierra una calle en escalera, sin salida, es un callejón de medianía de los edificios, entre los que se encuentra el museo y, al final, el colegio “Santa Victoria”.</p>



<p class="wp-block-paragraph" style="font-size:20px">Finaliza “Marqués del Villar” en la calle “Ambrosio de Morales”, perteneciente ya en la collación de Santo Domingo.</p>



<figure class="wp-block-gallery has-nested-images columns-default is-cropped wp-block-gallery-1 is-layout-flex wp-block-gallery-is-layout-flex">
<figure class="wp-block-image size-large"><a href="https://xn--porlascallesdecrdoba-p8b.com/?page_id=7241"><img loading="lazy" decoding="async" width="218" height="72" data-id="6503" src="https://xn--porlascallesdecrdoba-p8b.com/wp-content/uploads/2026/08/Captura-de-pantalla-2026-08-14-215034.png" alt="" class="wp-image-6503"/></a></figure>



<figure class="wp-block-image size-full"><a href="https://xn--porlascallesdecrdoba-p8b.com/?page_id=5727"><img loading="lazy" decoding="async" width="211" height="63" data-id="6505" src="https://xn--porlascallesdecrdoba-p8b.com/wp-content/uploads/2026/08/Captura-de-pantalla-2026-08-14-215040.png" alt="" class="wp-image-6505"/></a></figure>



<figure class="wp-block-image size-large"><a href="https://xn--porlascallesdecrdoba-p8b.com/?page_id=769"><img loading="lazy" decoding="async" width="214" height="64" data-id="6504" src="https://xn--porlascallesdecrdoba-p8b.com/wp-content/uploads/2026/08/Captura-de-pantalla-2026-08-14-215047.png" alt="" class="wp-image-6504"/></a></figure>
</figure>



<p class="wp-block-paragraph"></p>

<p>Pincha para localizar la calle en Google Earth Desde la plaza de “Jerónimo Páez” tomaremos la calle con la que hace esquina el palacio, es “Marqués de Villar”, nombre que <a class="more-link" href="https://xn--porlascallesdecrdoba-p8b.com/?page_id=7243">Seguir leyendo &rarr;</a></p>
