{"id":7722,"date":"2026-08-29T16:53:11","date_gmt":"2026-08-29T16:53:11","guid":{"rendered":"https:\/\/xn--porlascallesdecrdoba-p8b.com\/?page_id=7722"},"modified":"2026-09-04T16:52:43","modified_gmt":"2026-09-04T16:52:43","slug":"capillas-pared-sur","status":"publish","type":"page","link":"https:\/\/xn--porlascallesdecrdoba-p8b.com\/?page_id=7722","title":{"rendered":"Capillas pared sur"},"content":{"rendered":"\n<p class=\"wp-block-paragraph\" style=\"font-size:20px\">La pared sur es la que menos capillas cristianas posee, es la pared de la <em>qibla<\/em>, donde se encuentra el <em>mihrab<\/em>, al final del siglo XIX y durante el inicio del XX, hubo una pol\u00edtica de eliminaci\u00f3n de las capillas cristianas adosadas a los muros para poner en valor la construcci\u00f3n isl\u00e1mica, pero en la segunda mitad del s. XX se dieron cuenta de que se estaban eliminando buenas obras de arte de quinientos a\u00f1os de historia, por lo que se detuvo el desmontaje de las capillas.<\/p>\n\n\n\n<figure class=\"wp-block-image size-full\"><img loading=\"lazy\" decoding=\"async\" width=\"984\" height=\"531\" src=\"https:\/\/xn--porlascallesdecrdoba-p8b.com\/wp-content\/uploads\/2026\/08\/image-291.png\" alt=\"\" class=\"wp-image-7751\" srcset=\"https:\/\/xn--porlascallesdecrdoba-p8b.com\/wp-content\/uploads\/2026\/08\/image-291.png 984w, https:\/\/xn--porlascallesdecrdoba-p8b.com\/wp-content\/uploads\/2026\/08\/image-291-300x162.png 300w, https:\/\/xn--porlascallesdecrdoba-p8b.com\/wp-content\/uploads\/2026\/08\/image-291-768x414.png 768w\" sizes=\"auto, (max-width: 984px) 100vw, 984px\" \/><\/figure>\n\n\n\n<p class=\"wp-block-paragraph\"><\/p>\n\n\n\n<p class=\"wp-block-paragraph\" style=\"font-size:20px\">En el \u00abCentro de Informaci\u00f3n y Recepci\u00f3n del Patio de San Eulogio\u00bb se expone un plano muy detallado de la Mezquita-Catedral, realizado en el a\u00f1o 1741, donde se detallan las diversas capillas y altares dentro del templo. El lateral que ha sufrido m\u00e1s cambios es el sur.<\/p>\n\n\n\n<figure class=\"wp-block-image size-full\"><img loading=\"lazy\" decoding=\"async\" width=\"880\" height=\"560\" src=\"https:\/\/xn--porlascallesdecrdoba-p8b.com\/wp-content\/uploads\/2026\/08\/image-289.png\" alt=\"\" class=\"wp-image-7748\" srcset=\"https:\/\/xn--porlascallesdecrdoba-p8b.com\/wp-content\/uploads\/2026\/08\/image-289.png 880w, https:\/\/xn--porlascallesdecrdoba-p8b.com\/wp-content\/uploads\/2026\/08\/image-289-300x191.png 300w, https:\/\/xn--porlascallesdecrdoba-p8b.com\/wp-content\/uploads\/2026\/08\/image-289-768x489.png 768w\" sizes=\"auto, (max-width: 880px) 100vw, 880px\" \/><figcaption class=\"wp-element-caption\">Plano de 1741<\/figcaption><\/figure>\n\n\n\n<p class=\"wp-block-paragraph\" style=\"font-size:20px\">En este lateral fueron varias las capillas eliminadas, se puede comparar el esquema anterior con la fotograf\u00eda del plano del a\u00f1o 1741, se aprecia como de la 10 en el siglo XVIII, en el XXI quedan 4.<\/p>\n\n\n\n<figure class=\"wp-block-image size-full\"><img loading=\"lazy\" decoding=\"async\" width=\"994\" height=\"499\" src=\"https:\/\/xn--porlascallesdecrdoba-p8b.com\/wp-content\/uploads\/2026\/08\/image-290.png\" alt=\"\" class=\"wp-image-7749\" srcset=\"https:\/\/xn--porlascallesdecrdoba-p8b.com\/wp-content\/uploads\/2026\/08\/image-290.png 994w, https:\/\/xn--porlascallesdecrdoba-p8b.com\/wp-content\/uploads\/2026\/08\/image-290-300x151.png 300w, https:\/\/xn--porlascallesdecrdoba-p8b.com\/wp-content\/uploads\/2026\/08\/image-290-768x386.png 768w\" sizes=\"auto, (max-width: 994px) 100vw, 994px\" \/><\/figure>\n\n\n\n<p class=\"wp-block-paragraph\" style=\"font-size:18px\"><em>36- Sagrario;      37- San Clemente;      38- La Anunciaci\u00f3n;      39: San Gregorio;      40- Sant In\u00e9s;             41- Sacrist\u00eda Mayor;    42- La Zena;    43- San Pedro<\/em>;    44- Phelie y Santiago;    45: San Bartolom\u00e9<\/p>\n\n\n\n<p class=\"wp-block-paragraph\" style=\"font-size:20px\">;  <\/p>\n\n\n\n<figure class=\"wp-block-gallery has-nested-images columns-default is-cropped wp-block-gallery-1 is-layout-flex wp-block-gallery-is-layout-flex\">\n<figure class=\"wp-block-image size-large\"><a href=\"https:\/\/xn--porlascallesdecrdoba-p8b.com\/?page_id=6908\"><img loading=\"lazy\" decoding=\"async\" width=\"155\" height=\"46\" data-id=\"6435\" src=\"https:\/\/xn--porlascallesdecrdoba-p8b.com\/wp-content\/uploads\/2026\/08\/Captura-de-pantalla-2026-08-10-184924-1.png\" alt=\"\" class=\"wp-image-6435\" srcset=\"https:\/\/xn--porlascallesdecrdoba-p8b.com\/wp-content\/uploads\/2026\/08\/Captura-de-pantalla-2026-08-10-184924-1.png 155w, https:\/\/xn--porlascallesdecrdoba-p8b.com\/wp-content\/uploads\/2026\/08\/Captura-de-pantalla-2026-08-10-184924-1-150x46.png 150w\" sizes=\"auto, (max-width: 155px) 100vw, 155px\" \/><\/a><\/figure>\n\n\n\n<figure class=\"wp-block-image size-full\"><a href=\"https:\/\/xn--porlascallesdecrdoba-p8b.com\/?page_id=6440\"><img loading=\"lazy\" decoding=\"async\" width=\"227\" height=\"59\" data-id=\"6436\" src=\"https:\/\/xn--porlascallesdecrdoba-p8b.com\/wp-content\/uploads\/2026\/08\/Captura-de-pantalla-2026-08-12-184912.png\" alt=\"\" class=\"wp-image-6436\"\/><\/a><\/figure>\n\n\n\n<figure class=\"wp-block-image size-large\"><a href=\"https:\/\/xn--porlascallesdecrdoba-p8b.com\/?page_id=7726\"><img loading=\"lazy\" decoding=\"async\" width=\"158\" height=\"48\" data-id=\"6434\" src=\"https:\/\/xn--porlascallesdecrdoba-p8b.com\/wp-content\/uploads\/2026\/08\/Captura-de-pantalla-2026-08-10-185011.png\" alt=\"\" class=\"wp-image-6434\"\/><\/a><\/figure>\n<\/figure>\n\n\n\n<p class=\"wp-block-paragraph\"><\/p>\n","protected":false},"excerpt":{"rendered":"<p>La pared sur es la que menos capillas cristianas posee, es la pared de la qibla, donde se encuentra el mihrab, al final del siglo XIX y durante el inicio <a class=\"more-link\" href=\"https:\/\/xn--porlascallesdecrdoba-p8b.com\/?page_id=7722\">Seguir leyendo &rarr;<\/a><\/p>\n","protected":false},"author":1,"featured_media":0,"parent":0,"menu_order":0,"comment_status":"closed","ping_status":"closed","template":"","meta":{"footnotes":""},"class_list":["post-7722","page","type-page","status-publish","hentry"],"_links":{"self":[{"href":"https:\/\/xn--porlascallesdecrdoba-p8b.com\/index.php?rest_route=\/wp\/v2\/pages\/7722","targetHints":{"allow":["GET"]}}],"collection":[{"href":"https:\/\/xn--porlascallesdecrdoba-p8b.com\/index.php?rest_route=\/wp\/v2\/pages"}],"about":[{"href":"https:\/\/xn--porlascallesdecrdoba-p8b.com\/index.php?rest_route=\/wp\/v2\/types\/page"}],"author":[{"embeddable":true,"href":"https:\/\/xn--porlascallesdecrdoba-p8b.com\/index.php?rest_route=\/wp\/v2\/users\/1"}],"replies":[{"embeddable":true,"href":"https:\/\/xn--porlascallesdecrdoba-p8b.com\/index.php?rest_route=%2Fwp%2Fv2%2Fcomments&post=7722"}],"version-history":[{"count":14,"href":"https:\/\/xn--porlascallesdecrdoba-p8b.com\/index.php?rest_route=\/wp\/v2\/pages\/7722\/revisions"}],"predecessor-version":[{"id":8126,"href":"https:\/\/xn--porlascallesdecrdoba-p8b.com\/index.php?rest_route=\/wp\/v2\/pages\/7722\/revisions\/8126"}],"wp:attachment":[{"href":"https:\/\/xn--porlascallesdecrdoba-p8b.com\/index.php?rest_route=%2Fwp%2Fv2%2Fmedia&parent=7722"}],"curies":[{"name":"wp","href":"https:\/\/api.w.org\/{rel}","templated":true}]}}

<p class="wp-block-paragraph" style="font-size:20px">La pared sur es la que menos capillas cristianas posee, es la pared de la <em>qibla</em>, donde se encuentra el <em>mihrab</em>, al final del siglo XIX y durante el inicio del XX, hubo una política de eliminación de las capillas cristianas adosadas a los muros para poner en valor la construcción islámica, pero en la segunda mitad del s. XX se dieron cuenta de que se estaban eliminando buenas obras de arte de quinientos años de historia, por lo que se detuvo el desmontaje de las capillas.</p>



<figure class="wp-block-image size-full"><img loading="lazy" decoding="async" width="984" height="531" src="https://xn--porlascallesdecrdoba-p8b.com/wp-content/uploads/2026/08/image-291.png" alt="" class="wp-image-7751" srcset="https://xn--porlascallesdecrdoba-p8b.com/wp-content/uploads/2026/08/image-291.png 984w, https://xn--porlascallesdecrdoba-p8b.com/wp-content/uploads/2026/08/image-291-300x162.png 300w, https://xn--porlascallesdecrdoba-p8b.com/wp-content/uploads/2026/08/image-291-768x414.png 768w" sizes="auto, (max-width: 984px) 100vw, 984px" /></figure>



<p class="wp-block-paragraph"></p>



<p class="wp-block-paragraph" style="font-size:20px">En el «Centro de Información y Recepción del Patio de San Eulogio» se expone un plano muy detallado de la Mezquita-Catedral, realizado en el año 1741, donde se detallan las diversas capillas y altares dentro del templo. El lateral que ha sufrido más cambios es el sur.</p>



<figure class="wp-block-image size-full"><img loading="lazy" decoding="async" width="880" height="560" src="https://xn--porlascallesdecrdoba-p8b.com/wp-content/uploads/2026/08/image-289.png" alt="" class="wp-image-7748" srcset="https://xn--porlascallesdecrdoba-p8b.com/wp-content/uploads/2026/08/image-289.png 880w, https://xn--porlascallesdecrdoba-p8b.com/wp-content/uploads/2026/08/image-289-300x191.png 300w, https://xn--porlascallesdecrdoba-p8b.com/wp-content/uploads/2026/08/image-289-768x489.png 768w" sizes="auto, (max-width: 880px) 100vw, 880px" /><figcaption class="wp-element-caption">Plano de 1741</figcaption></figure>



<p class="wp-block-paragraph" style="font-size:20px">En este lateral fueron varias las capillas eliminadas, se puede comparar el esquema anterior con la fotografía del plano del año 1741, se aprecia como de la 10 en el siglo XVIII, en el XXI quedan 4.</p>



<figure class="wp-block-image size-full"><img loading="lazy" decoding="async" width="994" height="499" src="https://xn--porlascallesdecrdoba-p8b.com/wp-content/uploads/2026/08/image-290.png" alt="" class="wp-image-7749" srcset="https://xn--porlascallesdecrdoba-p8b.com/wp-content/uploads/2026/08/image-290.png 994w, https://xn--porlascallesdecrdoba-p8b.com/wp-content/uploads/2026/08/image-290-300x151.png 300w, https://xn--porlascallesdecrdoba-p8b.com/wp-content/uploads/2026/08/image-290-768x386.png 768w" sizes="auto, (max-width: 994px) 100vw, 994px" /></figure>



<p class="wp-block-paragraph" style="font-size:18px"><em>36- Sagrario;      37- San Clemente;      38- La Anunciación;      39: San Gregorio;      40- Sant Inés;             41- Sacristía Mayor;    42- La Zena;    43- San Pedro</em>;    44- Phelie y Santiago;    45: San Bartolomé</p>



<p class="wp-block-paragraph" style="font-size:20px">;  </p>



<figure class="wp-block-gallery has-nested-images columns-default is-cropped wp-block-gallery-1 is-layout-flex wp-block-gallery-is-layout-flex">
<figure class="wp-block-image size-large"><a href="https://xn--porlascallesdecrdoba-p8b.com/?page_id=6908"><img loading="lazy" decoding="async" width="155" height="46" data-id="6435" src="https://xn--porlascallesdecrdoba-p8b.com/wp-content/uploads/2026/08/Captura-de-pantalla-2026-08-10-184924-1.png" alt="" class="wp-image-6435" srcset="https://xn--porlascallesdecrdoba-p8b.com/wp-content/uploads/2026/08/Captura-de-pantalla-2026-08-10-184924-1.png 155w, https://xn--porlascallesdecrdoba-p8b.com/wp-content/uploads/2026/08/Captura-de-pantalla-2026-08-10-184924-1-150x46.png 150w" sizes="auto, (max-width: 155px) 100vw, 155px" /></a></figure>



<figure class="wp-block-image size-full"><a href="https://xn--porlascallesdecrdoba-p8b.com/?page_id=6440"><img loading="lazy" decoding="async" width="227" height="59" data-id="6436" src="https://xn--porlascallesdecrdoba-p8b.com/wp-content/uploads/2026/08/Captura-de-pantalla-2026-08-12-184912.png" alt="" class="wp-image-6436"/></a></figure>



<figure class="wp-block-image size-large"><a href="https://xn--porlascallesdecrdoba-p8b.com/?page_id=7726"><img loading="lazy" decoding="async" width="158" height="48" data-id="6434" src="https://xn--porlascallesdecrdoba-p8b.com/wp-content/uploads/2026/08/Captura-de-pantalla-2026-08-10-185011.png" alt="" class="wp-image-6434"/></a></figure>
</figure>



<p class="wp-block-paragraph"></p>
