{"id":7726,"date":"2026-08-29T16:56:07","date_gmt":"2026-08-29T16:56:07","guid":{"rendered":"https:\/\/xn--porlascallesdecrdoba-p8b.com\/?page_id=7726"},"modified":"2026-09-04T16:57:18","modified_gmt":"2026-09-04T16:57:18","slug":"capilla-13-s-esteban-y-s-bartolome","status":"publish","type":"page","link":"https:\/\/xn--porlascallesdecrdoba-p8b.com\/?page_id=7726","title":{"rendered":"Capilla 13: San Esteban y San Bartolom\u00e9"},"content":{"rendered":"<div class=\"wp-block-image\">\n<figure class=\"alignright size-large is-resized\"><img loading=\"lazy\" decoding=\"async\" width=\"1024\" height=\"768\" src=\"https:\/\/xn--porlascallesdecrdoba-p8b.com\/wp-content\/uploads\/2026\/08\/15-08-12-248-1024x768.jpg\" alt=\"\" class=\"wp-image-7771\" style=\"width:357px;height:auto\" srcset=\"https:\/\/xn--porlascallesdecrdoba-p8b.com\/wp-content\/uploads\/2026\/08\/15-08-12-248-1024x768.jpg 1024w, https:\/\/xn--porlascallesdecrdoba-p8b.com\/wp-content\/uploads\/2026\/08\/15-08-12-248-300x225.jpg 300w, https:\/\/xn--porlascallesdecrdoba-p8b.com\/wp-content\/uploads\/2026\/08\/15-08-12-248-768x576.jpg 768w, https:\/\/xn--porlascallesdecrdoba-p8b.com\/wp-content\/uploads\/2026\/08\/15-08-12-248-1536x1152.jpg 1536w, https:\/\/xn--porlascallesdecrdoba-p8b.com\/wp-content\/uploads\/2026\/08\/15-08-12-248-2048x1536.jpg 2048w\" sizes=\"auto, (max-width: 1024px) 100vw, 1024px\" \/><\/figure>\n<\/div>\n\n\n<p class=\"wp-block-paragraph\" style=\"font-size:20px\">La capilla m\u00e1s occidental en el muro sur es la n\u00famero trece, <strong>\u00abSan Esteban y San Bartolom\u00e9\u00bb<\/strong>, fue construida en el siglo XIII, pero no es hasta el 1330 que se conocen datos de ella, como el enterramiento de Mart\u00edn Mu\u00f1oz, uno de los primeros repobladores de C\u00f3rdoba, alcalde de la ciudad en 1264. Desde el a\u00f1o 1490 el patronato de esta capilla, ya con el t\u00edtulo de San Bartolom\u00e9, pertenece a la familia G\u00f3ngora, cuyo escudo se encuentra en un lienzo sobre la reja de entrada, descendientes de la familia G\u00f3ngora fue Juan Francisco Xim\u00e9nez de G\u00f3ngora y Castillejo, I marqu\u00e9s del Almod\u00f3var del R\u00edo, desde 1667, que pasar\u00eda a ser ducado en 1780.<\/p>\n\n\n<div class=\"wp-block-image\">\n<figure class=\"alignright size-full\"><img loading=\"lazy\" decoding=\"async\" width=\"507\" height=\"418\" src=\"https:\/\/xn--porlascallesdecrdoba-p8b.com\/wp-content\/uploads\/2026\/08\/image-292.png\" alt=\"\" class=\"wp-image-7770\" srcset=\"https:\/\/xn--porlascallesdecrdoba-p8b.com\/wp-content\/uploads\/2026\/08\/image-292.png 507w, https:\/\/xn--porlascallesdecrdoba-p8b.com\/wp-content\/uploads\/2026\/08\/image-292-300x247.png 300w\" sizes=\"auto, (max-width: 507px) 100vw, 507px\" \/><\/figure>\n<\/div>\n\n\n<p class=\"wp-block-paragraph\" style=\"font-size:20px\"><\/p>\n\n\n\n<p class=\"wp-block-paragraph\" style=\"font-size:20px\"><\/p>\n\n\n\n<p class=\"wp-block-paragraph\" style=\"font-size:20px\">Desde el punto de vista art\u00edstico la capilla no tiene elementos destacables, pues la pintura del \u00abMartirio de San Bartolom\u00e9\u00bb es una copia de un autor local del siglo XVII inspirada en el grabado de Jos\u00e9 de Ribera.<\/p>\n\n\n<div class=\"wp-block-image\">\n<figure class=\"aligncenter size-full is-resized\"><img loading=\"lazy\" decoding=\"async\" width=\"945\" height=\"621\" src=\"https:\/\/xn--porlascallesdecrdoba-p8b.com\/wp-content\/uploads\/2026\/08\/image-294.png\" alt=\"\" class=\"wp-image-7773\" style=\"aspect-ratio:1.5217714370634567;width:656px;height:auto\" srcset=\"https:\/\/xn--porlascallesdecrdoba-p8b.com\/wp-content\/uploads\/2026\/08\/image-294.png 945w, https:\/\/xn--porlascallesdecrdoba-p8b.com\/wp-content\/uploads\/2026\/08\/image-294-300x197.png 300w, https:\/\/xn--porlascallesdecrdoba-p8b.com\/wp-content\/uploads\/2026\/08\/image-294-768x505.png 768w\" sizes=\"auto, (max-width: 945px) 100vw, 945px\" \/><\/figure>\n<\/div>\n\n\n<p class=\"wp-block-paragraph\" style=\"font-size:20px\">Los azulejos\u00a0de la mesa de altar y los laterales\u00a0son de fines del siglo XV.\u00a0<\/p>\n\n\n<div class=\"wp-block-image\">\n<figure class=\"alignright size-full is-resized\"><img loading=\"lazy\" decoding=\"async\" width=\"757\" height=\"622\" src=\"https:\/\/xn--porlascallesdecrdoba-p8b.com\/wp-content\/uploads\/2026\/09\/image-13.png\" alt=\"\" class=\"wp-image-8128\" style=\"aspect-ratio:1.2170472529957044;width:399px;height:auto\" srcset=\"https:\/\/xn--porlascallesdecrdoba-p8b.com\/wp-content\/uploads\/2026\/09\/image-13.png 757w, https:\/\/xn--porlascallesdecrdoba-p8b.com\/wp-content\/uploads\/2026\/09\/image-13-300x246.png 300w\" sizes=\"auto, (max-width: 757px) 100vw, 757px\" \/><\/figure>\n<\/div>\n\n\n<p class=\"wp-block-paragraph\" style=\"font-size:20px\">En 1718 se reform\u00f3 la cubierta de la capilla instalando una b\u00f3veda\u00a0y lucernario barrocos. En 1985 se derriban las capillas laterales para poner en valor las arquer\u00edas de la <em>qibla<\/em>. El lienzo del Martirio de San Bartolom\u00e9 es una copia de un maestro local del XVII de un original de Jos\u00e9 de Rivera.<\/p>\n\n\n<div class=\"wp-block-image\">\n<figure class=\"alignleft size-large is-resized\"><img loading=\"lazy\" decoding=\"async\" width=\"1024\" height=\"768\" src=\"https:\/\/xn--porlascallesdecrdoba-p8b.com\/wp-content\/uploads\/2026\/08\/15-08-12-250-1024x768.jpg\" alt=\"\" class=\"wp-image-7782\" style=\"width:367px;height:auto\" srcset=\"https:\/\/xn--porlascallesdecrdoba-p8b.com\/wp-content\/uploads\/2026\/08\/15-08-12-250-1024x768.jpg 1024w, https:\/\/xn--porlascallesdecrdoba-p8b.com\/wp-content\/uploads\/2026\/08\/15-08-12-250-300x225.jpg 300w, https:\/\/xn--porlascallesdecrdoba-p8b.com\/wp-content\/uploads\/2026\/08\/15-08-12-250-768x576.jpg 768w, https:\/\/xn--porlascallesdecrdoba-p8b.com\/wp-content\/uploads\/2026\/08\/15-08-12-250-1536x1152.jpg 1536w, https:\/\/xn--porlascallesdecrdoba-p8b.com\/wp-content\/uploads\/2026\/08\/15-08-12-250-2048x1536.jpg 2048w\" sizes=\"auto, (max-width: 1024px) 100vw, 1024px\" \/><figcaption class=\"wp-element-caption\">Urna con los restos de Luis de G\u00f3ngora<\/figcaption><\/figure>\n<\/div>\n\n\n<p class=\"wp-block-paragraph\" style=\"font-size:20px\">En el a\u00f1o 1857, don Joaqu\u00edn Fern\u00e1ndez de C\u00f3rdoba y Pulido solicita permiso al Cabildo para exhumar los restos del poeta don Luis de G\u00f3ngora y Argote, fallecido en 1627. Al a\u00f1o siguiente, los restos se colocar\u00edan en el muro occidental en cajas de plomo y madera, y sobre ellos se puso una extensa inscripci\u00f3n latina en m\u00e1rmol blanco.<\/p>\n\n\n\n<p class=\"wp-block-paragraph\" style=\"font-size:20px\">Al liberar las arquer\u00edas laterales de cerramiento, la l\u00e1pida se coloc\u00f3 a la derecha del altar y los restos en el interior de una urna de m\u00e1rmol en 1993. Todos los 28 de mayo se conmemora en esta capilla el d\u00eda del fallecimiento del poeta del Siglo de Oro.<\/p>\n\n\n<div class=\"wp-block-image\">\n<figure class=\"aligncenter size-full is-resized\"><img loading=\"lazy\" decoding=\"async\" width=\"794\" height=\"613\" src=\"https:\/\/xn--porlascallesdecrdoba-p8b.com\/wp-content\/uploads\/2026\/08\/image-298.png\" alt=\"\" class=\"wp-image-7790\" style=\"aspect-ratio:1.295276694450817;width:485px;height:auto\" srcset=\"https:\/\/xn--porlascallesdecrdoba-p8b.com\/wp-content\/uploads\/2026\/08\/image-298.png 794w, https:\/\/xn--porlascallesdecrdoba-p8b.com\/wp-content\/uploads\/2026\/08\/image-298-300x232.png 300w, https:\/\/xn--porlascallesdecrdoba-p8b.com\/wp-content\/uploads\/2026\/08\/image-298-768x593.png 768w\" sizes=\"auto, (max-width: 794px) 100vw, 794px\" \/><\/figure>\n<\/div>\n\n\n<p class=\"wp-block-paragraph\" style=\"font-size:20px\"><\/p>\n\n\n\n<p class=\"wp-block-paragraph\" style=\"font-size:20px\">Destaca en esta capilla las figuras zoomorfas isl\u00e1micas, en el muro de la quibla, junto a la placa de m\u00e1rmol, representan una a una gacela y un \u00e1guila con decoraci\u00f3n del tipo de la cer\u00e1mica verde y manganeso califal. Simbolizan poder religioso y tambi\u00e9n se encontraban en estandartes militares. Fueron descubiertas en el a\u00f1o 1999.<\/p>\n\n\n<div class=\"wp-block-image\">\n<figure class=\"aligncenter size-full\"><img loading=\"lazy\" decoding=\"async\" width=\"737\" height=\"385\" src=\"https:\/\/xn--porlascallesdecrdoba-p8b.com\/wp-content\/uploads\/2026\/08\/image-297.png\" alt=\"\" class=\"wp-image-7787\" srcset=\"https:\/\/xn--porlascallesdecrdoba-p8b.com\/wp-content\/uploads\/2026\/08\/image-297.png 737w, https:\/\/xn--porlascallesdecrdoba-p8b.com\/wp-content\/uploads\/2026\/08\/image-297-300x157.png 300w\" sizes=\"auto, (max-width: 737px) 100vw, 737px\" \/><\/figure>\n<\/div>\n\n\n<p class=\"wp-block-paragraph\" style=\"font-size:20px\">Si observamos el plano del siglo XVIII, en la esquina donde hoy se encuentran los aseos p\u00fablicos, vemos que se encontraban unas dependencias \u00abCabeza de Rentas\u00bb, era la \u00ab<em>Oficina de Cabeza de Rentas Decimales\u00bb,<\/em> la instituci\u00f3n o tribunal interno encargado de la administraci\u00f3n, recaudaci\u00f3n, custodia y pleitos de los diezmos.<\/p>\n\n\n<div class=\"wp-block-image\">\n<figure class=\"aligncenter size-full\"><img loading=\"lazy\" decoding=\"async\" width=\"707\" height=\"411\" src=\"https:\/\/xn--porlascallesdecrdoba-p8b.com\/wp-content\/uploads\/2026\/08\/image-299.png\" alt=\"\" class=\"wp-image-7795\" srcset=\"https:\/\/xn--porlascallesdecrdoba-p8b.com\/wp-content\/uploads\/2026\/08\/image-299.png 707w, https:\/\/xn--porlascallesdecrdoba-p8b.com\/wp-content\/uploads\/2026\/08\/image-299-300x174.png 300w\" sizes=\"auto, (max-width: 707px) 100vw, 707px\" \/><\/figure>\n<\/div>\n\n\n<figure class=\"wp-block-gallery has-nested-images columns-default is-cropped wp-block-gallery-1 is-layout-flex wp-block-gallery-is-layout-flex\">\n<figure class=\"wp-block-image size-large\"><a href=\"https:\/\/xn--porlascallesdecrdoba-p8b.com\/?page_id=7722\"><img loading=\"lazy\" decoding=\"async\" width=\"155\" height=\"46\" data-id=\"6435\" src=\"https:\/\/xn--porlascallesdecrdoba-p8b.com\/wp-content\/uploads\/2026\/08\/Captura-de-pantalla-2026-08-10-184924-1.png\" alt=\"\" class=\"wp-image-6435\" srcset=\"https:\/\/xn--porlascallesdecrdoba-p8b.com\/wp-content\/uploads\/2026\/08\/Captura-de-pantalla-2026-08-10-184924-1.png 155w, https:\/\/xn--porlascallesdecrdoba-p8b.com\/wp-content\/uploads\/2026\/08\/Captura-de-pantalla-2026-08-10-184924-1-150x46.png 150w\" sizes=\"auto, (max-width: 155px) 100vw, 155px\" \/><\/a><\/figure>\n\n\n\n<figure class=\"wp-block-image size-full\"><a href=\"https:\/\/xn--porlascallesdecrdoba-p8b.com\/?page_id=6440\"><img loading=\"lazy\" decoding=\"async\" width=\"227\" height=\"59\" data-id=\"6436\" src=\"https:\/\/xn--porlascallesdecrdoba-p8b.com\/wp-content\/uploads\/2026\/08\/Captura-de-pantalla-2026-08-12-184912.png\" alt=\"\" class=\"wp-image-6436\"\/><\/a><\/figure>\n\n\n\n<figure class=\"wp-block-image size-large\"><a href=\"https:\/\/xn--porlascallesdecrdoba-p8b.com\/?page_id=7728\"><img loading=\"lazy\" decoding=\"async\" width=\"158\" height=\"48\" data-id=\"6434\" src=\"https:\/\/xn--porlascallesdecrdoba-p8b.com\/wp-content\/uploads\/2026\/08\/Captura-de-pantalla-2026-08-10-185011.png\" alt=\"\" class=\"wp-image-6434\"\/><\/a><\/figure>\n<\/figure>\n\n\n\n<p class=\"wp-block-paragraph\"><\/p>\n","protected":false},"excerpt":{"rendered":"<p>La capilla m\u00e1s occidental en el muro sur es la n\u00famero trece, \u00abSan Esteban y San Bartolom\u00e9\u00bb, fue construida en el siglo XIII, pero no es hasta el 1330 que <a class=\"more-link\" href=\"https:\/\/xn--porlascallesdecrdoba-p8b.com\/?page_id=7726\">Seguir leyendo &rarr;<\/a><\/p>\n","protected":false},"author":1,"featured_media":0,"parent":0,"menu_order":0,"comment_status":"closed","ping_status":"closed","template":"","meta":{"footnotes":""},"class_list":["post-7726","page","type-page","status-publish","hentry"],"_links":{"self":[{"href":"https:\/\/xn--porlascallesdecrdoba-p8b.com\/index.php?rest_route=\/wp\/v2\/pages\/7726","targetHints":{"allow":["GET"]}}],"collection":[{"href":"https:\/\/xn--porlascallesdecrdoba-p8b.com\/index.php?rest_route=\/wp\/v2\/pages"}],"about":[{"href":"https:\/\/xn--porlascallesdecrdoba-p8b.com\/index.php?rest_route=\/wp\/v2\/types\/page"}],"author":[{"embeddable":true,"href":"https:\/\/xn--porlascallesdecrdoba-p8b.com\/index.php?rest_route=\/wp\/v2\/users\/1"}],"replies":[{"embeddable":true,"href":"https:\/\/xn--porlascallesdecrdoba-p8b.com\/index.php?rest_route=%2Fwp%2Fv2%2Fcomments&post=7726"}],"version-history":[{"count":14,"href":"https:\/\/xn--porlascallesdecrdoba-p8b.com\/index.php?rest_route=\/wp\/v2\/pages\/7726\/revisions"}],"predecessor-version":[{"id":8131,"href":"https:\/\/xn--porlascallesdecrdoba-p8b.com\/index.php?rest_route=\/wp\/v2\/pages\/7726\/revisions\/8131"}],"wp:attachment":[{"href":"https:\/\/xn--porlascallesdecrdoba-p8b.com\/index.php?rest_route=%2Fwp%2Fv2%2Fmedia&parent=7726"}],"curies":[{"name":"wp","href":"https:\/\/api.w.org\/{rel}","templated":true}]}}

Capilla 13: San Esteban y San Bartolomé

<div class="wp-block-image">
<figure class="alignright size-large is-resized"><img loading="lazy" decoding="async" width="1024" height="768" src="https://xn--porlascallesdecrdoba-p8b.com/wp-content/uploads/2026/08/15-08-12-248-1024x768.jpg" alt="" class="wp-image-7771" style="width:357px;height:auto" srcset="https://xn--porlascallesdecrdoba-p8b.com/wp-content/uploads/2026/08/15-08-12-248-1024x768.jpg 1024w, https://xn--porlascallesdecrdoba-p8b.com/wp-content/uploads/2026/08/15-08-12-248-300x225.jpg 300w, https://xn--porlascallesdecrdoba-p8b.com/wp-content/uploads/2026/08/15-08-12-248-768x576.jpg 768w, https://xn--porlascallesdecrdoba-p8b.com/wp-content/uploads/2026/08/15-08-12-248-1536x1152.jpg 1536w, https://xn--porlascallesdecrdoba-p8b.com/wp-content/uploads/2026/08/15-08-12-248-2048x1536.jpg 2048w" sizes="auto, (max-width: 1024px) 100vw, 1024px" /></figure>
</div>


<p class="wp-block-paragraph" style="font-size:20px">La capilla más occidental en el muro sur es la número trece, <strong>«San Esteban y San Bartolomé»</strong>, fue construida en el siglo XIII, pero no es hasta el 1330 que se conocen datos de ella, como el enterramiento de Martín Muñoz, uno de los primeros repobladores de Córdoba, alcalde de la ciudad en 1264. Desde el año 1490 el patronato de esta capilla, ya con el título de San Bartolomé, pertenece a la familia Góngora, cuyo escudo se encuentra en un lienzo sobre la reja de entrada, descendientes de la familia Góngora fue Juan Francisco Ximénez de Góngora y Castillejo, I marqués del Almodóvar del Río, desde 1667, que pasaría a ser ducado en 1780.</p>


<div class="wp-block-image">
<figure class="alignright size-full"><img loading="lazy" decoding="async" width="507" height="418" src="https://xn--porlascallesdecrdoba-p8b.com/wp-content/uploads/2026/08/image-292.png" alt="" class="wp-image-7770" srcset="https://xn--porlascallesdecrdoba-p8b.com/wp-content/uploads/2026/08/image-292.png 507w, https://xn--porlascallesdecrdoba-p8b.com/wp-content/uploads/2026/08/image-292-300x247.png 300w" sizes="auto, (max-width: 507px) 100vw, 507px" /></figure>
</div>


<p class="wp-block-paragraph" style="font-size:20px"></p>



<p class="wp-block-paragraph" style="font-size:20px"></p>



<p class="wp-block-paragraph" style="font-size:20px">Desde el punto de vista artístico la capilla no tiene elementos destacables, pues la pintura del «Martirio de San Bartolomé» es una copia de un autor local del siglo XVII inspirada en el grabado de José de Ribera.</p>


<div class="wp-block-image">
<figure class="aligncenter size-full is-resized"><img loading="lazy" decoding="async" width="945" height="621" src="https://xn--porlascallesdecrdoba-p8b.com/wp-content/uploads/2026/08/image-294.png" alt="" class="wp-image-7773" style="aspect-ratio:1.5217714370634567;width:656px;height:auto" srcset="https://xn--porlascallesdecrdoba-p8b.com/wp-content/uploads/2026/08/image-294.png 945w, https://xn--porlascallesdecrdoba-p8b.com/wp-content/uploads/2026/08/image-294-300x197.png 300w, https://xn--porlascallesdecrdoba-p8b.com/wp-content/uploads/2026/08/image-294-768x505.png 768w" sizes="auto, (max-width: 945px) 100vw, 945px" /></figure>
</div>


<p class="wp-block-paragraph" style="font-size:20px">Los azulejos de la mesa de altar y los laterales son de fines del siglo XV. </p>


<div class="wp-block-image">
<figure class="alignright size-full is-resized"><img loading="lazy" decoding="async" width="757" height="622" src="https://xn--porlascallesdecrdoba-p8b.com/wp-content/uploads/2026/09/image-13.png" alt="" class="wp-image-8128" style="aspect-ratio:1.2170472529957044;width:399px;height:auto" srcset="https://xn--porlascallesdecrdoba-p8b.com/wp-content/uploads/2026/09/image-13.png 757w, https://xn--porlascallesdecrdoba-p8b.com/wp-content/uploads/2026/09/image-13-300x246.png 300w" sizes="auto, (max-width: 757px) 100vw, 757px" /></figure>
</div>


<p class="wp-block-paragraph" style="font-size:20px">En 1718 se reformó la cubierta de la capilla instalando una bóveda y lucernario barrocos. En 1985 se derriban las capillas laterales para poner en valor las arquerías de la <em>qibla</em>. El lienzo del Martirio de San Bartolomé es una copia de un maestro local del XVII de un original de José de Rivera.</p>


<div class="wp-block-image">
<figure class="alignleft size-large is-resized"><img loading="lazy" decoding="async" width="1024" height="768" src="https://xn--porlascallesdecrdoba-p8b.com/wp-content/uploads/2026/08/15-08-12-250-1024x768.jpg" alt="" class="wp-image-7782" style="width:367px;height:auto" srcset="https://xn--porlascallesdecrdoba-p8b.com/wp-content/uploads/2026/08/15-08-12-250-1024x768.jpg 1024w, https://xn--porlascallesdecrdoba-p8b.com/wp-content/uploads/2026/08/15-08-12-250-300x225.jpg 300w, https://xn--porlascallesdecrdoba-p8b.com/wp-content/uploads/2026/08/15-08-12-250-768x576.jpg 768w, https://xn--porlascallesdecrdoba-p8b.com/wp-content/uploads/2026/08/15-08-12-250-1536x1152.jpg 1536w, https://xn--porlascallesdecrdoba-p8b.com/wp-content/uploads/2026/08/15-08-12-250-2048x1536.jpg 2048w" sizes="auto, (max-width: 1024px) 100vw, 1024px" /><figcaption class="wp-element-caption">Urna con los restos de Luis de Góngora</figcaption></figure>
</div>


<p class="wp-block-paragraph" style="font-size:20px">En el año 1857, don Joaquín Fernández de Córdoba y Pulido solicita permiso al Cabildo para exhumar los restos del poeta don Luis de Góngora y Argote, fallecido en 1627. Al año siguiente, los restos se colocarían en el muro occidental en cajas de plomo y madera, y sobre ellos se puso una extensa inscripción latina en mármol blanco.</p>



<p class="wp-block-paragraph" style="font-size:20px">Al liberar las arquerías laterales de cerramiento, la lápida se colocó a la derecha del altar y los restos en el interior de una urna de mármol en 1993. Todos los 28 de mayo se conmemora en esta capilla el día del fallecimiento del poeta del Siglo de Oro.</p>


<div class="wp-block-image">
<figure class="aligncenter size-full is-resized"><img loading="lazy" decoding="async" width="794" height="613" src="https://xn--porlascallesdecrdoba-p8b.com/wp-content/uploads/2026/08/image-298.png" alt="" class="wp-image-7790" style="aspect-ratio:1.295276694450817;width:485px;height:auto" srcset="https://xn--porlascallesdecrdoba-p8b.com/wp-content/uploads/2026/08/image-298.png 794w, https://xn--porlascallesdecrdoba-p8b.com/wp-content/uploads/2026/08/image-298-300x232.png 300w, https://xn--porlascallesdecrdoba-p8b.com/wp-content/uploads/2026/08/image-298-768x593.png 768w" sizes="auto, (max-width: 794px) 100vw, 794px" /></figure>
</div>


<p class="wp-block-paragraph" style="font-size:20px"></p>



<p class="wp-block-paragraph" style="font-size:20px">Destaca en esta capilla las figuras zoomorfas islámicas, en el muro de la quibla, junto a la placa de mármol, representan una a una gacela y un águila con decoración del tipo de la cerámica verde y manganeso califal. Simbolizan poder religioso y también se encontraban en estandartes militares. Fueron descubiertas en el año 1999.</p>


<div class="wp-block-image">
<figure class="aligncenter size-full"><img loading="lazy" decoding="async" width="737" height="385" src="https://xn--porlascallesdecrdoba-p8b.com/wp-content/uploads/2026/08/image-297.png" alt="" class="wp-image-7787" srcset="https://xn--porlascallesdecrdoba-p8b.com/wp-content/uploads/2026/08/image-297.png 737w, https://xn--porlascallesdecrdoba-p8b.com/wp-content/uploads/2026/08/image-297-300x157.png 300w" sizes="auto, (max-width: 737px) 100vw, 737px" /></figure>
</div>


<p class="wp-block-paragraph" style="font-size:20px">Si observamos el plano del siglo XVIII, en la esquina donde hoy se encuentran los aseos públicos, vemos que se encontraban unas dependencias «Cabeza de Rentas», era la «<em>Oficina de Cabeza de Rentas Decimales»,</em> la institución o tribunal interno encargado de la administración, recaudación, custodia y pleitos de los diezmos.</p>


<div class="wp-block-image">
<figure class="aligncenter size-full"><img loading="lazy" decoding="async" width="707" height="411" src="https://xn--porlascallesdecrdoba-p8b.com/wp-content/uploads/2026/08/image-299.png" alt="" class="wp-image-7795" srcset="https://xn--porlascallesdecrdoba-p8b.com/wp-content/uploads/2026/08/image-299.png 707w, https://xn--porlascallesdecrdoba-p8b.com/wp-content/uploads/2026/08/image-299-300x174.png 300w" sizes="auto, (max-width: 707px) 100vw, 707px" /></figure>
</div>


<figure class="wp-block-gallery has-nested-images columns-default is-cropped wp-block-gallery-1 is-layout-flex wp-block-gallery-is-layout-flex">
<figure class="wp-block-image size-large"><a href="https://xn--porlascallesdecrdoba-p8b.com/?page_id=7722"><img loading="lazy" decoding="async" width="155" height="46" data-id="6435" src="https://xn--porlascallesdecrdoba-p8b.com/wp-content/uploads/2026/08/Captura-de-pantalla-2026-08-10-184924-1.png" alt="" class="wp-image-6435" srcset="https://xn--porlascallesdecrdoba-p8b.com/wp-content/uploads/2026/08/Captura-de-pantalla-2026-08-10-184924-1.png 155w, https://xn--porlascallesdecrdoba-p8b.com/wp-content/uploads/2026/08/Captura-de-pantalla-2026-08-10-184924-1-150x46.png 150w" sizes="auto, (max-width: 155px) 100vw, 155px" /></a></figure>



<figure class="wp-block-image size-full"><a href="https://xn--porlascallesdecrdoba-p8b.com/?page_id=6440"><img loading="lazy" decoding="async" width="227" height="59" data-id="6436" src="https://xn--porlascallesdecrdoba-p8b.com/wp-content/uploads/2026/08/Captura-de-pantalla-2026-08-12-184912.png" alt="" class="wp-image-6436"/></a></figure>



<figure class="wp-block-image size-large"><a href="https://xn--porlascallesdecrdoba-p8b.com/?page_id=7728"><img loading="lazy" decoding="async" width="158" height="48" data-id="6434" src="https://xn--porlascallesdecrdoba-p8b.com/wp-content/uploads/2026/08/Captura-de-pantalla-2026-08-10-185011.png" alt="" class="wp-image-6434"/></a></figure>
</figure>



<p class="wp-block-paragraph"></p>

<p>La capilla más occidental en el muro sur es la número trece, «San Esteban y San Bartolomé», fue construida en el siglo XIII, pero no es hasta el 1330 que <a class="more-link" href="https://xn--porlascallesdecrdoba-p8b.com/?page_id=7726">Seguir leyendo &rarr;</a></p>
