{"id":8008,"date":"2026-09-03T19:24:37","date_gmt":"2026-09-03T19:24:37","guid":{"rendered":"https:\/\/xn--porlascallesdecrdoba-p8b.com\/?page_id=8008"},"modified":"2026-09-03T20:15:21","modified_gmt":"2026-09-03T20:15:21","slug":"11-cuadro-de-la-ultima-cena","status":"publish","type":"page","link":"https:\/\/xn--porlascallesdecrdoba-p8b.com\/?page_id=8008","title":{"rendered":"11: Cuadro de la \u00daltima Cena"},"content":{"rendered":"\n<p class=\"wp-block-paragraph\" style=\"font-size:20px\">En la zona donde se abre la puerta de San Pedro, colgado sobre la parte externa del muro de la capilla del \u201cEsp\u00edritu Santo\u201d, se encuentra uno de las mejores pinturas que cuelgan en las paredes de la Catedral \u201cLa \u00daltima Cena\u201d, una bella pintura de Pablo de C\u00e9spedes (1595), quien fuera racionero de la Catedral (can\u00f3nigo racionero: el prebendado con derecho a raci\u00f3n, o sea, que dispone de parte de las rentas de la catedral).<\/p>\n\n\n<div class=\"wp-block-image\">\n<figure class=\"aligncenter size-large\"><img loading=\"lazy\" decoding=\"async\" width=\"1024\" height=\"768\" src=\"https:\/\/xn--porlascallesdecrdoba-p8b.com\/wp-content\/uploads\/2026\/09\/15-08-12-242-1024x768.jpg\" alt=\"\" class=\"wp-image-8016\" srcset=\"https:\/\/xn--porlascallesdecrdoba-p8b.com\/wp-content\/uploads\/2026\/09\/15-08-12-242-1024x768.jpg 1024w, https:\/\/xn--porlascallesdecrdoba-p8b.com\/wp-content\/uploads\/2026\/09\/15-08-12-242-300x225.jpg 300w, https:\/\/xn--porlascallesdecrdoba-p8b.com\/wp-content\/uploads\/2026\/09\/15-08-12-242-768x576.jpg 768w, https:\/\/xn--porlascallesdecrdoba-p8b.com\/wp-content\/uploads\/2026\/09\/15-08-12-242-1536x1152.jpg 1536w, https:\/\/xn--porlascallesdecrdoba-p8b.com\/wp-content\/uploads\/2026\/09\/15-08-12-242-2048x1536.jpg 2048w\" sizes=\"auto, (max-width: 1024px) 100vw, 1024px\" \/><\/figure>\n<\/div>\n\n\n<p class=\"wp-block-paragraph\" style=\"font-size:20px\">Su sitio original, hasta 1912, fue la desaparecida capilla del Sant\u00edsimo Sacramento o de la Cena, que, situada entre el mihrab y la capilla de Santa Teresa, como se puede ver en el plano de la Mezquita-Catedral del siglo XVIII.<\/p>\n\n\n\n<p class=\"wp-block-paragraph\" style=\"font-size:20px\">El cuadro se encuentra en un marco de 1595, en cuyo banco se encuentran pinturas representando a Elias, el Encuentro de Abraham y Melquisedec y Sans\u00f3n sacando el panal de la boca de un le\u00f3n. En el front\u00f3n un oleo con una figura femenina con un c\u00e1liz en la mano.<\/p>\n\n\n<div class=\"wp-block-image\">\n<figure class=\"aligncenter size-full is-resized\"><img loading=\"lazy\" decoding=\"async\" width=\"768\" height=\"510\" src=\"https:\/\/xn--porlascallesdecrdoba-p8b.com\/wp-content\/uploads\/2026\/09\/altar-ultima-cena-unaventanadesdemadrid.jpg\" alt=\"\" class=\"wp-image-8017\" style=\"aspect-ratio:1.5059439916661561;width:526px;height:auto\" srcset=\"https:\/\/xn--porlascallesdecrdoba-p8b.com\/wp-content\/uploads\/2026\/09\/altar-ultima-cena-unaventanadesdemadrid.jpg 768w, https:\/\/xn--porlascallesdecrdoba-p8b.com\/wp-content\/uploads\/2026\/09\/altar-ultima-cena-unaventanadesdemadrid-300x199.jpg 300w, https:\/\/xn--porlascallesdecrdoba-p8b.com\/wp-content\/uploads\/2026\/09\/altar-ultima-cena-unaventanadesdemadrid-400x267.jpg 400w\" sizes=\"auto, (max-width: 768px) 100vw, 768px\" \/><\/figure>\n<\/div>\n\n\n<p class=\"wp-block-paragraph\" style=\"font-size:20px\">De \u00e9l, algunos autores han afirmado que la disposici\u00f3n de los alimentos sobre la mesa corresponde a un ejercicio simb\u00f3lico de relacionar sus propiedades con el poder curativo (del alma) de la comuni\u00f3n. As\u00ed, las naranjas y limones vendr\u00edan a ser un s\u00edmbolo sanador (se cre\u00eda entonces que los c\u00edtricos eran ant\u00eddotos de algunos venenos); la sal (vemos delante la presencia de un salero) lo ser\u00eda de la integridad; y los vasos, de lo fr\u00e1gil que es el ser humano.<\/p>\n\n\n\n<p class=\"wp-block-paragraph\" style=\"font-size:20px\">En el cuadro se pueden observar diferentes elementos representativos, en primer plano una bella fuente y un aguamanil, que recuerdan las purificaciones pascuales de los jud\u00edos, y tambi\u00e9n el lavatorio de los pies, sobre la mesa, la vajilla y el salero, que en la Pascua jud\u00eda recuerdan la amargura del agua del mar y de la esclavitud, el lim\u00f3n que simboliza la purificaci\u00f3n, pues era utilizado para limpiar de impurezas las carnes y pescado.<\/p>\n\n\n\n<figure class=\"wp-block-image size-full\"><img loading=\"lazy\" decoding=\"async\" width=\"945\" height=\"402\" src=\"https:\/\/xn--porlascallesdecrdoba-p8b.com\/wp-content\/uploads\/2026\/09\/image-8.png\" alt=\"\" class=\"wp-image-8015\" srcset=\"https:\/\/xn--porlascallesdecrdoba-p8b.com\/wp-content\/uploads\/2026\/09\/image-8.png 945w, https:\/\/xn--porlascallesdecrdoba-p8b.com\/wp-content\/uploads\/2026\/09\/image-8-300x128.png 300w, https:\/\/xn--porlascallesdecrdoba-p8b.com\/wp-content\/uploads\/2026\/09\/image-8-768x327.png 768w\" sizes=\"auto, (max-width: 945px) 100vw, 945px\" \/><\/figure>\n\n\n\n<p class=\"wp-block-paragraph\" style=\"font-size:20px\"><\/p>\n\n\n<div class=\"wp-block-image\">\n<figure class=\"aligncenter size-full\"><img loading=\"lazy\" decoding=\"async\" width=\"283\" height=\"305\" src=\"https:\/\/xn--porlascallesdecrdoba-p8b.com\/wp-content\/uploads\/2026\/09\/image-6.png\" alt=\"\" class=\"wp-image-8011\" srcset=\"https:\/\/xn--porlascallesdecrdoba-p8b.com\/wp-content\/uploads\/2026\/09\/image-6.png 283w, https:\/\/xn--porlascallesdecrdoba-p8b.com\/wp-content\/uploads\/2026\/09\/image-6-278x300.png 278w\" sizes=\"auto, (max-width: 283px) 100vw, 283px\" \/><\/figure>\n<\/div>\n\n\n<figure class=\"wp-block-gallery has-nested-images columns-default is-cropped wp-block-gallery-1 is-layout-flex wp-block-gallery-is-layout-flex\">\n<figure class=\"wp-block-image size-large\"><a href=\"https:\/\/xn--porlascallesdecrdoba-p8b.com\/?page_id=6906\"><img loading=\"lazy\" decoding=\"async\" width=\"155\" height=\"46\" data-id=\"6435\" src=\"https:\/\/xn--porlascallesdecrdoba-p8b.com\/wp-content\/uploads\/2026\/08\/Captura-de-pantalla-2026-08-10-184924-1.png\" alt=\"\" class=\"wp-image-6435\" srcset=\"https:\/\/xn--porlascallesdecrdoba-p8b.com\/wp-content\/uploads\/2026\/08\/Captura-de-pantalla-2026-08-10-184924-1.png 155w, https:\/\/xn--porlascallesdecrdoba-p8b.com\/wp-content\/uploads\/2026\/08\/Captura-de-pantalla-2026-08-10-184924-1-150x46.png 150w\" sizes=\"auto, (max-width: 155px) 100vw, 155px\" \/><\/a><\/figure>\n\n\n\n<figure class=\"wp-block-image size-full\"><a href=\"https:\/\/xn--porlascallesdecrdoba-p8b.com\/?page_id=6440\"><img loading=\"lazy\" decoding=\"async\" width=\"227\" height=\"59\" data-id=\"6436\" src=\"https:\/\/xn--porlascallesdecrdoba-p8b.com\/wp-content\/uploads\/2026\/08\/Captura-de-pantalla-2026-08-12-184912.png\" alt=\"\" class=\"wp-image-6436\"\/><\/a><\/figure>\n\n\n\n<figure class=\"wp-block-image size-large\"><a href=\"https:\/\/xn--porlascallesdecrdoba-p8b.com\/?page_id=6908\"><img loading=\"lazy\" decoding=\"async\" width=\"158\" height=\"48\" data-id=\"6434\" src=\"https:\/\/xn--porlascallesdecrdoba-p8b.com\/wp-content\/uploads\/2026\/08\/Captura-de-pantalla-2026-08-10-185011.png\" alt=\"\" class=\"wp-image-6434\"\/><\/a><\/figure>\n<\/figure>\n\n\n\n<p class=\"wp-block-paragraph\"><\/p>\n","protected":false},"excerpt":{"rendered":"<p>En la zona donde se abre la puerta de San Pedro, colgado sobre la parte externa del muro de la capilla del \u201cEsp\u00edritu Santo\u201d, se encuentra uno de las mejores <a class=\"more-link\" href=\"https:\/\/xn--porlascallesdecrdoba-p8b.com\/?page_id=8008\">Seguir leyendo &rarr;<\/a><\/p>\n","protected":false},"author":1,"featured_media":0,"parent":0,"menu_order":0,"comment_status":"closed","ping_status":"closed","template":"","meta":{"footnotes":""},"class_list":["post-8008","page","type-page","status-publish","hentry"],"_links":{"self":[{"href":"https:\/\/xn--porlascallesdecrdoba-p8b.com\/index.php?rest_route=\/wp\/v2\/pages\/8008","targetHints":{"allow":["GET"]}}],"collection":[{"href":"https:\/\/xn--porlascallesdecrdoba-p8b.com\/index.php?rest_route=\/wp\/v2\/pages"}],"about":[{"href":"https:\/\/xn--porlascallesdecrdoba-p8b.com\/index.php?rest_route=\/wp\/v2\/types\/page"}],"author":[{"embeddable":true,"href":"https:\/\/xn--porlascallesdecrdoba-p8b.com\/index.php?rest_route=\/wp\/v2\/users\/1"}],"replies":[{"embeddable":true,"href":"https:\/\/xn--porlascallesdecrdoba-p8b.com\/index.php?rest_route=%2Fwp%2Fv2%2Fcomments&post=8008"}],"version-history":[{"count":3,"href":"https:\/\/xn--porlascallesdecrdoba-p8b.com\/index.php?rest_route=\/wp\/v2\/pages\/8008\/revisions"}],"predecessor-version":[{"id":8019,"href":"https:\/\/xn--porlascallesdecrdoba-p8b.com\/index.php?rest_route=\/wp\/v2\/pages\/8008\/revisions\/8019"}],"wp:attachment":[{"href":"https:\/\/xn--porlascallesdecrdoba-p8b.com\/index.php?rest_route=%2Fwp%2Fv2%2Fmedia&parent=8008"}],"curies":[{"name":"wp","href":"https:\/\/api.w.org\/{rel}","templated":true}]}}

11: Cuadro de la Última Cena

<p class="wp-block-paragraph" style="font-size:20px">En la zona donde se abre la puerta de San Pedro, colgado sobre la parte externa del muro de la capilla del “Espíritu Santo”, se encuentra uno de las mejores pinturas que cuelgan en las paredes de la Catedral “La Última Cena”, una bella pintura de Pablo de Céspedes (1595), quien fuera racionero de la Catedral (canónigo racionero: el prebendado con derecho a ración, o sea, que dispone de parte de las rentas de la catedral).</p>


<div class="wp-block-image">
<figure class="aligncenter size-large"><img loading="lazy" decoding="async" width="1024" height="768" src="https://xn--porlascallesdecrdoba-p8b.com/wp-content/uploads/2026/09/15-08-12-242-1024x768.jpg" alt="" class="wp-image-8016" srcset="https://xn--porlascallesdecrdoba-p8b.com/wp-content/uploads/2026/09/15-08-12-242-1024x768.jpg 1024w, https://xn--porlascallesdecrdoba-p8b.com/wp-content/uploads/2026/09/15-08-12-242-300x225.jpg 300w, https://xn--porlascallesdecrdoba-p8b.com/wp-content/uploads/2026/09/15-08-12-242-768x576.jpg 768w, https://xn--porlascallesdecrdoba-p8b.com/wp-content/uploads/2026/09/15-08-12-242-1536x1152.jpg 1536w, https://xn--porlascallesdecrdoba-p8b.com/wp-content/uploads/2026/09/15-08-12-242-2048x1536.jpg 2048w" sizes="auto, (max-width: 1024px) 100vw, 1024px" /></figure>
</div>


<p class="wp-block-paragraph" style="font-size:20px">Su sitio original, hasta 1912, fue la desaparecida capilla del Santísimo Sacramento o de la Cena, que, situada entre el mihrab y la capilla de Santa Teresa, como se puede ver en el plano de la Mezquita-Catedral del siglo XVIII.</p>



<p class="wp-block-paragraph" style="font-size:20px">El cuadro se encuentra en un marco de 1595, en cuyo banco se encuentran pinturas representando a Elias, el Encuentro de Abraham y Melquisedec y Sansón sacando el panal de la boca de un león. En el frontón un oleo con una figura femenina con un cáliz en la mano.</p>


<div class="wp-block-image">
<figure class="aligncenter size-full is-resized"><img loading="lazy" decoding="async" width="768" height="510" src="https://xn--porlascallesdecrdoba-p8b.com/wp-content/uploads/2026/09/altar-ultima-cena-unaventanadesdemadrid.jpg" alt="" class="wp-image-8017" style="aspect-ratio:1.5059439916661561;width:526px;height:auto" srcset="https://xn--porlascallesdecrdoba-p8b.com/wp-content/uploads/2026/09/altar-ultima-cena-unaventanadesdemadrid.jpg 768w, https://xn--porlascallesdecrdoba-p8b.com/wp-content/uploads/2026/09/altar-ultima-cena-unaventanadesdemadrid-300x199.jpg 300w, https://xn--porlascallesdecrdoba-p8b.com/wp-content/uploads/2026/09/altar-ultima-cena-unaventanadesdemadrid-400x267.jpg 400w" sizes="auto, (max-width: 768px) 100vw, 768px" /></figure>
</div>


<p class="wp-block-paragraph" style="font-size:20px">De él, algunos autores han afirmado que la disposición de los alimentos sobre la mesa corresponde a un ejercicio simbólico de relacionar sus propiedades con el poder curativo (del alma) de la comunión. Así, las naranjas y limones vendrían a ser un símbolo sanador (se creía entonces que los cítricos eran antídotos de algunos venenos); la sal (vemos delante la presencia de un salero) lo sería de la integridad; y los vasos, de lo frágil que es el ser humano.</p>



<p class="wp-block-paragraph" style="font-size:20px">En el cuadro se pueden observar diferentes elementos representativos, en primer plano una bella fuente y un aguamanil, que recuerdan las purificaciones pascuales de los judíos, y también el lavatorio de los pies, sobre la mesa, la vajilla y el salero, que en la Pascua judía recuerdan la amargura del agua del mar y de la esclavitud, el limón que simboliza la purificación, pues era utilizado para limpiar de impurezas las carnes y pescado.</p>



<figure class="wp-block-image size-full"><img loading="lazy" decoding="async" width="945" height="402" src="https://xn--porlascallesdecrdoba-p8b.com/wp-content/uploads/2026/09/image-8.png" alt="" class="wp-image-8015" srcset="https://xn--porlascallesdecrdoba-p8b.com/wp-content/uploads/2026/09/image-8.png 945w, https://xn--porlascallesdecrdoba-p8b.com/wp-content/uploads/2026/09/image-8-300x128.png 300w, https://xn--porlascallesdecrdoba-p8b.com/wp-content/uploads/2026/09/image-8-768x327.png 768w" sizes="auto, (max-width: 945px) 100vw, 945px" /></figure>



<p class="wp-block-paragraph" style="font-size:20px"></p>


<div class="wp-block-image">
<figure class="aligncenter size-full"><img loading="lazy" decoding="async" width="283" height="305" src="https://xn--porlascallesdecrdoba-p8b.com/wp-content/uploads/2026/09/image-6.png" alt="" class="wp-image-8011" srcset="https://xn--porlascallesdecrdoba-p8b.com/wp-content/uploads/2026/09/image-6.png 283w, https://xn--porlascallesdecrdoba-p8b.com/wp-content/uploads/2026/09/image-6-278x300.png 278w" sizes="auto, (max-width: 283px) 100vw, 283px" /></figure>
</div>


<figure class="wp-block-gallery has-nested-images columns-default is-cropped wp-block-gallery-1 is-layout-flex wp-block-gallery-is-layout-flex">
<figure class="wp-block-image size-large"><a href="https://xn--porlascallesdecrdoba-p8b.com/?page_id=6906"><img loading="lazy" decoding="async" width="155" height="46" data-id="6435" src="https://xn--porlascallesdecrdoba-p8b.com/wp-content/uploads/2026/08/Captura-de-pantalla-2026-08-10-184924-1.png" alt="" class="wp-image-6435" srcset="https://xn--porlascallesdecrdoba-p8b.com/wp-content/uploads/2026/08/Captura-de-pantalla-2026-08-10-184924-1.png 155w, https://xn--porlascallesdecrdoba-p8b.com/wp-content/uploads/2026/08/Captura-de-pantalla-2026-08-10-184924-1-150x46.png 150w" sizes="auto, (max-width: 155px) 100vw, 155px" /></a></figure>



<figure class="wp-block-image size-full"><a href="https://xn--porlascallesdecrdoba-p8b.com/?page_id=6440"><img loading="lazy" decoding="async" width="227" height="59" data-id="6436" src="https://xn--porlascallesdecrdoba-p8b.com/wp-content/uploads/2026/08/Captura-de-pantalla-2026-08-12-184912.png" alt="" class="wp-image-6436"/></a></figure>



<figure class="wp-block-image size-large"><a href="https://xn--porlascallesdecrdoba-p8b.com/?page_id=6908"><img loading="lazy" decoding="async" width="158" height="48" data-id="6434" src="https://xn--porlascallesdecrdoba-p8b.com/wp-content/uploads/2026/08/Captura-de-pantalla-2026-08-10-185011.png" alt="" class="wp-image-6434"/></a></figure>
</figure>



<p class="wp-block-paragraph"></p>

<p>En la zona donde se abre la puerta de San Pedro, colgado sobre la parte externa del muro de la capilla del “Espíritu Santo”, se encuentra uno de las mejores <a class="more-link" href="https://xn--porlascallesdecrdoba-p8b.com/?page_id=8008">Seguir leyendo &rarr;</a></p>
